{"id":4860,"date":"2026-04-20T11:20:46","date_gmt":"2026-04-20T11:20:46","guid":{"rendered":"https:\/\/ervadaninha.pt\/wp1\/?page_id=4860"},"modified":"2026-04-20T11:36:57","modified_gmt":"2026-04-20T11:36:57","slug":"virulana-de-lucia-merlina","status":"publish","type":"page","link":"https:\/\/ervadaninha.pt\/wp1\/index.php\/virulana-de-lucia-merlina\/","title":{"rendered":"Virulana de Luc\u00eda Merlina"},"content":{"rendered":"\n<p>ensaio de circo | 18 Abril 26 | CED | Resid\u00eancia Art\u00edstica 6 a 18 Abril 26<\/p>\n\n\n\n<p>Virulana \u00e9 um ato de mem\u00f3ria corporal, uma pintura em movimento que, atrav\u00e9s do cabelo encaracolado, sussurra o que foi negado e celebra o que foi recuperado. Atrav\u00e9s da acrobacia, da pintura e do movimento, uma mulher desenterra o gesto silenciado de querer ser diferente. N\u00e3o \u00e9 apenas o seu cabelo que se liberta, \u00e9 tudo o que ela teve de esconder para ser aceite.<\/p>\n\n\n<div class=\"wp-block-image\">\n<figure class=\"aligncenter size-large is-resized\"><a href=\"https:\/\/ervadaninha.pt\/wp1\/wp-content\/uploads\/2026\/04\/20260417_151437415_iOS-scaled.jpg\"><img decoding=\"async\" loading=\"lazy\" width=\"940\" height=\"705\" src=\"https:\/\/ervadaninha.pt\/wp1\/wp-content\/uploads\/2026\/04\/20260417_151437415_iOS-940x705.jpg\" alt=\"\" class=\"wp-image-4861\" style=\"aspect-ratio:1.3334883720930233;width:497px;height:auto\" srcset=\"https:\/\/ervadaninha.pt\/wp1\/wp-content\/uploads\/2026\/04\/20260417_151437415_iOS-940x705.jpg 940w, https:\/\/ervadaninha.pt\/wp1\/wp-content\/uploads\/2026\/04\/20260417_151437415_iOS-620x465.jpg 620w, https:\/\/ervadaninha.pt\/wp1\/wp-content\/uploads\/2026\/04\/20260417_151437415_iOS-768x576.jpg 768w, https:\/\/ervadaninha.pt\/wp1\/wp-content\/uploads\/2026\/04\/20260417_151437415_iOS-1536x1152.jpg 1536w, https:\/\/ervadaninha.pt\/wp1\/wp-content\/uploads\/2026\/04\/20260417_151437415_iOS-2048x1536.jpg 2048w, https:\/\/ervadaninha.pt\/wp1\/wp-content\/uploads\/2026\/04\/20260417_151437415_iOS-800x600.jpg 800w, https:\/\/ervadaninha.pt\/wp1\/wp-content\/uploads\/2026\/04\/20260417_151437415_iOS-300x225.jpg 300w\" sizes=\"(max-width: 940px) 100vw, 940px\" \/><\/a><\/figure><\/div>\n\n\n<p>Int\u00e9rprete criativa Luc\u00eda Merlino | Dire\u00e7\u00e3o e Dramaturgia Pablo Censi | Coprodu\u00e7\u00e3o Festival Imaginarius<\/p>\n\n\n\n<p><a href=\"https:\/\/www.instagram.com\/cafelina.merlina?utm_source=ig_web_button_share_sheet&amp;igsh=ZDNlZDc0MzIxNw==\">LINK<\/a><\/p>\n","protected":false},"excerpt":{"rendered":"<p>ensaio de circo | 18 Abril 26 | CED | Resid\u00eancia Art\u00edstica 6 a 18 Abril 26 Virulana \u00e9 um ato de mem\u00f3ria corporal, uma pintura em movimento que, atrav\u00e9s [&hellip;]<\/p>\n","protected":false},"author":1,"featured_media":0,"parent":0,"menu_order":0,"comment_status":"closed","ping_status":"closed","template":"","meta":{"_themeisle_gutenberg_block_has_review":false,"jetpack_post_was_ever_published":false,"footnotes":""},"tags":[],"yoast_head":"<!-- This site is optimized with the Yoast SEO plugin v21.0 - https:\/\/yoast.com\/wordpress\/plugins\/seo\/ -->\n<title>Virulana de Luc\u00eda Merlina - Erva Daninha<\/title>\n<meta name=\"robots\" content=\"index, follow, max-snippet:-1, max-image-preview:large, max-video-preview:-1\" \/>\n<link rel=\"canonical\" href=\"https:\/\/ervadaninha.pt\/wp1\/index.php\/virulana-de-lucia-merlina\/\" \/>\n<meta property=\"og:locale\" content=\"pt_PT\" \/>\n<meta property=\"og:type\" content=\"article\" \/>\n<meta property=\"og:title\" content=\"Virulana de Luc\u00eda Merlina - Erva Daninha\" \/>\n<meta property=\"og:description\" content=\"ensaio de circo | 18 Abril 26 | CED | Resid\u00eancia Art\u00edstica 6 a 18 Abril 26 Virulana \u00e9 um ato de mem\u00f3ria corporal, uma pintura em movimento que, atrav\u00e9s [&hellip;]\" \/>\n<meta property=\"og:url\" content=\"https:\/\/ervadaninha.pt\/wp1\/index.php\/virulana-de-lucia-merlina\/\" \/>\n<meta property=\"og:site_name\" content=\"Erva Daninha\" \/>\n<meta property=\"article:modified_time\" content=\"2026-04-20T11:36:57+00:00\" \/>\n<meta property=\"og:image\" content=\"https:\/\/ervadaninha.pt\/wp1\/wp-content\/uploads\/2026\/04\/20260417_151437415_iOS-940x705.jpg\" \/>\n<meta name=\"twitter:card\" content=\"summary_large_image\" \/>\n<meta name=\"twitter:label1\" content=\"Tempo estimado de leitura\" \/>\n\t<meta name=\"twitter:data1\" content=\"1 minuto\" \/>\n<script type=\"application\/ld+json\" class=\"yoast-schema-graph\">{\"@context\":\"https:\/\/schema.org\",\"@graph\":[{\"@type\":\"WebPage\",\"@id\":\"https:\/\/ervadaninha.pt\/wp1\/index.php\/virulana-de-lucia-merlina\/\",\"url\":\"https:\/\/ervadaninha.pt\/wp1\/index.php\/virulana-de-lucia-merlina\/\",\"name\":\"Virulana de Luc\u00eda Merlina - Erva Daninha\",\"isPartOf\":{\"@id\":\"https:\/\/ervadaninha.pt\/wp1\/#website\"},\"datePublished\":\"2026-04-20T11:20:46+00:00\",\"dateModified\":\"2026-04-20T11:36:57+00:00\",\"breadcrumb\":{\"@id\":\"https:\/\/ervadaninha.pt\/wp1\/index.php\/virulana-de-lucia-merlina\/#breadcrumb\"},\"inLanguage\":\"pt-PT\",\"potentialAction\":[{\"@type\":\"ReadAction\",\"target\":[\"https:\/\/ervadaninha.pt\/wp1\/index.php\/virulana-de-lucia-merlina\/\"]}]},{\"@type\":\"BreadcrumbList\",\"@id\":\"https:\/\/ervadaninha.pt\/wp1\/index.php\/virulana-de-lucia-merlina\/#breadcrumb\",\"itemListElement\":[{\"@type\":\"ListItem\",\"position\":1,\"name\":\"Home\",\"item\":\"https:\/\/ervadaninha.pt\/wp1\/\"},{\"@type\":\"ListItem\",\"position\":2,\"name\":\"Virulana de Luc\u00eda Merlina\"}]},{\"@type\":\"WebSite\",\"@id\":\"https:\/\/ervadaninha.pt\/wp1\/#website\",\"url\":\"https:\/\/ervadaninha.pt\/wp1\/\",\"name\":\"Erva Daninha\",\"description\":\"Erva Daninha\",\"publisher\":{\"@id\":\"https:\/\/ervadaninha.pt\/wp1\/#organization\"},\"potentialAction\":[{\"@type\":\"SearchAction\",\"target\":{\"@type\":\"EntryPoint\",\"urlTemplate\":\"https:\/\/ervadaninha.pt\/wp1\/?s={search_term_string}\"},\"query-input\":\"required name=search_term_string\"}],\"inLanguage\":\"pt-PT\"},{\"@type\":\"Organization\",\"@id\":\"https:\/\/ervadaninha.pt\/wp1\/#organization\",\"name\":\"Erva Daninha\",\"url\":\"https:\/\/ervadaninha.pt\/wp1\/\",\"logo\":{\"@type\":\"ImageObject\",\"inLanguage\":\"pt-PT\",\"@id\":\"https:\/\/ervadaninha.pt\/wp1\/#\/schema\/logo\/image\/\",\"url\":\"https:\/\/ervadaninha.pt\/wp1\/wp-content\/uploads\/2023\/09\/cropped-ervadaninha_preto_s.png\",\"contentUrl\":\"https:\/\/ervadaninha.pt\/wp1\/wp-content\/uploads\/2023\/09\/cropped-ervadaninha_preto_s.png\",\"width\":100,\"height\":49,\"caption\":\"Erva Daninha\"},\"image\":{\"@id\":\"https:\/\/ervadaninha.pt\/wp1\/#\/schema\/logo\/image\/\"}}]}<\/script>\n<!-- \/ Yoast SEO plugin. -->","yoast_head_json":{"title":"Virulana de Luc\u00eda Merlina - Erva Daninha","robots":{"index":"index","follow":"follow","max-snippet":"max-snippet:-1","max-image-preview":"max-image-preview:large","max-video-preview":"max-video-preview:-1"},"canonical":"https:\/\/ervadaninha.pt\/wp1\/index.php\/virulana-de-lucia-merlina\/","og_locale":"pt_PT","og_type":"article","og_title":"Virulana de Luc\u00eda Merlina - Erva Daninha","og_description":"ensaio de circo | 18 Abril 26 | CED | Resid\u00eancia Art\u00edstica 6 a 18 Abril 26 Virulana \u00e9 um ato de mem\u00f3ria corporal, uma pintura em movimento que, atrav\u00e9s [&hellip;]","og_url":"https:\/\/ervadaninha.pt\/wp1\/index.php\/virulana-de-lucia-merlina\/","og_site_name":"Erva Daninha","article_modified_time":"2026-04-20T11:36:57+00:00","og_image":[{"url":"https:\/\/ervadaninha.pt\/wp1\/wp-content\/uploads\/2026\/04\/20260417_151437415_iOS-940x705.jpg"}],"twitter_card":"summary_large_image","twitter_misc":{"Tempo estimado de leitura":"1 minuto"},"schema":{"@context":"https:\/\/schema.org","@graph":[{"@type":"WebPage","@id":"https:\/\/ervadaninha.pt\/wp1\/index.php\/virulana-de-lucia-merlina\/","url":"https:\/\/ervadaninha.pt\/wp1\/index.php\/virulana-de-lucia-merlina\/","name":"Virulana de Luc\u00eda Merlina - Erva Daninha","isPartOf":{"@id":"https:\/\/ervadaninha.pt\/wp1\/#website"},"datePublished":"2026-04-20T11:20:46+00:00","dateModified":"2026-04-20T11:36:57+00:00","breadcrumb":{"@id":"https:\/\/ervadaninha.pt\/wp1\/index.php\/virulana-de-lucia-merlina\/#breadcrumb"},"inLanguage":"pt-PT","potentialAction":[{"@type":"ReadAction","target":["https:\/\/ervadaninha.pt\/wp1\/index.php\/virulana-de-lucia-merlina\/"]}]},{"@type":"BreadcrumbList","@id":"https:\/\/ervadaninha.pt\/wp1\/index.php\/virulana-de-lucia-merlina\/#breadcrumb","itemListElement":[{"@type":"ListItem","position":1,"name":"Home","item":"https:\/\/ervadaninha.pt\/wp1\/"},{"@type":"ListItem","position":2,"name":"Virulana de Luc\u00eda Merlina"}]},{"@type":"WebSite","@id":"https:\/\/ervadaninha.pt\/wp1\/#website","url":"https:\/\/ervadaninha.pt\/wp1\/","name":"Erva Daninha","description":"Erva Daninha","publisher":{"@id":"https:\/\/ervadaninha.pt\/wp1\/#organization"},"potentialAction":[{"@type":"SearchAction","target":{"@type":"EntryPoint","urlTemplate":"https:\/\/ervadaninha.pt\/wp1\/?s={search_term_string}"},"query-input":"required name=search_term_string"}],"inLanguage":"pt-PT"},{"@type":"Organization","@id":"https:\/\/ervadaninha.pt\/wp1\/#organization","name":"Erva Daninha","url":"https:\/\/ervadaninha.pt\/wp1\/","logo":{"@type":"ImageObject","inLanguage":"pt-PT","@id":"https:\/\/ervadaninha.pt\/wp1\/#\/schema\/logo\/image\/","url":"https:\/\/ervadaninha.pt\/wp1\/wp-content\/uploads\/2023\/09\/cropped-ervadaninha_preto_s.png","contentUrl":"https:\/\/ervadaninha.pt\/wp1\/wp-content\/uploads\/2023\/09\/cropped-ervadaninha_preto_s.png","width":100,"height":49,"caption":"Erva Daninha"},"image":{"@id":"https:\/\/ervadaninha.pt\/wp1\/#\/schema\/logo\/image\/"}}]}},"jetpack_sharing_enabled":true,"jetpack_shortlink":"https:\/\/wp.me\/P6f9xd-1go","_links":{"self":[{"href":"https:\/\/ervadaninha.pt\/wp1\/index.php\/wp-json\/wp\/v2\/pages\/4860"}],"collection":[{"href":"https:\/\/ervadaninha.pt\/wp1\/index.php\/wp-json\/wp\/v2\/pages"}],"about":[{"href":"https:\/\/ervadaninha.pt\/wp1\/index.php\/wp-json\/wp\/v2\/types\/page"}],"author":[{"embeddable":true,"href":"https:\/\/ervadaninha.pt\/wp1\/index.php\/wp-json\/wp\/v2\/users\/1"}],"replies":[{"embeddable":true,"href":"https:\/\/ervadaninha.pt\/wp1\/index.php\/wp-json\/wp\/v2\/comments?post=4860"}],"version-history":[{"count":3,"href":"https:\/\/ervadaninha.pt\/wp1\/index.php\/wp-json\/wp\/v2\/pages\/4860\/revisions"}],"predecessor-version":[{"id":4873,"href":"https:\/\/ervadaninha.pt\/wp1\/index.php\/wp-json\/wp\/v2\/pages\/4860\/revisions\/4873"}],"wp:attachment":[{"href":"https:\/\/ervadaninha.pt\/wp1\/index.php\/wp-json\/wp\/v2\/media?parent=4860"}],"wp:term":[{"taxonomy":"post_tag","embeddable":true,"href":"https:\/\/ervadaninha.pt\/wp1\/index.php\/wp-json\/wp\/v2\/tags?post=4860"}],"curies":[{"name":"wp","href":"https:\/\/api.w.org\/{rel}","templated":true}]}}

Virulana de Lucía Merlina

<p>ensaio de circo | 18 Abril 26 | CED | Residência Artística 6 a 18 Abril 26</p>



<p>Virulana é um ato de memória corporal, uma pintura em movimento que, através do cabelo encaracolado, sussurra o que foi negado e celebra o que foi recuperado. Através da acrobacia, da pintura e do movimento, uma mulher desenterra o gesto silenciado de querer ser diferente. Não é apenas o seu cabelo que se liberta, é tudo o que ela teve de esconder para ser aceite.</p>


<div class="wp-block-image">
<figure class="aligncenter size-large is-resized"><a href="https://ervadaninha.pt/wp1/wp-content/uploads/2026/04/20260417_151437415_iOS-scaled.jpg"><img decoding="async" loading="lazy" width="940" height="705" src="https://ervadaninha.pt/wp1/wp-content/uploads/2026/04/20260417_151437415_iOS-940x705.jpg" alt="" class="wp-image-4861" style="aspect-ratio:1.3334883720930233;width:497px;height:auto" srcset="https://ervadaninha.pt/wp1/wp-content/uploads/2026/04/20260417_151437415_iOS-940x705.jpg 940w, https://ervadaninha.pt/wp1/wp-content/uploads/2026/04/20260417_151437415_iOS-620x465.jpg 620w, https://ervadaninha.pt/wp1/wp-content/uploads/2026/04/20260417_151437415_iOS-768x576.jpg 768w, https://ervadaninha.pt/wp1/wp-content/uploads/2026/04/20260417_151437415_iOS-1536x1152.jpg 1536w, https://ervadaninha.pt/wp1/wp-content/uploads/2026/04/20260417_151437415_iOS-2048x1536.jpg 2048w, https://ervadaninha.pt/wp1/wp-content/uploads/2026/04/20260417_151437415_iOS-800x600.jpg 800w, https://ervadaninha.pt/wp1/wp-content/uploads/2026/04/20260417_151437415_iOS-300x225.jpg 300w" sizes="(max-width: 940px) 100vw, 940px" /></a></figure></div>


<p>Intérprete criativa Lucía Merlino | Direção e Dramaturgia Pablo Censi | Coprodução Festival Imaginarius</p>



<p><a href="https://www.instagram.com/cafelina.merlina?utm_source=ig_web_button_share_sheet&amp;igsh=ZDNlZDc0MzIxNw==">LINK</a></p>

<p>ensaio de circo | 18 Abril 26 | CED | Residência Artística 6 a 18 Abril 26 Virulana é um ato de memória corporal, uma pintura em movimento que, através [&hellip;]</p>

<!-- This site is optimized with the Yoast SEO plugin v21.0 - https://yoast.com/wordpress/plugins/seo/ -->
<title>Virulana de Lucía Merlina - Erva Daninha</title>
<meta name="robots" content="index, follow, max-snippet:-1, max-image-preview:large, max-video-preview:-1" />
<link rel="canonical" href="https://ervadaninha.pt/wp1/index.php/virulana-de-lucia-merlina/" />
<meta property="og:locale" content="pt_PT" />
<meta property="og:type" content="article" />
<meta property="og:title" content="Virulana de Lucía Merlina - Erva Daninha" />
<meta property="og:description" content="ensaio de circo | 18 Abril 26 | CED | Residência Artística 6 a 18 Abril 26 Virulana é um ato de memória corporal, uma pintura em movimento que, através [&hellip;]" />
<meta property="og:url" content="https://ervadaninha.pt/wp1/index.php/virulana-de-lucia-merlina/" />
<meta property="og:site_name" content="Erva Daninha" />
<meta property="article:modified_time" content="2026-04-20T11:36:57+00:00" />
<meta property="og:image" content="https://ervadaninha.pt/wp1/wp-content/uploads/2026/04/20260417_151437415_iOS-940x705.jpg" />
<meta name="twitter:card" content="summary_large_image" />
<meta name="twitter:label1" content="Tempo estimado de leitura" />
	<meta name="twitter:data1" content="1 minuto" />
<script type="application/ld+json" class="yoast-schema-graph">{"@context":"https://schema.org","@graph":[{"@type":"WebPage","@id":"https://ervadaninha.pt/wp1/index.php/virulana-de-lucia-merlina/","url":"https://ervadaninha.pt/wp1/index.php/virulana-de-lucia-merlina/","name":"Virulana de Lucía Merlina - Erva Daninha","isPartOf":{"@id":"https://ervadaninha.pt/wp1/#website"},"datePublished":"2026-04-20T11:20:46+00:00","dateModified":"2026-04-20T11:36:57+00:00","breadcrumb":{"@id":"https://ervadaninha.pt/wp1/index.php/virulana-de-lucia-merlina/#breadcrumb"},"inLanguage":"pt-PT","potentialAction":[{"@type":"ReadAction","target":["https://ervadaninha.pt/wp1/index.php/virulana-de-lucia-merlina/"]}]},{"@type":"BreadcrumbList","@id":"https://ervadaninha.pt/wp1/index.php/virulana-de-lucia-merlina/#breadcrumb","itemListElement":[{"@type":"ListItem","position":1,"name":"Home","item":"https://ervadaninha.pt/wp1/"},{"@type":"ListItem","position":2,"name":"Virulana de Lucía Merlina"}]},{"@type":"WebSite","@id":"https://ervadaninha.pt/wp1/#website","url":"https://ervadaninha.pt/wp1/","name":"Erva Daninha","description":"Erva Daninha","publisher":{"@id":"https://ervadaninha.pt/wp1/#organization"},"potentialAction":[{"@type":"SearchAction","target":{"@type":"EntryPoint","urlTemplate":"https://ervadaninha.pt/wp1/?s={search_term_string}"},"query-input":"required name=search_term_string"}],"inLanguage":"pt-PT"},{"@type":"Organization","@id":"https://ervadaninha.pt/wp1/#organization","name":"Erva Daninha","url":"https://ervadaninha.pt/wp1/","logo":{"@type":"ImageObject","inLanguage":"pt-PT","@id":"https://ervadaninha.pt/wp1/#/schema/logo/image/","url":"https://ervadaninha.pt/wp1/wp-content/uploads/2023/09/cropped-ervadaninha_preto_s.png","contentUrl":"https://ervadaninha.pt/wp1/wp-content/uploads/2023/09/cropped-ervadaninha_preto_s.png","width":100,"height":49,"caption":"Erva Daninha"},"image":{"@id":"https://ervadaninha.pt/wp1/#/schema/logo/image/"}}]}</script>
<!-- / Yoast SEO plugin. -->

Virulana de Lucía Merlina - Erva Daninha

ensaio de circo | 18 Abril 26 | CED | Residência Artística 6 a 18 Abril 26 Virulana é um ato de memória corporal, uma pintura em movimento que, através [&hellip;]
