{"id":4815,"date":"2026-03-24T16:20:46","date_gmt":"2026-03-24T16:20:46","guid":{"rendered":"https:\/\/ervadaninha.pt\/wp1\/?page_id=4815"},"modified":"2026-04-06T16:05:27","modified_gmt":"2026-04-06T16:05:27","slug":"albatroz-de-vasco-gomes","status":"publish","type":"page","link":"https:\/\/ervadaninha.pt\/wp1\/index.php\/albatroz-de-vasco-gomes\/","title":{"rendered":"Albatroz de Vasco Gomes"},"content":{"rendered":"\n<p>ensaio de circo | 21 Mar\u00e7o 26 | CED | Resid\u00eancia Art\u00edstica 2 a 21 Mar\u00e7o 26<\/p>\n\n\n\n<figure class=\"wp-block-embed aligncenter is-type-video is-provider-vimeo wp-block-embed-vimeo wp-embed-aspect-16-9 wp-has-aspect-ratio\"><div class=\"wp-block-embed__wrapper\">\n<div class=\"jetpack-video-wrapper\"><div class=\"embed-vimeo\" style=\"text-align: center;\"><iframe loading=\"lazy\" src=\"https:\/\/player.vimeo.com\/video\/1175985186\" width=\"764\" height=\"430\" frameborder=\"0\" webkitallowfullscreen mozallowfullscreen allowfullscreen><\/iframe><\/div><\/div>\n<\/div><\/figure>\n\n\n\n<p>Sismo de prata, derrocada de folhas brilhantes e ao fundo um albatroz que levanta voo! Uma experi\u00eancia que reflete&nbsp;a constru\u00e7\u00e3o&nbsp;do tempo. Um momento solit\u00e1rio de manipula\u00e7\u00e3o de materiais e mat\u00e9rias que acumulam&nbsp;o peso,&nbsp;o tempo e a renova\u00e7\u00e3o de ciclos.&nbsp;Tentar levantar voo com o peso de alguns anos, de algumas constru\u00e7\u00f5es e derrocadas, de comemora\u00e7\u00f5es e alguns abra\u00e7os. Levantar voo ao fundo!<\/p>\n\n\n<div class=\"wp-block-image\">\n<figure class=\"aligncenter size-large is-resized\"><a href=\"https:\/\/ervadaninha.pt\/wp1\/wp-content\/uploads\/2026\/03\/20260320_123523617_iOS.jpg\"><img decoding=\"async\" loading=\"lazy\" width=\"940\" height=\"705\" src=\"https:\/\/ervadaninha.pt\/wp1\/wp-content\/uploads\/2026\/03\/20260320_123523617_iOS-940x705.jpg\" alt=\"\" class=\"wp-image-4816\" style=\"aspect-ratio:1.3336950623982637;width:489px;height:auto\" srcset=\"https:\/\/ervadaninha.pt\/wp1\/wp-content\/uploads\/2026\/03\/20260320_123523617_iOS-940x705.jpg 940w, https:\/\/ervadaninha.pt\/wp1\/wp-content\/uploads\/2026\/03\/20260320_123523617_iOS-620x465.jpg 620w, https:\/\/ervadaninha.pt\/wp1\/wp-content\/uploads\/2026\/03\/20260320_123523617_iOS-768x576.jpg 768w, https:\/\/ervadaninha.pt\/wp1\/wp-content\/uploads\/2026\/03\/20260320_123523617_iOS-1536x1152.jpg 1536w, https:\/\/ervadaninha.pt\/wp1\/wp-content\/uploads\/2026\/03\/20260320_123523617_iOS-2048x1536.jpg 2048w, https:\/\/ervadaninha.pt\/wp1\/wp-content\/uploads\/2026\/03\/20260320_123523617_iOS-800x600.jpg 800w, https:\/\/ervadaninha.pt\/wp1\/wp-content\/uploads\/2026\/03\/20260320_123523617_iOS-300x225.jpg 300w\" sizes=\"(max-width: 940px) 100vw, 940px\" \/><\/a><\/figure><\/div>\n\n\n<p>cria\u00e7\u00e3o e interpreta\u00e7\u00e3o&nbsp;VASCO GOMES | acompanhamento&nbsp;JULIETA GUIMAR\u00c3ES<\/p>\n","protected":false},"excerpt":{"rendered":"<p>ensaio de circo | 21 Mar\u00e7o 26 | CED | Resid\u00eancia Art\u00edstica 2 a 21 Mar\u00e7o 26 Sismo de prata, derrocada de folhas brilhantes e ao fundo um albatroz que [&hellip;]<\/p>\n","protected":false},"author":1,"featured_media":0,"parent":0,"menu_order":0,"comment_status":"closed","ping_status":"closed","template":"","meta":{"_themeisle_gutenberg_block_has_review":false,"jetpack_post_was_ever_published":false,"footnotes":""},"tags":[],"yoast_head":"<!-- This site is optimized with the Yoast SEO plugin v21.0 - https:\/\/yoast.com\/wordpress\/plugins\/seo\/ -->\n<title>Albatroz de Vasco Gomes - Erva Daninha<\/title>\n<meta name=\"robots\" content=\"index, follow, max-snippet:-1, max-image-preview:large, max-video-preview:-1\" \/>\n<link rel=\"canonical\" href=\"https:\/\/ervadaninha.pt\/wp1\/index.php\/albatroz-de-vasco-gomes\/\" \/>\n<meta property=\"og:locale\" content=\"pt_PT\" \/>\n<meta property=\"og:type\" content=\"article\" \/>\n<meta property=\"og:title\" content=\"Albatroz de Vasco Gomes - Erva Daninha\" \/>\n<meta property=\"og:description\" content=\"ensaio de circo | 21 Mar\u00e7o 26 | CED | Resid\u00eancia Art\u00edstica 2 a 21 Mar\u00e7o 26 Sismo de prata, derrocada de folhas brilhantes e ao fundo um albatroz que [&hellip;]\" \/>\n<meta property=\"og:url\" content=\"https:\/\/ervadaninha.pt\/wp1\/index.php\/albatroz-de-vasco-gomes\/\" \/>\n<meta property=\"og:site_name\" content=\"Erva Daninha\" \/>\n<meta property=\"article:modified_time\" content=\"2026-04-06T16:05:27+00:00\" \/>\n<meta property=\"og:image\" content=\"https:\/\/ervadaninha.pt\/wp1\/wp-content\/uploads\/2026\/03\/20260320_123523617_iOS-940x705.jpg\" \/>\n<meta name=\"twitter:card\" content=\"summary_large_image\" \/>\n<meta name=\"twitter:label1\" content=\"Tempo estimado de leitura\" \/>\n\t<meta name=\"twitter:data1\" content=\"1 minuto\" \/>\n<script type=\"application\/ld+json\" class=\"yoast-schema-graph\">{\"@context\":\"https:\/\/schema.org\",\"@graph\":[{\"@type\":\"WebPage\",\"@id\":\"https:\/\/ervadaninha.pt\/wp1\/index.php\/albatroz-de-vasco-gomes\/\",\"url\":\"https:\/\/ervadaninha.pt\/wp1\/index.php\/albatroz-de-vasco-gomes\/\",\"name\":\"Albatroz de Vasco Gomes - Erva Daninha\",\"isPartOf\":{\"@id\":\"https:\/\/ervadaninha.pt\/wp1\/#website\"},\"datePublished\":\"2026-03-24T16:20:46+00:00\",\"dateModified\":\"2026-04-06T16:05:27+00:00\",\"breadcrumb\":{\"@id\":\"https:\/\/ervadaninha.pt\/wp1\/index.php\/albatroz-de-vasco-gomes\/#breadcrumb\"},\"inLanguage\":\"pt-PT\",\"potentialAction\":[{\"@type\":\"ReadAction\",\"target\":[\"https:\/\/ervadaninha.pt\/wp1\/index.php\/albatroz-de-vasco-gomes\/\"]}]},{\"@type\":\"BreadcrumbList\",\"@id\":\"https:\/\/ervadaninha.pt\/wp1\/index.php\/albatroz-de-vasco-gomes\/#breadcrumb\",\"itemListElement\":[{\"@type\":\"ListItem\",\"position\":1,\"name\":\"Home\",\"item\":\"https:\/\/ervadaninha.pt\/wp1\/\"},{\"@type\":\"ListItem\",\"position\":2,\"name\":\"Albatroz de Vasco Gomes\"}]},{\"@type\":\"WebSite\",\"@id\":\"https:\/\/ervadaninha.pt\/wp1\/#website\",\"url\":\"https:\/\/ervadaninha.pt\/wp1\/\",\"name\":\"Erva Daninha\",\"description\":\"Erva Daninha\",\"publisher\":{\"@id\":\"https:\/\/ervadaninha.pt\/wp1\/#organization\"},\"potentialAction\":[{\"@type\":\"SearchAction\",\"target\":{\"@type\":\"EntryPoint\",\"urlTemplate\":\"https:\/\/ervadaninha.pt\/wp1\/?s={search_term_string}\"},\"query-input\":\"required name=search_term_string\"}],\"inLanguage\":\"pt-PT\"},{\"@type\":\"Organization\",\"@id\":\"https:\/\/ervadaninha.pt\/wp1\/#organization\",\"name\":\"Erva Daninha\",\"url\":\"https:\/\/ervadaninha.pt\/wp1\/\",\"logo\":{\"@type\":\"ImageObject\",\"inLanguage\":\"pt-PT\",\"@id\":\"https:\/\/ervadaninha.pt\/wp1\/#\/schema\/logo\/image\/\",\"url\":\"https:\/\/ervadaninha.pt\/wp1\/wp-content\/uploads\/2023\/09\/cropped-ervadaninha_preto_s.png\",\"contentUrl\":\"https:\/\/ervadaninha.pt\/wp1\/wp-content\/uploads\/2023\/09\/cropped-ervadaninha_preto_s.png\",\"width\":100,\"height\":49,\"caption\":\"Erva Daninha\"},\"image\":{\"@id\":\"https:\/\/ervadaninha.pt\/wp1\/#\/schema\/logo\/image\/\"}}]}<\/script>\n<!-- \/ Yoast SEO plugin. -->","yoast_head_json":{"title":"Albatroz de Vasco Gomes - Erva Daninha","robots":{"index":"index","follow":"follow","max-snippet":"max-snippet:-1","max-image-preview":"max-image-preview:large","max-video-preview":"max-video-preview:-1"},"canonical":"https:\/\/ervadaninha.pt\/wp1\/index.php\/albatroz-de-vasco-gomes\/","og_locale":"pt_PT","og_type":"article","og_title":"Albatroz de Vasco Gomes - Erva Daninha","og_description":"ensaio de circo | 21 Mar\u00e7o 26 | CED | Resid\u00eancia Art\u00edstica 2 a 21 Mar\u00e7o 26 Sismo de prata, derrocada de folhas brilhantes e ao fundo um albatroz que [&hellip;]","og_url":"https:\/\/ervadaninha.pt\/wp1\/index.php\/albatroz-de-vasco-gomes\/","og_site_name":"Erva Daninha","article_modified_time":"2026-04-06T16:05:27+00:00","og_image":[{"url":"https:\/\/ervadaninha.pt\/wp1\/wp-content\/uploads\/2026\/03\/20260320_123523617_iOS-940x705.jpg"}],"twitter_card":"summary_large_image","twitter_misc":{"Tempo estimado de leitura":"1 minuto"},"schema":{"@context":"https:\/\/schema.org","@graph":[{"@type":"WebPage","@id":"https:\/\/ervadaninha.pt\/wp1\/index.php\/albatroz-de-vasco-gomes\/","url":"https:\/\/ervadaninha.pt\/wp1\/index.php\/albatroz-de-vasco-gomes\/","name":"Albatroz de Vasco Gomes - Erva Daninha","isPartOf":{"@id":"https:\/\/ervadaninha.pt\/wp1\/#website"},"datePublished":"2026-03-24T16:20:46+00:00","dateModified":"2026-04-06T16:05:27+00:00","breadcrumb":{"@id":"https:\/\/ervadaninha.pt\/wp1\/index.php\/albatroz-de-vasco-gomes\/#breadcrumb"},"inLanguage":"pt-PT","potentialAction":[{"@type":"ReadAction","target":["https:\/\/ervadaninha.pt\/wp1\/index.php\/albatroz-de-vasco-gomes\/"]}]},{"@type":"BreadcrumbList","@id":"https:\/\/ervadaninha.pt\/wp1\/index.php\/albatroz-de-vasco-gomes\/#breadcrumb","itemListElement":[{"@type":"ListItem","position":1,"name":"Home","item":"https:\/\/ervadaninha.pt\/wp1\/"},{"@type":"ListItem","position":2,"name":"Albatroz de Vasco Gomes"}]},{"@type":"WebSite","@id":"https:\/\/ervadaninha.pt\/wp1\/#website","url":"https:\/\/ervadaninha.pt\/wp1\/","name":"Erva Daninha","description":"Erva Daninha","publisher":{"@id":"https:\/\/ervadaninha.pt\/wp1\/#organization"},"potentialAction":[{"@type":"SearchAction","target":{"@type":"EntryPoint","urlTemplate":"https:\/\/ervadaninha.pt\/wp1\/?s={search_term_string}"},"query-input":"required name=search_term_string"}],"inLanguage":"pt-PT"},{"@type":"Organization","@id":"https:\/\/ervadaninha.pt\/wp1\/#organization","name":"Erva Daninha","url":"https:\/\/ervadaninha.pt\/wp1\/","logo":{"@type":"ImageObject","inLanguage":"pt-PT","@id":"https:\/\/ervadaninha.pt\/wp1\/#\/schema\/logo\/image\/","url":"https:\/\/ervadaninha.pt\/wp1\/wp-content\/uploads\/2023\/09\/cropped-ervadaninha_preto_s.png","contentUrl":"https:\/\/ervadaninha.pt\/wp1\/wp-content\/uploads\/2023\/09\/cropped-ervadaninha_preto_s.png","width":100,"height":49,"caption":"Erva Daninha"},"image":{"@id":"https:\/\/ervadaninha.pt\/wp1\/#\/schema\/logo\/image\/"}}]}},"jetpack_sharing_enabled":true,"jetpack_shortlink":"https:\/\/wp.me\/P6f9xd-1fF","_links":{"self":[{"href":"https:\/\/ervadaninha.pt\/wp1\/index.php\/wp-json\/wp\/v2\/pages\/4815"}],"collection":[{"href":"https:\/\/ervadaninha.pt\/wp1\/index.php\/wp-json\/wp\/v2\/pages"}],"about":[{"href":"https:\/\/ervadaninha.pt\/wp1\/index.php\/wp-json\/wp\/v2\/types\/page"}],"author":[{"embeddable":true,"href":"https:\/\/ervadaninha.pt\/wp1\/index.php\/wp-json\/wp\/v2\/users\/1"}],"replies":[{"embeddable":true,"href":"https:\/\/ervadaninha.pt\/wp1\/index.php\/wp-json\/wp\/v2\/comments?post=4815"}],"version-history":[{"count":2,"href":"https:\/\/ervadaninha.pt\/wp1\/index.php\/wp-json\/wp\/v2\/pages\/4815\/revisions"}],"predecessor-version":[{"id":4843,"href":"https:\/\/ervadaninha.pt\/wp1\/index.php\/wp-json\/wp\/v2\/pages\/4815\/revisions\/4843"}],"wp:attachment":[{"href":"https:\/\/ervadaninha.pt\/wp1\/index.php\/wp-json\/wp\/v2\/media?parent=4815"}],"wp:term":[{"taxonomy":"post_tag","embeddable":true,"href":"https:\/\/ervadaninha.pt\/wp1\/index.php\/wp-json\/wp\/v2\/tags?post=4815"}],"curies":[{"name":"wp","href":"https:\/\/api.w.org\/{rel}","templated":true}]}}