{"id":4729,"date":"2026-01-28T11:58:14","date_gmt":"2026-01-28T11:58:14","guid":{"rendered":"https:\/\/ervadaninha.pt\/wp1\/?page_id=4729"},"modified":"2026-04-06T16:26:39","modified_gmt":"2026-04-06T16:26:39","slug":"abel-de-cie-del-caravaggio","status":"publish","type":"page","link":"https:\/\/ervadaninha.pt\/wp1\/index.php\/abel-de-cie-del-caravaggio\/","title":{"rendered":"Abel de Cie del Caravaggio"},"content":{"rendered":"\n<p>ensaio de circo | 24 Janeiro 26 | CED | Resid\u00eancia Art\u00edstica 19 a 31 Janeiro 26<\/p>\n\n\n\n<p>Abel \u00e9 fumo, \u00e9 vaidade. Abel \u00e9 um espet\u00e1culo demasiado ambicioso, que n\u00e3o encontra uma solu\u00e7\u00e3o. Uma hist\u00f3ria densamente tecida de sensa\u00e7\u00f5es, que se apresenta como um abismo sem fundo. Como se a pretens\u00e3o de manifestar a plenitude vital revelasse o vazio que a cont\u00e9m. Abel \u00e9 o&nbsp;<em>making of<\/em>&nbsp;de uma pe\u00e7a de teatro, onde o que \u00e9 apresentado mascara a verdadeira hist\u00f3ria. Em cena, as personagens debatem-se para encontrar um desfecho para esta obra, para a qual parece ser dif\u00edcil encontrar uma solu\u00e7\u00e3o. \u00c9 um eco \u00e0 vida, \u00e0 sociedade de apar\u00eancias, e \u00e0 condi\u00e7\u00e3o humana da solid\u00e3o, com a qual somos muitas vezes confrontados.&nbsp;<\/p>\n\n\n\n<figure class=\"wp-block-embed aligncenter is-type-video is-provider-vimeo wp-block-embed-vimeo wp-embed-aspect-16-9 wp-has-aspect-ratio\"><div class=\"wp-block-embed__wrapper\">\n<div class=\"jetpack-video-wrapper\"><div class=\"embed-vimeo\" style=\"text-align: center;\"><iframe loading=\"lazy\" src=\"https:\/\/player.vimeo.com\/video\/1159179886\" width=\"764\" height=\"430\" frameborder=\"0\" webkitallowfullscreen mozallowfullscreen allowfullscreen><\/iframe><\/div><\/div>\n<\/div><\/figure>\n\n\n\n<p>cria\u00e7\u00e3o e interpreta\u00e7\u00e3o&nbsp;ALESSANDRO TRAVELLI, RITA CARMO MARTINS, MARYLOU AUPIC<\/p>\n\n\n\n<p><a href=\"https:\/\/www.instagram.com\/del_caravaggio?igsh=azk0M2VpODQ0cjFn\">LINK<\/a><\/p>\n","protected":false},"excerpt":{"rendered":"<p>ensaio de circo | 24 Janeiro 26 | CED | Resid\u00eancia Art\u00edstica 19 a 31 Janeiro 26 Abel \u00e9 fumo, \u00e9 vaidade. Abel \u00e9 um espet\u00e1culo demasiado ambicioso, que n\u00e3o [&hellip;]<\/p>\n","protected":false},"author":1,"featured_media":4731,"parent":0,"menu_order":0,"comment_status":"closed","ping_status":"closed","template":"","meta":{"_themeisle_gutenberg_block_has_review":false,"jetpack_post_was_ever_published":false,"footnotes":""},"tags":[],"yoast_head":"<!-- This site is optimized with the Yoast SEO plugin v21.0 - https:\/\/yoast.com\/wordpress\/plugins\/seo\/ -->\n<title>Abel de Cie del Caravaggio - Erva Daninha<\/title>\n<meta name=\"robots\" content=\"index, follow, max-snippet:-1, max-image-preview:large, max-video-preview:-1\" \/>\n<link rel=\"canonical\" href=\"https:\/\/ervadaninha.pt\/wp1\/index.php\/abel-de-cie-del-caravaggio\/\" \/>\n<meta property=\"og:locale\" content=\"pt_PT\" \/>\n<meta property=\"og:type\" content=\"article\" \/>\n<meta property=\"og:title\" content=\"Abel de Cie del Caravaggio - Erva Daninha\" \/>\n<meta property=\"og:description\" content=\"ensaio de circo | 24 Janeiro 26 | CED | Resid\u00eancia Art\u00edstica 19 a 31 Janeiro 26 Abel \u00e9 fumo, \u00e9 vaidade. Abel \u00e9 um espet\u00e1culo demasiado ambicioso, que n\u00e3o [&hellip;]\" \/>\n<meta property=\"og:url\" content=\"https:\/\/ervadaninha.pt\/wp1\/index.php\/abel-de-cie-del-caravaggio\/\" \/>\n<meta property=\"og:site_name\" content=\"Erva Daninha\" \/>\n<meta property=\"article:modified_time\" content=\"2026-04-06T16:26:39+00:00\" \/>\n<meta property=\"og:image\" content=\"https:\/\/ervadaninha.pt\/wp1\/wp-content\/uploads\/2026\/01\/20260123_131123991_iOS-scaled.jpg\" \/>\n\t<meta property=\"og:image:width\" content=\"2560\" \/>\n\t<meta property=\"og:image:height\" content=\"1920\" \/>\n\t<meta property=\"og:image:type\" content=\"image\/jpeg\" \/>\n<meta name=\"twitter:card\" content=\"summary_large_image\" \/>\n<meta name=\"twitter:label1\" content=\"Tempo estimado de leitura\" \/>\n\t<meta name=\"twitter:data1\" content=\"1 minuto\" \/>\n<script type=\"application\/ld+json\" class=\"yoast-schema-graph\">{\"@context\":\"https:\/\/schema.org\",\"@graph\":[{\"@type\":\"WebPage\",\"@id\":\"https:\/\/ervadaninha.pt\/wp1\/index.php\/abel-de-cie-del-caravaggio\/\",\"url\":\"https:\/\/ervadaninha.pt\/wp1\/index.php\/abel-de-cie-del-caravaggio\/\",\"name\":\"Abel de Cie del Caravaggio - Erva Daninha\",\"isPartOf\":{\"@id\":\"https:\/\/ervadaninha.pt\/wp1\/#website\"},\"datePublished\":\"2026-01-28T11:58:14+00:00\",\"dateModified\":\"2026-04-06T16:26:39+00:00\",\"breadcrumb\":{\"@id\":\"https:\/\/ervadaninha.pt\/wp1\/index.php\/abel-de-cie-del-caravaggio\/#breadcrumb\"},\"inLanguage\":\"pt-PT\",\"potentialAction\":[{\"@type\":\"ReadAction\",\"target\":[\"https:\/\/ervadaninha.pt\/wp1\/index.php\/abel-de-cie-del-caravaggio\/\"]}]},{\"@type\":\"BreadcrumbList\",\"@id\":\"https:\/\/ervadaninha.pt\/wp1\/index.php\/abel-de-cie-del-caravaggio\/#breadcrumb\",\"itemListElement\":[{\"@type\":\"ListItem\",\"position\":1,\"name\":\"Home\",\"item\":\"https:\/\/ervadaninha.pt\/wp1\/\"},{\"@type\":\"ListItem\",\"position\":2,\"name\":\"Abel de Cie del Caravaggio\"}]},{\"@type\":\"WebSite\",\"@id\":\"https:\/\/ervadaninha.pt\/wp1\/#website\",\"url\":\"https:\/\/ervadaninha.pt\/wp1\/\",\"name\":\"Erva Daninha\",\"description\":\"Erva Daninha\",\"publisher\":{\"@id\":\"https:\/\/ervadaninha.pt\/wp1\/#organization\"},\"potentialAction\":[{\"@type\":\"SearchAction\",\"target\":{\"@type\":\"EntryPoint\",\"urlTemplate\":\"https:\/\/ervadaninha.pt\/wp1\/?s={search_term_string}\"},\"query-input\":\"required name=search_term_string\"}],\"inLanguage\":\"pt-PT\"},{\"@type\":\"Organization\",\"@id\":\"https:\/\/ervadaninha.pt\/wp1\/#organization\",\"name\":\"Erva Daninha\",\"url\":\"https:\/\/ervadaninha.pt\/wp1\/\",\"logo\":{\"@type\":\"ImageObject\",\"inLanguage\":\"pt-PT\",\"@id\":\"https:\/\/ervadaninha.pt\/wp1\/#\/schema\/logo\/image\/\",\"url\":\"https:\/\/ervadaninha.pt\/wp1\/wp-content\/uploads\/2023\/09\/cropped-ervadaninha_preto_s.png\",\"contentUrl\":\"https:\/\/ervadaninha.pt\/wp1\/wp-content\/uploads\/2023\/09\/cropped-ervadaninha_preto_s.png\",\"width\":100,\"height\":49,\"caption\":\"Erva Daninha\"},\"image\":{\"@id\":\"https:\/\/ervadaninha.pt\/wp1\/#\/schema\/logo\/image\/\"}}]}<\/script>\n<!-- \/ Yoast SEO plugin. -->","yoast_head_json":{"title":"Abel de Cie del Caravaggio - Erva Daninha","robots":{"index":"index","follow":"follow","max-snippet":"max-snippet:-1","max-image-preview":"max-image-preview:large","max-video-preview":"max-video-preview:-1"},"canonical":"https:\/\/ervadaninha.pt\/wp1\/index.php\/abel-de-cie-del-caravaggio\/","og_locale":"pt_PT","og_type":"article","og_title":"Abel de Cie del Caravaggio - Erva Daninha","og_description":"ensaio de circo | 24 Janeiro 26 | CED | Resid\u00eancia Art\u00edstica 19 a 31 Janeiro 26 Abel \u00e9 fumo, \u00e9 vaidade. Abel \u00e9 um espet\u00e1culo demasiado ambicioso, que n\u00e3o [&hellip;]","og_url":"https:\/\/ervadaninha.pt\/wp1\/index.php\/abel-de-cie-del-caravaggio\/","og_site_name":"Erva Daninha","article_modified_time":"2026-04-06T16:26:39+00:00","og_image":[{"width":2560,"height":1920,"url":"https:\/\/ervadaninha.pt\/wp1\/wp-content\/uploads\/2026\/01\/20260123_131123991_iOS-scaled.jpg","type":"image\/jpeg"}],"twitter_card":"summary_large_image","twitter_misc":{"Tempo estimado de leitura":"1 minuto"},"schema":{"@context":"https:\/\/schema.org","@graph":[{"@type":"WebPage","@id":"https:\/\/ervadaninha.pt\/wp1\/index.php\/abel-de-cie-del-caravaggio\/","url":"https:\/\/ervadaninha.pt\/wp1\/index.php\/abel-de-cie-del-caravaggio\/","name":"Abel de Cie del Caravaggio - Erva Daninha","isPartOf":{"@id":"https:\/\/ervadaninha.pt\/wp1\/#website"},"datePublished":"2026-01-28T11:58:14+00:00","dateModified":"2026-04-06T16:26:39+00:00","breadcrumb":{"@id":"https:\/\/ervadaninha.pt\/wp1\/index.php\/abel-de-cie-del-caravaggio\/#breadcrumb"},"inLanguage":"pt-PT","potentialAction":[{"@type":"ReadAction","target":["https:\/\/ervadaninha.pt\/wp1\/index.php\/abel-de-cie-del-caravaggio\/"]}]},{"@type":"BreadcrumbList","@id":"https:\/\/ervadaninha.pt\/wp1\/index.php\/abel-de-cie-del-caravaggio\/#breadcrumb","itemListElement":[{"@type":"ListItem","position":1,"name":"Home","item":"https:\/\/ervadaninha.pt\/wp1\/"},{"@type":"ListItem","position":2,"name":"Abel de Cie del Caravaggio"}]},{"@type":"WebSite","@id":"https:\/\/ervadaninha.pt\/wp1\/#website","url":"https:\/\/ervadaninha.pt\/wp1\/","name":"Erva Daninha","description":"Erva Daninha","publisher":{"@id":"https:\/\/ervadaninha.pt\/wp1\/#organization"},"potentialAction":[{"@type":"SearchAction","target":{"@type":"EntryPoint","urlTemplate":"https:\/\/ervadaninha.pt\/wp1\/?s={search_term_string}"},"query-input":"required name=search_term_string"}],"inLanguage":"pt-PT"},{"@type":"Organization","@id":"https:\/\/ervadaninha.pt\/wp1\/#organization","name":"Erva Daninha","url":"https:\/\/ervadaninha.pt\/wp1\/","logo":{"@type":"ImageObject","inLanguage":"pt-PT","@id":"https:\/\/ervadaninha.pt\/wp1\/#\/schema\/logo\/image\/","url":"https:\/\/ervadaninha.pt\/wp1\/wp-content\/uploads\/2023\/09\/cropped-ervadaninha_preto_s.png","contentUrl":"https:\/\/ervadaninha.pt\/wp1\/wp-content\/uploads\/2023\/09\/cropped-ervadaninha_preto_s.png","width":100,"height":49,"caption":"Erva Daninha"},"image":{"@id":"https:\/\/ervadaninha.pt\/wp1\/#\/schema\/logo\/image\/"}}]}},"jetpack_sharing_enabled":true,"jetpack_shortlink":"https:\/\/wp.me\/P6f9xd-1eh","_links":{"self":[{"href":"https:\/\/ervadaninha.pt\/wp1\/index.php\/wp-json\/wp\/v2\/pages\/4729"}],"collection":[{"href":"https:\/\/ervadaninha.pt\/wp1\/index.php\/wp-json\/wp\/v2\/pages"}],"about":[{"href":"https:\/\/ervadaninha.pt\/wp1\/index.php\/wp-json\/wp\/v2\/types\/page"}],"author":[{"embeddable":true,"href":"https:\/\/ervadaninha.pt\/wp1\/index.php\/wp-json\/wp\/v2\/users\/1"}],"replies":[{"embeddable":true,"href":"https:\/\/ervadaninha.pt\/wp1\/index.php\/wp-json\/wp\/v2\/comments?post=4729"}],"version-history":[{"count":4,"href":"https:\/\/ervadaninha.pt\/wp1\/index.php\/wp-json\/wp\/v2\/pages\/4729\/revisions"}],"predecessor-version":[{"id":4849,"href":"https:\/\/ervadaninha.pt\/wp1\/index.php\/wp-json\/wp\/v2\/pages\/4729\/revisions\/4849"}],"wp:featuredmedia":[{"embeddable":true,"href":"https:\/\/ervadaninha.pt\/wp1\/index.php\/wp-json\/wp\/v2\/media\/4731"}],"wp:attachment":[{"href":"https:\/\/ervadaninha.pt\/wp1\/index.php\/wp-json\/wp\/v2\/media?parent=4729"}],"wp:term":[{"taxonomy":"post_tag","embeddable":true,"href":"https:\/\/ervadaninha.pt\/wp1\/index.php\/wp-json\/wp\/v2\/tags?post=4729"}],"curies":[{"name":"wp","href":"https:\/\/api.w.org\/{rel}","templated":true}]}}

<p>ensaio de circo | 24 Janeiro 26 | CED | Residência Artística 19 a 31 Janeiro 26</p>



<p>Abel é fumo, é vaidade. Abel é um espetáculo demasiado ambicioso, que não encontra uma solução. Uma história densamente tecida de sensações, que se apresenta como um abismo sem fundo. Como se a pretensão de manifestar a plenitude vital revelasse o vazio que a contém. Abel é o&nbsp;<em>making of</em>&nbsp;de uma peça de teatro, onde o que é apresentado mascara a verdadeira história. Em cena, as personagens debatem-se para encontrar um desfecho para esta obra, para a qual parece ser difícil encontrar uma solução. É um eco à vida, à sociedade de aparências, e à condição humana da solidão, com a qual somos muitas vezes confrontados.&nbsp;</p>



<figure class="wp-block-embed aligncenter is-type-video is-provider-vimeo wp-block-embed-vimeo wp-embed-aspect-16-9 wp-has-aspect-ratio"><div class="wp-block-embed__wrapper">
<div class="jetpack-video-wrapper"><div class="embed-vimeo" style="text-align: center;"><iframe loading="lazy" src="https://player.vimeo.com/video/1159179886" width="764" height="430" frameborder="0" webkitallowfullscreen mozallowfullscreen allowfullscreen></iframe></div></div>
</div></figure>



<p>criação e interpretação&nbsp;ALESSANDRO TRAVELLI, RITA CARMO MARTINS, MARYLOU AUPIC</p>



<p><a href="https://www.instagram.com/del_caravaggio?igsh=azk0M2VpODQ0cjFn">LINK</a></p>

<p>ensaio de circo | 24 Janeiro 26 | CED | Residência Artística 19 a 31 Janeiro 26 Abel é fumo, é vaidade. Abel é um espetáculo demasiado ambicioso, que não [&hellip;]</p>

<!-- This site is optimized with the Yoast SEO plugin v21.0 - https://yoast.com/wordpress/plugins/seo/ -->
<title>Abel de Cie del Caravaggio - Erva Daninha</title>
<meta name="robots" content="index, follow, max-snippet:-1, max-image-preview:large, max-video-preview:-1" />
<link rel="canonical" href="https://ervadaninha.pt/wp1/index.php/abel-de-cie-del-caravaggio/" />
<meta property="og:locale" content="pt_PT" />
<meta property="og:type" content="article" />
<meta property="og:title" content="Abel de Cie del Caravaggio - Erva Daninha" />
<meta property="og:description" content="ensaio de circo | 24 Janeiro 26 | CED | Residência Artística 19 a 31 Janeiro 26 Abel é fumo, é vaidade. Abel é um espetáculo demasiado ambicioso, que não [&hellip;]" />
<meta property="og:url" content="https://ervadaninha.pt/wp1/index.php/abel-de-cie-del-caravaggio/" />
<meta property="og:site_name" content="Erva Daninha" />
<meta property="article:modified_time" content="2026-04-06T16:26:39+00:00" />
<meta property="og:image" content="https://ervadaninha.pt/wp1/wp-content/uploads/2026/01/20260123_131123991_iOS-scaled.jpg" />
	<meta property="og:image:width" content="2560" />
	<meta property="og:image:height" content="1920" />
	<meta property="og:image:type" content="image/jpeg" />
<meta name="twitter:card" content="summary_large_image" />
<meta name="twitter:label1" content="Tempo estimado de leitura" />
	<meta name="twitter:data1" content="1 minuto" />
<script type="application/ld+json" class="yoast-schema-graph">{"@context":"https://schema.org","@graph":[{"@type":"WebPage","@id":"https://ervadaninha.pt/wp1/index.php/abel-de-cie-del-caravaggio/","url":"https://ervadaninha.pt/wp1/index.php/abel-de-cie-del-caravaggio/","name":"Abel de Cie del Caravaggio - Erva Daninha","isPartOf":{"@id":"https://ervadaninha.pt/wp1/#website"},"datePublished":"2026-01-28T11:58:14+00:00","dateModified":"2026-04-06T16:26:39+00:00","breadcrumb":{"@id":"https://ervadaninha.pt/wp1/index.php/abel-de-cie-del-caravaggio/#breadcrumb"},"inLanguage":"pt-PT","potentialAction":[{"@type":"ReadAction","target":["https://ervadaninha.pt/wp1/index.php/abel-de-cie-del-caravaggio/"]}]},{"@type":"BreadcrumbList","@id":"https://ervadaninha.pt/wp1/index.php/abel-de-cie-del-caravaggio/#breadcrumb","itemListElement":[{"@type":"ListItem","position":1,"name":"Home","item":"https://ervadaninha.pt/wp1/"},{"@type":"ListItem","position":2,"name":"Abel de Cie del Caravaggio"}]},{"@type":"WebSite","@id":"https://ervadaninha.pt/wp1/#website","url":"https://ervadaninha.pt/wp1/","name":"Erva Daninha","description":"Erva Daninha","publisher":{"@id":"https://ervadaninha.pt/wp1/#organization"},"potentialAction":[{"@type":"SearchAction","target":{"@type":"EntryPoint","urlTemplate":"https://ervadaninha.pt/wp1/?s={search_term_string}"},"query-input":"required name=search_term_string"}],"inLanguage":"pt-PT"},{"@type":"Organization","@id":"https://ervadaninha.pt/wp1/#organization","name":"Erva Daninha","url":"https://ervadaninha.pt/wp1/","logo":{"@type":"ImageObject","inLanguage":"pt-PT","@id":"https://ervadaninha.pt/wp1/#/schema/logo/image/","url":"https://ervadaninha.pt/wp1/wp-content/uploads/2023/09/cropped-ervadaninha_preto_s.png","contentUrl":"https://ervadaninha.pt/wp1/wp-content/uploads/2023/09/cropped-ervadaninha_preto_s.png","width":100,"height":49,"caption":"Erva Daninha"},"image":{"@id":"https://ervadaninha.pt/wp1/#/schema/logo/image/"}}]}</script>
<!-- / Yoast SEO plugin. -->

ensaio de circo | 24 Janeiro 26 | CED | Residência Artística 19 a 31 Janeiro 26 Abel é fumo, é vaidade. Abel é um espetáculo demasiado ambicioso, que não [&hellip;]
