{"id":3896,"date":"2025-08-05T13:24:07","date_gmt":"2025-08-05T13:24:07","guid":{"rendered":"https:\/\/ervadaninha.pt\/wp1\/?page_id=3896"},"modified":"2025-08-05T13:24:15","modified_gmt":"2025-08-05T13:24:15","slug":"chao-2","status":"publish","type":"page","link":"https:\/\/ervadaninha.pt\/wp1\/index.php\/en\/chao-2\/","title":{"rendered":"Ch\u00e3o"},"content":{"rendered":"\n<div class=\"wp-block-media-text is-stacked-on-mobile\" style=\"grid-template-columns:41% auto\"><figure class=\"wp-block-media-text__media\"><img decoding=\"async\" loading=\"lazy\" width=\"940\" height=\"1410\" src=\"https:\/\/ervadaninha.pt\/wp1\/wp-content\/uploads\/2023\/09\/ervaDaninhaCHAO@AshleighGeorgiou-54-940x1410.jpg\" alt=\"\" class=\"wp-image-2695 size-full\" srcset=\"https:\/\/ervadaninha.pt\/wp1\/wp-content\/uploads\/2023\/09\/ervaDaninhaCHAO@AshleighGeorgiou-54-940x1410.jpg 940w, https:\/\/ervadaninha.pt\/wp1\/wp-content\/uploads\/2023\/09\/ervaDaninhaCHAO@AshleighGeorgiou-54-620x930.jpg 620w, https:\/\/ervadaninha.pt\/wp1\/wp-content\/uploads\/2023\/09\/ervaDaninhaCHAO@AshleighGeorgiou-54-768x1152.jpg 768w, https:\/\/ervadaninha.pt\/wp1\/wp-content\/uploads\/2023\/09\/ervaDaninhaCHAO@AshleighGeorgiou-54-1024x1536.jpg 1024w, https:\/\/ervadaninha.pt\/wp1\/wp-content\/uploads\/2023\/09\/ervaDaninhaCHAO@AshleighGeorgiou-54-1365x2048.jpg 1365w, https:\/\/ervadaninha.pt\/wp1\/wp-content\/uploads\/2023\/09\/ervaDaninhaCHAO@AshleighGeorgiou-54-200x300.jpg 200w, https:\/\/ervadaninha.pt\/wp1\/wp-content\/uploads\/2023\/09\/ervaDaninhaCHAO@AshleighGeorgiou-54-scaled.jpg 1707w\" sizes=\"(max-width: 940px) 100vw, 940px\" \/><\/figure><div class=\"wp-block-media-text__content\">\n<p>SYNOPSIS<br>CH\u00c3O_Malabarismo T\u00e9rreo is a research project that seeks to bring centrality to the relationship between juggling balls and the ground in the process of scenic creation. The work is co-created by Uatum\u00e3 Fattori de Azevedo, Leonardo Calvino, Teresa Santos, and D\u00eddac Gilabert and will have its first process exhibition on the 12th.<\/p>\n\n\n\n<p><strong>Artistic Credits:<\/strong>    <\/p>\n\n\n\n<p>CONCEPT: Uatum\u00e3 Fattori de Azevedo                     | CREATION: Uatum\u00e3 Fattori de Azevedo, Leonardo Calvino, Teresa Santos, D\u00eddac Gilabert                                           | PERFORMERS: Uatum\u00e3 Fattori de Azevedo e Leonardo Calvino                                                                       | SOUNDTRACK: D\u00eddac Gilabert                                | AUDIOVISUAL MATERIAL: Teresa Santos<\/p>\n\n\n\n<p>+info: <a href=\"http:\/\/www.chao.pt\">www.chao.pt<\/a><\/p>\n<\/div><\/div>\n\n\n\n<figure class=\"wp-block-embed aligncenter is-type-video is-provider-vimeo wp-block-embed-vimeo wp-embed-aspect-16-9 wp-has-aspect-ratio\"><div class=\"wp-block-embed__wrapper\">\n<div class=\"jetpack-video-wrapper\"><iframe loading=\"lazy\" title=\"CH\u00c3O de Uatum\u00e3 Fattori de Azevedo, Leonardo Calvino, Teresa Santos, D\u00eddac Gilabert\" src=\"https:\/\/player.vimeo.com\/video\/860195717?dnt=1&amp;app_id=122963\" width=\"764\" height=\"430\" frameborder=\"0\" allow=\"autoplay; fullscreen; picture-in-picture; clipboard-write; encrypted-media; web-share\" referrerpolicy=\"strict-origin-when-cross-origin\"><\/iframe><\/div>\n<\/div><\/figure>\n","protected":false},"excerpt":{"rendered":"<p>SYNOPSISCH\u00c3O_Malabarismo T\u00e9rreo is a research project that seeks to bring centrality to the relationship between juggling balls and the ground in the process of scenic creation. The work is co-created [&hellip;]<\/p>\n","protected":false},"author":1,"featured_media":0,"parent":0,"menu_order":0,"comment_status":"closed","ping_status":"closed","template":"","meta":{"_themeisle_gutenberg_block_has_review":false,"jetpack_post_was_ever_published":false,"footnotes":""},"tags":[],"yoast_head":"<!-- This site is optimized with the Yoast SEO plugin v21.0 - https:\/\/yoast.com\/wordpress\/plugins\/seo\/ -->\n<title>Ch\u00e3o - Erva Daninha<\/title>\n<meta name=\"robots\" content=\"index, follow, max-snippet:-1, max-image-preview:large, max-video-preview:-1\" \/>\n<link rel=\"canonical\" href=\"https:\/\/ervadaninha.pt\/wp1\/index.php\/en\/chao-2\/\" \/>\n<meta property=\"og:locale\" content=\"pt_PT\" \/>\n<meta property=\"og:type\" content=\"article\" \/>\n<meta property=\"og:title\" content=\"Ch\u00e3o - Erva Daninha\" \/>\n<meta property=\"og:description\" content=\"SYNOPSISCH\u00c3O_Malabarismo T\u00e9rreo is a research project that seeks to bring centrality to the relationship between juggling balls and the ground in the process of scenic creation. The work is co-created [&hellip;]\" \/>\n<meta property=\"og:url\" content=\"https:\/\/ervadaninha.pt\/wp1\/index.php\/en\/chao-2\/\" \/>\n<meta property=\"og:site_name\" content=\"Erva Daninha\" \/>\n<meta property=\"article:modified_time\" content=\"2025-08-05T13:24:15+00:00\" \/>\n<meta property=\"og:image\" content=\"https:\/\/ervadaninha.pt\/wp1\/wp-content\/uploads\/2023\/09\/ervaDaninhaCHAO@AshleighGeorgiou-54-940x1410.jpg\" \/>\n<meta name=\"twitter:card\" content=\"summary_large_image\" \/>\n<meta name=\"twitter:label1\" content=\"Tempo estimado de leitura\" \/>\n\t<meta name=\"twitter:data1\" content=\"1 minuto\" \/>\n<script type=\"application\/ld+json\" class=\"yoast-schema-graph\">{\"@context\":\"https:\/\/schema.org\",\"@graph\":[{\"@type\":\"WebPage\",\"@id\":\"https:\/\/ervadaninha.pt\/wp1\/index.php\/en\/chao-2\/\",\"url\":\"https:\/\/ervadaninha.pt\/wp1\/index.php\/en\/chao-2\/\",\"name\":\"Ch\u00e3o - Erva Daninha\",\"isPartOf\":{\"@id\":\"https:\/\/ervadaninha.pt\/wp1\/#website\"},\"datePublished\":\"2025-08-05T13:24:07+00:00\",\"dateModified\":\"2025-08-05T13:24:15+00:00\",\"breadcrumb\":{\"@id\":\"https:\/\/ervadaninha.pt\/wp1\/index.php\/en\/chao-2\/#breadcrumb\"},\"inLanguage\":\"pt-PT\",\"potentialAction\":[{\"@type\":\"ReadAction\",\"target\":[\"https:\/\/ervadaninha.pt\/wp1\/index.php\/en\/chao-2\/\"]}]},{\"@type\":\"BreadcrumbList\",\"@id\":\"https:\/\/ervadaninha.pt\/wp1\/index.php\/en\/chao-2\/#breadcrumb\",\"itemListElement\":[{\"@type\":\"ListItem\",\"position\":1,\"name\":\"Home\",\"item\":\"https:\/\/ervadaninha.pt\/wp1\/\"},{\"@type\":\"ListItem\",\"position\":2,\"name\":\"Ch\u00e3o\"}]},{\"@type\":\"WebSite\",\"@id\":\"https:\/\/ervadaninha.pt\/wp1\/#website\",\"url\":\"https:\/\/ervadaninha.pt\/wp1\/\",\"name\":\"Erva Daninha\",\"description\":\"Erva Daninha\",\"publisher\":{\"@id\":\"https:\/\/ervadaninha.pt\/wp1\/#organization\"},\"potentialAction\":[{\"@type\":\"SearchAction\",\"target\":{\"@type\":\"EntryPoint\",\"urlTemplate\":\"https:\/\/ervadaninha.pt\/wp1\/?s={search_term_string}\"},\"query-input\":\"required name=search_term_string\"}],\"inLanguage\":\"pt-PT\"},{\"@type\":\"Organization\",\"@id\":\"https:\/\/ervadaninha.pt\/wp1\/#organization\",\"name\":\"Erva Daninha\",\"url\":\"https:\/\/ervadaninha.pt\/wp1\/\",\"logo\":{\"@type\":\"ImageObject\",\"inLanguage\":\"pt-PT\",\"@id\":\"https:\/\/ervadaninha.pt\/wp1\/#\/schema\/logo\/image\/\",\"url\":\"https:\/\/ervadaninha.pt\/wp1\/wp-content\/uploads\/2023\/09\/cropped-ervadaninha_preto_s.png\",\"contentUrl\":\"https:\/\/ervadaninha.pt\/wp1\/wp-content\/uploads\/2023\/09\/cropped-ervadaninha_preto_s.png\",\"width\":100,\"height\":49,\"caption\":\"Erva Daninha\"},\"image\":{\"@id\":\"https:\/\/ervadaninha.pt\/wp1\/#\/schema\/logo\/image\/\"}}]}<\/script>\n<!-- \/ Yoast SEO plugin. -->","yoast_head_json":{"title":"Ch\u00e3o - Erva Daninha","robots":{"index":"index","follow":"follow","max-snippet":"max-snippet:-1","max-image-preview":"max-image-preview:large","max-video-preview":"max-video-preview:-1"},"canonical":"https:\/\/ervadaninha.pt\/wp1\/index.php\/en\/chao-2\/","og_locale":"pt_PT","og_type":"article","og_title":"Ch\u00e3o - Erva Daninha","og_description":"SYNOPSISCH\u00c3O_Malabarismo T\u00e9rreo is a research project that seeks to bring centrality to the relationship between juggling balls and the ground in the process of scenic creation. The work is co-created [&hellip;]","og_url":"https:\/\/ervadaninha.pt\/wp1\/index.php\/en\/chao-2\/","og_site_name":"Erva Daninha","article_modified_time":"2025-08-05T13:24:15+00:00","og_image":[{"url":"https:\/\/ervadaninha.pt\/wp1\/wp-content\/uploads\/2023\/09\/ervaDaninhaCHAO@AshleighGeorgiou-54-940x1410.jpg"}],"twitter_card":"summary_large_image","twitter_misc":{"Tempo estimado de leitura":"1 minuto"},"schema":{"@context":"https:\/\/schema.org","@graph":[{"@type":"WebPage","@id":"https:\/\/ervadaninha.pt\/wp1\/index.php\/en\/chao-2\/","url":"https:\/\/ervadaninha.pt\/wp1\/index.php\/en\/chao-2\/","name":"Ch\u00e3o - Erva Daninha","isPartOf":{"@id":"https:\/\/ervadaninha.pt\/wp1\/#website"},"datePublished":"2025-08-05T13:24:07+00:00","dateModified":"2025-08-05T13:24:15+00:00","breadcrumb":{"@id":"https:\/\/ervadaninha.pt\/wp1\/index.php\/en\/chao-2\/#breadcrumb"},"inLanguage":"pt-PT","potentialAction":[{"@type":"ReadAction","target":["https:\/\/ervadaninha.pt\/wp1\/index.php\/en\/chao-2\/"]}]},{"@type":"BreadcrumbList","@id":"https:\/\/ervadaninha.pt\/wp1\/index.php\/en\/chao-2\/#breadcrumb","itemListElement":[{"@type":"ListItem","position":1,"name":"Home","item":"https:\/\/ervadaninha.pt\/wp1\/"},{"@type":"ListItem","position":2,"name":"Ch\u00e3o"}]},{"@type":"WebSite","@id":"https:\/\/ervadaninha.pt\/wp1\/#website","url":"https:\/\/ervadaninha.pt\/wp1\/","name":"Erva Daninha","description":"Erva Daninha","publisher":{"@id":"https:\/\/ervadaninha.pt\/wp1\/#organization"},"potentialAction":[{"@type":"SearchAction","target":{"@type":"EntryPoint","urlTemplate":"https:\/\/ervadaninha.pt\/wp1\/?s={search_term_string}"},"query-input":"required name=search_term_string"}],"inLanguage":"pt-PT"},{"@type":"Organization","@id":"https:\/\/ervadaninha.pt\/wp1\/#organization","name":"Erva Daninha","url":"https:\/\/ervadaninha.pt\/wp1\/","logo":{"@type":"ImageObject","inLanguage":"pt-PT","@id":"https:\/\/ervadaninha.pt\/wp1\/#\/schema\/logo\/image\/","url":"https:\/\/ervadaninha.pt\/wp1\/wp-content\/uploads\/2023\/09\/cropped-ervadaninha_preto_s.png","contentUrl":"https:\/\/ervadaninha.pt\/wp1\/wp-content\/uploads\/2023\/09\/cropped-ervadaninha_preto_s.png","width":100,"height":49,"caption":"Erva Daninha"},"image":{"@id":"https:\/\/ervadaninha.pt\/wp1\/#\/schema\/logo\/image\/"}}]}},"jetpack_sharing_enabled":true,"jetpack_shortlink":"https:\/\/wp.me\/P6f9xd-10Q","_links":{"self":[{"href":"https:\/\/ervadaninha.pt\/wp1\/index.php\/wp-json\/wp\/v2\/pages\/3896"}],"collection":[{"href":"https:\/\/ervadaninha.pt\/wp1\/index.php\/wp-json\/wp\/v2\/pages"}],"about":[{"href":"https:\/\/ervadaninha.pt\/wp1\/index.php\/wp-json\/wp\/v2\/types\/page"}],"author":[{"embeddable":true,"href":"https:\/\/ervadaninha.pt\/wp1\/index.php\/wp-json\/wp\/v2\/users\/1"}],"replies":[{"embeddable":true,"href":"https:\/\/ervadaninha.pt\/wp1\/index.php\/wp-json\/wp\/v2\/comments?post=3896"}],"version-history":[{"count":1,"href":"https:\/\/ervadaninha.pt\/wp1\/index.php\/wp-json\/wp\/v2\/pages\/3896\/revisions"}],"predecessor-version":[{"id":3897,"href":"https:\/\/ervadaninha.pt\/wp1\/index.php\/wp-json\/wp\/v2\/pages\/3896\/revisions\/3897"}],"wp:attachment":[{"href":"https:\/\/ervadaninha.pt\/wp1\/index.php\/wp-json\/wp\/v2\/media?parent=3896"}],"wp:term":[{"taxonomy":"post_tag","embeddable":true,"href":"https:\/\/ervadaninha.pt\/wp1\/index.php\/wp-json\/wp\/v2\/tags?post=3896"}],"curies":[{"name":"wp","href":"https:\/\/api.w.org\/{rel}","templated":true}]}}