{"id":3891,"date":"2025-08-05T11:38:23","date_gmt":"2025-08-05T11:38:23","guid":{"rendered":"https:\/\/ervadaninha.pt\/wp1\/?page_id=3891"},"modified":"2025-09-25T09:41:12","modified_gmt":"2025-09-25T09:41:12","slug":"vagalume-2","status":"publish","type":"page","link":"https:\/\/ervadaninha.pt\/wp1\/index.php\/en\/vagalume-2\/","title":{"rendered":"Vagalume"},"content":{"rendered":"\n<p><em>VAGALUME<\/em> by Cora\u00e7\u00e3o nas M\u00e3os    &#8211;    open rehearsal CED &#8211; Nov 5th &#8211; 17h &#8211; 2023<\/p>\n\n\n\n<div class=\"wp-block-media-text is-stacked-on-mobile is-image-fill\" style=\"grid-template-columns:35% auto\"><figure class=\"wp-block-media-text__media\" style=\"background-image:url(https:\/\/ervadaninha.pt\/wp1\/wp-content\/uploads\/2023\/11\/Vagalume@ErvaDaninha-17-940x1410.jpg);background-position:50% 50%\"><img decoding=\"async\" loading=\"lazy\" width=\"940\" height=\"1410\" src=\"https:\/\/ervadaninha.pt\/wp1\/wp-content\/uploads\/2023\/11\/Vagalume@ErvaDaninha-17-940x1410.jpg\" alt=\"\" class=\"wp-image-2838 size-full\" srcset=\"https:\/\/ervadaninha.pt\/wp1\/wp-content\/uploads\/2023\/11\/Vagalume@ErvaDaninha-17-940x1410.jpg 940w, https:\/\/ervadaninha.pt\/wp1\/wp-content\/uploads\/2023\/11\/Vagalume@ErvaDaninha-17-620x930.jpg 620w, https:\/\/ervadaninha.pt\/wp1\/wp-content\/uploads\/2023\/11\/Vagalume@ErvaDaninha-17-768x1152.jpg 768w, https:\/\/ervadaninha.pt\/wp1\/wp-content\/uploads\/2023\/11\/Vagalume@ErvaDaninha-17-1024x1536.jpg 1024w, https:\/\/ervadaninha.pt\/wp1\/wp-content\/uploads\/2023\/11\/Vagalume@ErvaDaninha-17-1365x2048.jpg 1365w, https:\/\/ervadaninha.pt\/wp1\/wp-content\/uploads\/2023\/11\/Vagalume@ErvaDaninha-17-200x300.jpg 200w, https:\/\/ervadaninha.pt\/wp1\/wp-content\/uploads\/2023\/11\/Vagalume@ErvaDaninha-17-scaled.jpg 1707w\" sizes=\"(max-width: 940px) 100vw, 940px\" \/><\/figure><div class=\"wp-block-media-text__content\">\n<p>Immersion. Apathy. Apnoea. Emotional depths, pitch black. When everything moves at the speed of light, a fading away. Electricity as a guiding thread, as an invisible flow, as a plot. A metaphor for mental health. A light at the end of the darkness. The hope of regaining one&#8217;s own light, the lightness of the inner child. A search for a state of calm, serenity and balance. To be whole again. To be luminescent again. To be in the Here and Now, sunny and happy. Simply to emerge.<\/p>\n\n\n\n<p><strong>Artistic Credits:<\/strong><\/p>\n\n\n\n<p>creation and performance: Joana Martins e Rita Martins<\/p>\n\n\n\n<p><\/p>\n\n\n\n<p>+info: <a href=\"https:\/\/www.facebook.com\/PoesiaemSuspensao\">Cora\u00e7\u00e3o nas M\u00e3os<\/a><\/p>\n<\/div><\/div>\n\n\n\n<figure class=\"wp-block-embed aligncenter is-type-video is-provider-vimeo wp-block-embed-vimeo wp-embed-aspect-16-9 wp-has-aspect-ratio\"><div class=\"wp-block-embed__wrapper\">\n<div class=\"jetpack-video-wrapper\"><iframe loading=\"lazy\" title=\"VAGALUME - Cora\u00e7\u00e3o nas M\u00e3os\" src=\"https:\/\/player.vimeo.com\/video\/885698357?dnt=1&amp;app_id=122963\" width=\"764\" height=\"430\" frameborder=\"0\" allow=\"autoplay; fullscreen; picture-in-picture; clipboard-write; encrypted-media; web-share\" referrerpolicy=\"strict-origin-when-cross-origin\"><\/iframe><\/div>\n<\/div><\/figure>\n","protected":false},"excerpt":{"rendered":"<p>VAGALUME by Cora\u00e7\u00e3o nas M\u00e3os &#8211; open rehearsal CED &#8211; Nov 5th &#8211; 17h &#8211; 2023 Immersion. Apathy. Apnoea. Emotional depths, pitch black. When everything moves at the speed of [&hellip;]<\/p>\n","protected":false},"author":1,"featured_media":0,"parent":0,"menu_order":0,"comment_status":"closed","ping_status":"closed","template":"","meta":{"_themeisle_gutenberg_block_has_review":false,"jetpack_post_was_ever_published":false,"footnotes":""},"tags":[],"yoast_head":"<!-- This site is optimized with the Yoast SEO plugin v21.0 - https:\/\/yoast.com\/wordpress\/plugins\/seo\/ -->\n<title>Vagalume - Erva Daninha<\/title>\n<meta name=\"robots\" content=\"index, follow, max-snippet:-1, max-image-preview:large, max-video-preview:-1\" \/>\n<link rel=\"canonical\" href=\"https:\/\/ervadaninha.pt\/wp1\/index.php\/en\/vagalume-2\/\" \/>\n<meta property=\"og:locale\" content=\"pt_PT\" \/>\n<meta property=\"og:type\" content=\"article\" \/>\n<meta property=\"og:title\" content=\"Vagalume - Erva Daninha\" \/>\n<meta property=\"og:description\" content=\"VAGALUME by Cora\u00e7\u00e3o nas M\u00e3os &#8211; open rehearsal CED &#8211; Nov 5th &#8211; 17h &#8211; 2023 Immersion. Apathy. Apnoea. Emotional depths, pitch black. When everything moves at the speed of [&hellip;]\" \/>\n<meta property=\"og:url\" content=\"https:\/\/ervadaninha.pt\/wp1\/index.php\/en\/vagalume-2\/\" \/>\n<meta property=\"og:site_name\" content=\"Erva Daninha\" \/>\n<meta property=\"article:modified_time\" content=\"2025-09-25T09:41:12+00:00\" \/>\n<meta property=\"og:image\" content=\"https:\/\/ervadaninha.pt\/wp1\/wp-content\/uploads\/2023\/11\/Vagalume@ErvaDaninha-17-940x1410.jpg\" \/>\n<meta name=\"twitter:card\" content=\"summary_large_image\" \/>\n<meta name=\"twitter:label1\" content=\"Tempo estimado de leitura\" \/>\n\t<meta name=\"twitter:data1\" content=\"1 minuto\" \/>\n<script type=\"application\/ld+json\" class=\"yoast-schema-graph\">{\"@context\":\"https:\/\/schema.org\",\"@graph\":[{\"@type\":\"WebPage\",\"@id\":\"https:\/\/ervadaninha.pt\/wp1\/index.php\/en\/vagalume-2\/\",\"url\":\"https:\/\/ervadaninha.pt\/wp1\/index.php\/en\/vagalume-2\/\",\"name\":\"Vagalume - Erva Daninha\",\"isPartOf\":{\"@id\":\"https:\/\/ervadaninha.pt\/wp1\/#website\"},\"datePublished\":\"2025-08-05T11:38:23+00:00\",\"dateModified\":\"2025-09-25T09:41:12+00:00\",\"breadcrumb\":{\"@id\":\"https:\/\/ervadaninha.pt\/wp1\/index.php\/en\/vagalume-2\/#breadcrumb\"},\"inLanguage\":\"pt-PT\",\"potentialAction\":[{\"@type\":\"ReadAction\",\"target\":[\"https:\/\/ervadaninha.pt\/wp1\/index.php\/en\/vagalume-2\/\"]}]},{\"@type\":\"BreadcrumbList\",\"@id\":\"https:\/\/ervadaninha.pt\/wp1\/index.php\/en\/vagalume-2\/#breadcrumb\",\"itemListElement\":[{\"@type\":\"ListItem\",\"position\":1,\"name\":\"Home\",\"item\":\"https:\/\/ervadaninha.pt\/wp1\/\"},{\"@type\":\"ListItem\",\"position\":2,\"name\":\"Vagalume\"}]},{\"@type\":\"WebSite\",\"@id\":\"https:\/\/ervadaninha.pt\/wp1\/#website\",\"url\":\"https:\/\/ervadaninha.pt\/wp1\/\",\"name\":\"Erva Daninha\",\"description\":\"Erva Daninha\",\"publisher\":{\"@id\":\"https:\/\/ervadaninha.pt\/wp1\/#organization\"},\"potentialAction\":[{\"@type\":\"SearchAction\",\"target\":{\"@type\":\"EntryPoint\",\"urlTemplate\":\"https:\/\/ervadaninha.pt\/wp1\/?s={search_term_string}\"},\"query-input\":\"required name=search_term_string\"}],\"inLanguage\":\"pt-PT\"},{\"@type\":\"Organization\",\"@id\":\"https:\/\/ervadaninha.pt\/wp1\/#organization\",\"name\":\"Erva Daninha\",\"url\":\"https:\/\/ervadaninha.pt\/wp1\/\",\"logo\":{\"@type\":\"ImageObject\",\"inLanguage\":\"pt-PT\",\"@id\":\"https:\/\/ervadaninha.pt\/wp1\/#\/schema\/logo\/image\/\",\"url\":\"https:\/\/ervadaninha.pt\/wp1\/wp-content\/uploads\/2023\/09\/cropped-ervadaninha_preto_s.png\",\"contentUrl\":\"https:\/\/ervadaninha.pt\/wp1\/wp-content\/uploads\/2023\/09\/cropped-ervadaninha_preto_s.png\",\"width\":100,\"height\":49,\"caption\":\"Erva Daninha\"},\"image\":{\"@id\":\"https:\/\/ervadaninha.pt\/wp1\/#\/schema\/logo\/image\/\"}}]}<\/script>\n<!-- \/ Yoast SEO plugin. -->","yoast_head_json":{"title":"Vagalume - Erva Daninha","robots":{"index":"index","follow":"follow","max-snippet":"max-snippet:-1","max-image-preview":"max-image-preview:large","max-video-preview":"max-video-preview:-1"},"canonical":"https:\/\/ervadaninha.pt\/wp1\/index.php\/en\/vagalume-2\/","og_locale":"pt_PT","og_type":"article","og_title":"Vagalume - Erva Daninha","og_description":"VAGALUME by Cora\u00e7\u00e3o nas M\u00e3os &#8211; open rehearsal CED &#8211; Nov 5th &#8211; 17h &#8211; 2023 Immersion. Apathy. Apnoea. Emotional depths, pitch black. When everything moves at the speed of [&hellip;]","og_url":"https:\/\/ervadaninha.pt\/wp1\/index.php\/en\/vagalume-2\/","og_site_name":"Erva Daninha","article_modified_time":"2025-09-25T09:41:12+00:00","og_image":[{"url":"https:\/\/ervadaninha.pt\/wp1\/wp-content\/uploads\/2023\/11\/Vagalume@ErvaDaninha-17-940x1410.jpg"}],"twitter_card":"summary_large_image","twitter_misc":{"Tempo estimado de leitura":"1 minuto"},"schema":{"@context":"https:\/\/schema.org","@graph":[{"@type":"WebPage","@id":"https:\/\/ervadaninha.pt\/wp1\/index.php\/en\/vagalume-2\/","url":"https:\/\/ervadaninha.pt\/wp1\/index.php\/en\/vagalume-2\/","name":"Vagalume - Erva Daninha","isPartOf":{"@id":"https:\/\/ervadaninha.pt\/wp1\/#website"},"datePublished":"2025-08-05T11:38:23+00:00","dateModified":"2025-09-25T09:41:12+00:00","breadcrumb":{"@id":"https:\/\/ervadaninha.pt\/wp1\/index.php\/en\/vagalume-2\/#breadcrumb"},"inLanguage":"pt-PT","potentialAction":[{"@type":"ReadAction","target":["https:\/\/ervadaninha.pt\/wp1\/index.php\/en\/vagalume-2\/"]}]},{"@type":"BreadcrumbList","@id":"https:\/\/ervadaninha.pt\/wp1\/index.php\/en\/vagalume-2\/#breadcrumb","itemListElement":[{"@type":"ListItem","position":1,"name":"Home","item":"https:\/\/ervadaninha.pt\/wp1\/"},{"@type":"ListItem","position":2,"name":"Vagalume"}]},{"@type":"WebSite","@id":"https:\/\/ervadaninha.pt\/wp1\/#website","url":"https:\/\/ervadaninha.pt\/wp1\/","name":"Erva Daninha","description":"Erva Daninha","publisher":{"@id":"https:\/\/ervadaninha.pt\/wp1\/#organization"},"potentialAction":[{"@type":"SearchAction","target":{"@type":"EntryPoint","urlTemplate":"https:\/\/ervadaninha.pt\/wp1\/?s={search_term_string}"},"query-input":"required name=search_term_string"}],"inLanguage":"pt-PT"},{"@type":"Organization","@id":"https:\/\/ervadaninha.pt\/wp1\/#organization","name":"Erva Daninha","url":"https:\/\/ervadaninha.pt\/wp1\/","logo":{"@type":"ImageObject","inLanguage":"pt-PT","@id":"https:\/\/ervadaninha.pt\/wp1\/#\/schema\/logo\/image\/","url":"https:\/\/ervadaninha.pt\/wp1\/wp-content\/uploads\/2023\/09\/cropped-ervadaninha_preto_s.png","contentUrl":"https:\/\/ervadaninha.pt\/wp1\/wp-content\/uploads\/2023\/09\/cropped-ervadaninha_preto_s.png","width":100,"height":49,"caption":"Erva Daninha"},"image":{"@id":"https:\/\/ervadaninha.pt\/wp1\/#\/schema\/logo\/image\/"}}]}},"jetpack_sharing_enabled":true,"jetpack_shortlink":"https:\/\/wp.me\/P6f9xd-10L","_links":{"self":[{"href":"https:\/\/ervadaninha.pt\/wp1\/index.php\/wp-json\/wp\/v2\/pages\/3891"}],"collection":[{"href":"https:\/\/ervadaninha.pt\/wp1\/index.php\/wp-json\/wp\/v2\/pages"}],"about":[{"href":"https:\/\/ervadaninha.pt\/wp1\/index.php\/wp-json\/wp\/v2\/types\/page"}],"author":[{"embeddable":true,"href":"https:\/\/ervadaninha.pt\/wp1\/index.php\/wp-json\/wp\/v2\/users\/1"}],"replies":[{"embeddable":true,"href":"https:\/\/ervadaninha.pt\/wp1\/index.php\/wp-json\/wp\/v2\/comments?post=3891"}],"version-history":[{"count":4,"href":"https:\/\/ervadaninha.pt\/wp1\/index.php\/wp-json\/wp\/v2\/pages\/3891\/revisions"}],"predecessor-version":[{"id":4092,"href":"https:\/\/ervadaninha.pt\/wp1\/index.php\/wp-json\/wp\/v2\/pages\/3891\/revisions\/4092"}],"wp:attachment":[{"href":"https:\/\/ervadaninha.pt\/wp1\/index.php\/wp-json\/wp\/v2\/media?parent=3891"}],"wp:term":[{"taxonomy":"post_tag","embeddable":true,"href":"https:\/\/ervadaninha.pt\/wp1\/index.php\/wp-json\/wp\/v2\/tags?post=3891"}],"curies":[{"name":"wp","href":"https:\/\/api.w.org\/{rel}","templated":true}]}}

<p><em>VAGALUME</em> by Coração nas Mãos    &#8211;    open rehearsal CED &#8211; Nov 5th &#8211; 17h &#8211; 2023</p>



<div class="wp-block-media-text is-stacked-on-mobile is-image-fill" style="grid-template-columns:35% auto"><figure class="wp-block-media-text__media" style="background-image:url(https://ervadaninha.pt/wp1/wp-content/uploads/2023/11/Vagalume@ErvaDaninha-17-940x1410.jpg);background-position:50% 50%"><img decoding="async" loading="lazy" width="940" height="1410" src="https://ervadaninha.pt/wp1/wp-content/uploads/2023/11/Vagalume@ErvaDaninha-17-940x1410.jpg" alt="" class="wp-image-2838 size-full" srcset="https://ervadaninha.pt/wp1/wp-content/uploads/2023/11/Vagalume@ErvaDaninha-17-940x1410.jpg 940w, https://ervadaninha.pt/wp1/wp-content/uploads/2023/11/Vagalume@ErvaDaninha-17-620x930.jpg 620w, https://ervadaninha.pt/wp1/wp-content/uploads/2023/11/Vagalume@ErvaDaninha-17-768x1152.jpg 768w, https://ervadaninha.pt/wp1/wp-content/uploads/2023/11/Vagalume@ErvaDaninha-17-1024x1536.jpg 1024w, https://ervadaninha.pt/wp1/wp-content/uploads/2023/11/Vagalume@ErvaDaninha-17-1365x2048.jpg 1365w, https://ervadaninha.pt/wp1/wp-content/uploads/2023/11/Vagalume@ErvaDaninha-17-200x300.jpg 200w, https://ervadaninha.pt/wp1/wp-content/uploads/2023/11/Vagalume@ErvaDaninha-17-scaled.jpg 1707w" sizes="(max-width: 940px) 100vw, 940px" /></figure><div class="wp-block-media-text__content">
<p>Immersion. Apathy. Apnoea. Emotional depths, pitch black. When everything moves at the speed of light, a fading away. Electricity as a guiding thread, as an invisible flow, as a plot. A metaphor for mental health. A light at the end of the darkness. The hope of regaining one&#8217;s own light, the lightness of the inner child. A search for a state of calm, serenity and balance. To be whole again. To be luminescent again. To be in the Here and Now, sunny and happy. Simply to emerge.</p>



<p><strong>Artistic Credits:</strong></p>



<p>creation and performance: Joana Martins e Rita Martins</p>



<p></p>



<p>+info: <a href="https://www.facebook.com/PoesiaemSuspensao">Coração nas Mãos</a></p>
</div></div>



<figure class="wp-block-embed aligncenter is-type-video is-provider-vimeo wp-block-embed-vimeo wp-embed-aspect-16-9 wp-has-aspect-ratio"><div class="wp-block-embed__wrapper">
<div class="jetpack-video-wrapper"><iframe loading="lazy" title="VAGALUME - Coração nas Mãos" src="https://player.vimeo.com/video/885698357?dnt=1&amp;app_id=122963" width="764" height="430" frameborder="0" allow="autoplay; fullscreen; picture-in-picture; clipboard-write; encrypted-media; web-share" referrerpolicy="strict-origin-when-cross-origin"></iframe></div>
</div></figure>

<p>VAGALUME by Coração nas Mãos &#8211; open rehearsal CED &#8211; Nov 5th &#8211; 17h &#8211; 2023 Immersion. Apathy. Apnoea. Emotional depths, pitch black. When everything moves at the speed of [&hellip;]</p>

<!-- This site is optimized with the Yoast SEO plugin v21.0 - https://yoast.com/wordpress/plugins/seo/ -->
<title>Vagalume - Erva Daninha</title>
<meta name="robots" content="index, follow, max-snippet:-1, max-image-preview:large, max-video-preview:-1" />
<link rel="canonical" href="https://ervadaninha.pt/wp1/index.php/en/vagalume-2/" />
<meta property="og:locale" content="pt_PT" />
<meta property="og:type" content="article" />
<meta property="og:title" content="Vagalume - Erva Daninha" />
<meta property="og:description" content="VAGALUME by Coração nas Mãos &#8211; open rehearsal CED &#8211; Nov 5th &#8211; 17h &#8211; 2023 Immersion. Apathy. Apnoea. Emotional depths, pitch black. When everything moves at the speed of [&hellip;]" />
<meta property="og:url" content="https://ervadaninha.pt/wp1/index.php/en/vagalume-2/" />
<meta property="og:site_name" content="Erva Daninha" />
<meta property="article:modified_time" content="2025-09-25T09:41:12+00:00" />
<meta property="og:image" content="https://ervadaninha.pt/wp1/wp-content/uploads/2023/11/Vagalume@ErvaDaninha-17-940x1410.jpg" />
<meta name="twitter:card" content="summary_large_image" />
<meta name="twitter:label1" content="Tempo estimado de leitura" />
	<meta name="twitter:data1" content="1 minuto" />
<script type="application/ld+json" class="yoast-schema-graph">{"@context":"https://schema.org","@graph":[{"@type":"WebPage","@id":"https://ervadaninha.pt/wp1/index.php/en/vagalume-2/","url":"https://ervadaninha.pt/wp1/index.php/en/vagalume-2/","name":"Vagalume - Erva Daninha","isPartOf":{"@id":"https://ervadaninha.pt/wp1/#website"},"datePublished":"2025-08-05T11:38:23+00:00","dateModified":"2025-09-25T09:41:12+00:00","breadcrumb":{"@id":"https://ervadaninha.pt/wp1/index.php/en/vagalume-2/#breadcrumb"},"inLanguage":"pt-PT","potentialAction":[{"@type":"ReadAction","target":["https://ervadaninha.pt/wp1/index.php/en/vagalume-2/"]}]},{"@type":"BreadcrumbList","@id":"https://ervadaninha.pt/wp1/index.php/en/vagalume-2/#breadcrumb","itemListElement":[{"@type":"ListItem","position":1,"name":"Home","item":"https://ervadaninha.pt/wp1/"},{"@type":"ListItem","position":2,"name":"Vagalume"}]},{"@type":"WebSite","@id":"https://ervadaninha.pt/wp1/#website","url":"https://ervadaninha.pt/wp1/","name":"Erva Daninha","description":"Erva Daninha","publisher":{"@id":"https://ervadaninha.pt/wp1/#organization"},"potentialAction":[{"@type":"SearchAction","target":{"@type":"EntryPoint","urlTemplate":"https://ervadaninha.pt/wp1/?s={search_term_string}"},"query-input":"required name=search_term_string"}],"inLanguage":"pt-PT"},{"@type":"Organization","@id":"https://ervadaninha.pt/wp1/#organization","name":"Erva Daninha","url":"https://ervadaninha.pt/wp1/","logo":{"@type":"ImageObject","inLanguage":"pt-PT","@id":"https://ervadaninha.pt/wp1/#/schema/logo/image/","url":"https://ervadaninha.pt/wp1/wp-content/uploads/2023/09/cropped-ervadaninha_preto_s.png","contentUrl":"https://ervadaninha.pt/wp1/wp-content/uploads/2023/09/cropped-ervadaninha_preto_s.png","width":100,"height":49,"caption":"Erva Daninha"},"image":{"@id":"https://ervadaninha.pt/wp1/#/schema/logo/image/"}}]}</script>
<!-- / Yoast SEO plugin. -->

VAGALUME by Coração nas Mãos &#8211; open rehearsal CED &#8211; Nov 5th &#8211; 17h &#8211; 2023 Immersion. Apathy. Apnoea. Emotional depths, pitch black. When everything moves at the speed of [&hellip;]
