{"id":3593,"date":"2025-05-09T10:06:35","date_gmt":"2025-05-09T10:06:35","guid":{"rendered":"https:\/\/ervadaninha.pt\/wp1\/?page_id=3593"},"modified":"2025-09-25T09:24:28","modified_gmt":"2025-09-25T09:24:28","slug":"elvis-mendes","status":"publish","type":"page","link":"https:\/\/ervadaninha.pt\/wp1\/index.php\/elvis-mendes\/","title":{"rendered":"A idade da borboleta de Elvis Mendes"},"content":{"rendered":"\n<p>3 Mai 25 | 17h | 30\u2019 | M3 | Clube Erva Daninha | Ensaio de Circo<\/p>\n\n\n\n<figure class=\"wp-block-embed is-type-video is-provider-vimeo wp-block-embed-vimeo wp-embed-aspect-16-9 wp-has-aspect-ratio\"><div class=\"wp-block-embed__wrapper\">\n<div class=\"jetpack-video-wrapper\"><div class=\"embed-vimeo\" style=\"text-align: center;\"><iframe loading=\"lazy\" src=\"https:\/\/player.vimeo.com\/video\/1082328127\" width=\"764\" height=\"430\" frameborder=\"0\" webkitallowfullscreen mozallowfullscreen allowfullscreen><\/iframe><\/div><\/div>\n<\/div><\/figure>\n\n\n\n<p>cria\u00e7\u00e3o e interpreta\u00e7\u00e3o ELVIS MENDES<\/p>\n\n\n\n<p>+info: <a href=\"https:\/\/www.instagram.com\/elvis_mendes_\/\">https:\/\/www.instagram.com\/elvis_mendes_\/<\/a><\/p>\n","protected":false},"excerpt":{"rendered":"<p>3 Mai 25 | 17h | 30\u2019 | M3 | Clube Erva Daninha | Ensaio de Circo cria\u00e7\u00e3o e interpreta\u00e7\u00e3o ELVIS MENDES +info: https:\/\/www.instagram.com\/elvis_mendes_\/<\/p>\n","protected":false},"author":1,"featured_media":0,"parent":0,"menu_order":0,"comment_status":"closed","ping_status":"closed","template":"","meta":{"_themeisle_gutenberg_block_has_review":false,"jetpack_post_was_ever_published":false,"footnotes":""},"tags":[],"yoast_head":"<!-- This site is optimized with the Yoast SEO plugin v21.0 - https:\/\/yoast.com\/wordpress\/plugins\/seo\/ -->\n<title>A idade da borboleta de Elvis Mendes - Erva Daninha<\/title>\n<meta name=\"robots\" content=\"index, follow, max-snippet:-1, max-image-preview:large, max-video-preview:-1\" \/>\n<link rel=\"canonical\" href=\"https:\/\/ervadaninha.pt\/wp1\/index.php\/elvis-mendes\/\" \/>\n<meta property=\"og:locale\" content=\"pt_PT\" \/>\n<meta property=\"og:type\" content=\"article\" \/>\n<meta property=\"og:title\" content=\"A idade da borboleta de Elvis Mendes - Erva Daninha\" \/>\n<meta property=\"og:description\" content=\"3 Mai 25 | 17h | 30\u2019 | M3 | Clube Erva Daninha | Ensaio de Circo cria\u00e7\u00e3o e interpreta\u00e7\u00e3o ELVIS MENDES +info: https:\/\/www.instagram.com\/elvis_mendes_\/\" \/>\n<meta property=\"og:url\" content=\"https:\/\/ervadaninha.pt\/wp1\/index.php\/elvis-mendes\/\" \/>\n<meta property=\"og:site_name\" content=\"Erva Daninha\" \/>\n<meta property=\"article:modified_time\" content=\"2025-09-25T09:24:28+00:00\" \/>\n<meta name=\"twitter:card\" content=\"summary_large_image\" \/>\n<meta name=\"twitter:label1\" content=\"Tempo estimado de leitura\" \/>\n\t<meta name=\"twitter:data1\" content=\"1 minuto\" \/>\n<script type=\"application\/ld+json\" class=\"yoast-schema-graph\">{\"@context\":\"https:\/\/schema.org\",\"@graph\":[{\"@type\":\"WebPage\",\"@id\":\"https:\/\/ervadaninha.pt\/wp1\/index.php\/elvis-mendes\/\",\"url\":\"https:\/\/ervadaninha.pt\/wp1\/index.php\/elvis-mendes\/\",\"name\":\"A idade da borboleta de Elvis Mendes - Erva Daninha\",\"isPartOf\":{\"@id\":\"https:\/\/ervadaninha.pt\/wp1\/#website\"},\"datePublished\":\"2025-05-09T10:06:35+00:00\",\"dateModified\":\"2025-09-25T09:24:28+00:00\",\"breadcrumb\":{\"@id\":\"https:\/\/ervadaninha.pt\/wp1\/index.php\/elvis-mendes\/#breadcrumb\"},\"inLanguage\":\"pt-PT\",\"potentialAction\":[{\"@type\":\"ReadAction\",\"target\":[\"https:\/\/ervadaninha.pt\/wp1\/index.php\/elvis-mendes\/\"]}]},{\"@type\":\"BreadcrumbList\",\"@id\":\"https:\/\/ervadaninha.pt\/wp1\/index.php\/elvis-mendes\/#breadcrumb\",\"itemListElement\":[{\"@type\":\"ListItem\",\"position\":1,\"name\":\"Home\",\"item\":\"https:\/\/ervadaninha.pt\/wp1\/\"},{\"@type\":\"ListItem\",\"position\":2,\"name\":\"A idade da borboleta de Elvis Mendes\"}]},{\"@type\":\"WebSite\",\"@id\":\"https:\/\/ervadaninha.pt\/wp1\/#website\",\"url\":\"https:\/\/ervadaninha.pt\/wp1\/\",\"name\":\"Erva Daninha\",\"description\":\"Erva Daninha\",\"publisher\":{\"@id\":\"https:\/\/ervadaninha.pt\/wp1\/#organization\"},\"potentialAction\":[{\"@type\":\"SearchAction\",\"target\":{\"@type\":\"EntryPoint\",\"urlTemplate\":\"https:\/\/ervadaninha.pt\/wp1\/?s={search_term_string}\"},\"query-input\":\"required name=search_term_string\"}],\"inLanguage\":\"pt-PT\"},{\"@type\":\"Organization\",\"@id\":\"https:\/\/ervadaninha.pt\/wp1\/#organization\",\"name\":\"Erva Daninha\",\"url\":\"https:\/\/ervadaninha.pt\/wp1\/\",\"logo\":{\"@type\":\"ImageObject\",\"inLanguage\":\"pt-PT\",\"@id\":\"https:\/\/ervadaninha.pt\/wp1\/#\/schema\/logo\/image\/\",\"url\":\"https:\/\/ervadaninha.pt\/wp1\/wp-content\/uploads\/2023\/09\/cropped-ervadaninha_preto_s.png\",\"contentUrl\":\"https:\/\/ervadaninha.pt\/wp1\/wp-content\/uploads\/2023\/09\/cropped-ervadaninha_preto_s.png\",\"width\":100,\"height\":49,\"caption\":\"Erva Daninha\"},\"image\":{\"@id\":\"https:\/\/ervadaninha.pt\/wp1\/#\/schema\/logo\/image\/\"}}]}<\/script>\n<!-- \/ Yoast SEO plugin. -->","yoast_head_json":{"title":"A idade da borboleta de Elvis Mendes - Erva Daninha","robots":{"index":"index","follow":"follow","max-snippet":"max-snippet:-1","max-image-preview":"max-image-preview:large","max-video-preview":"max-video-preview:-1"},"canonical":"https:\/\/ervadaninha.pt\/wp1\/index.php\/elvis-mendes\/","og_locale":"pt_PT","og_type":"article","og_title":"A idade da borboleta de Elvis Mendes - Erva Daninha","og_description":"3 Mai 25 | 17h | 30\u2019 | M3 | Clube Erva Daninha | Ensaio de Circo cria\u00e7\u00e3o e interpreta\u00e7\u00e3o ELVIS MENDES +info: https:\/\/www.instagram.com\/elvis_mendes_\/","og_url":"https:\/\/ervadaninha.pt\/wp1\/index.php\/elvis-mendes\/","og_site_name":"Erva Daninha","article_modified_time":"2025-09-25T09:24:28+00:00","twitter_card":"summary_large_image","twitter_misc":{"Tempo estimado de leitura":"1 minuto"},"schema":{"@context":"https:\/\/schema.org","@graph":[{"@type":"WebPage","@id":"https:\/\/ervadaninha.pt\/wp1\/index.php\/elvis-mendes\/","url":"https:\/\/ervadaninha.pt\/wp1\/index.php\/elvis-mendes\/","name":"A idade da borboleta de Elvis Mendes - Erva Daninha","isPartOf":{"@id":"https:\/\/ervadaninha.pt\/wp1\/#website"},"datePublished":"2025-05-09T10:06:35+00:00","dateModified":"2025-09-25T09:24:28+00:00","breadcrumb":{"@id":"https:\/\/ervadaninha.pt\/wp1\/index.php\/elvis-mendes\/#breadcrumb"},"inLanguage":"pt-PT","potentialAction":[{"@type":"ReadAction","target":["https:\/\/ervadaninha.pt\/wp1\/index.php\/elvis-mendes\/"]}]},{"@type":"BreadcrumbList","@id":"https:\/\/ervadaninha.pt\/wp1\/index.php\/elvis-mendes\/#breadcrumb","itemListElement":[{"@type":"ListItem","position":1,"name":"Home","item":"https:\/\/ervadaninha.pt\/wp1\/"},{"@type":"ListItem","position":2,"name":"A idade da borboleta de Elvis Mendes"}]},{"@type":"WebSite","@id":"https:\/\/ervadaninha.pt\/wp1\/#website","url":"https:\/\/ervadaninha.pt\/wp1\/","name":"Erva Daninha","description":"Erva Daninha","publisher":{"@id":"https:\/\/ervadaninha.pt\/wp1\/#organization"},"potentialAction":[{"@type":"SearchAction","target":{"@type":"EntryPoint","urlTemplate":"https:\/\/ervadaninha.pt\/wp1\/?s={search_term_string}"},"query-input":"required name=search_term_string"}],"inLanguage":"pt-PT"},{"@type":"Organization","@id":"https:\/\/ervadaninha.pt\/wp1\/#organization","name":"Erva Daninha","url":"https:\/\/ervadaninha.pt\/wp1\/","logo":{"@type":"ImageObject","inLanguage":"pt-PT","@id":"https:\/\/ervadaninha.pt\/wp1\/#\/schema\/logo\/image\/","url":"https:\/\/ervadaninha.pt\/wp1\/wp-content\/uploads\/2023\/09\/cropped-ervadaninha_preto_s.png","contentUrl":"https:\/\/ervadaninha.pt\/wp1\/wp-content\/uploads\/2023\/09\/cropped-ervadaninha_preto_s.png","width":100,"height":49,"caption":"Erva Daninha"},"image":{"@id":"https:\/\/ervadaninha.pt\/wp1\/#\/schema\/logo\/image\/"}}]}},"jetpack_sharing_enabled":true,"jetpack_shortlink":"https:\/\/wp.me\/P6f9xd-VX","_links":{"self":[{"href":"https:\/\/ervadaninha.pt\/wp1\/index.php\/wp-json\/wp\/v2\/pages\/3593"}],"collection":[{"href":"https:\/\/ervadaninha.pt\/wp1\/index.php\/wp-json\/wp\/v2\/pages"}],"about":[{"href":"https:\/\/ervadaninha.pt\/wp1\/index.php\/wp-json\/wp\/v2\/types\/page"}],"author":[{"embeddable":true,"href":"https:\/\/ervadaninha.pt\/wp1\/index.php\/wp-json\/wp\/v2\/users\/1"}],"replies":[{"embeddable":true,"href":"https:\/\/ervadaninha.pt\/wp1\/index.php\/wp-json\/wp\/v2\/comments?post=3593"}],"version-history":[{"count":3,"href":"https:\/\/ervadaninha.pt\/wp1\/index.php\/wp-json\/wp\/v2\/pages\/3593\/revisions"}],"predecessor-version":[{"id":4086,"href":"https:\/\/ervadaninha.pt\/wp1\/index.php\/wp-json\/wp\/v2\/pages\/3593\/revisions\/4086"}],"wp:attachment":[{"href":"https:\/\/ervadaninha.pt\/wp1\/index.php\/wp-json\/wp\/v2\/media?parent=3593"}],"wp:term":[{"taxonomy":"post_tag","embeddable":true,"href":"https:\/\/ervadaninha.pt\/wp1\/index.php\/wp-json\/wp\/v2\/tags?post=3593"}],"curies":[{"name":"wp","href":"https:\/\/api.w.org\/{rel}","templated":true}]}}

<p>3 Mai 25 | 17h | 30’ | M3 | Clube Erva Daninha | Ensaio de Circo</p>



<figure class="wp-block-embed is-type-video is-provider-vimeo wp-block-embed-vimeo wp-embed-aspect-16-9 wp-has-aspect-ratio"><div class="wp-block-embed__wrapper">
<div class="jetpack-video-wrapper"><div class="embed-vimeo" style="text-align: center;"><iframe loading="lazy" src="https://player.vimeo.com/video/1082328127" width="764" height="430" frameborder="0" webkitallowfullscreen mozallowfullscreen allowfullscreen></iframe></div></div>
</div></figure>



<p>criação e interpretação ELVIS MENDES</p>



<p>+info: <a href="https://www.instagram.com/elvis_mendes_/">https://www.instagram.com/elvis_mendes_/</a></p>

<p>3 Mai 25 | 17h | 30’ | M3 | Clube Erva Daninha | Ensaio de Circo criação e interpretação ELVIS MENDES +info: https://www.instagram.com/elvis_mendes_/</p>

<!-- This site is optimized with the Yoast SEO plugin v21.0 - https://yoast.com/wordpress/plugins/seo/ -->
<title>A idade da borboleta de Elvis Mendes - Erva Daninha</title>
<meta name="robots" content="index, follow, max-snippet:-1, max-image-preview:large, max-video-preview:-1" />
<link rel="canonical" href="https://ervadaninha.pt/wp1/index.php/elvis-mendes/" />
<meta property="og:locale" content="pt_PT" />
<meta property="og:type" content="article" />
<meta property="og:title" content="A idade da borboleta de Elvis Mendes - Erva Daninha" />
<meta property="og:description" content="3 Mai 25 | 17h | 30’ | M3 | Clube Erva Daninha | Ensaio de Circo criação e interpretação ELVIS MENDES +info: https://www.instagram.com/elvis_mendes_/" />
<meta property="og:url" content="https://ervadaninha.pt/wp1/index.php/elvis-mendes/" />
<meta property="og:site_name" content="Erva Daninha" />
<meta property="article:modified_time" content="2025-09-25T09:24:28+00:00" />
<meta name="twitter:card" content="summary_large_image" />
<meta name="twitter:label1" content="Tempo estimado de leitura" />
	<meta name="twitter:data1" content="1 minuto" />
<script type="application/ld+json" class="yoast-schema-graph">{"@context":"https://schema.org","@graph":[{"@type":"WebPage","@id":"https://ervadaninha.pt/wp1/index.php/elvis-mendes/","url":"https://ervadaninha.pt/wp1/index.php/elvis-mendes/","name":"A idade da borboleta de Elvis Mendes - Erva Daninha","isPartOf":{"@id":"https://ervadaninha.pt/wp1/#website"},"datePublished":"2025-05-09T10:06:35+00:00","dateModified":"2025-09-25T09:24:28+00:00","breadcrumb":{"@id":"https://ervadaninha.pt/wp1/index.php/elvis-mendes/#breadcrumb"},"inLanguage":"pt-PT","potentialAction":[{"@type":"ReadAction","target":["https://ervadaninha.pt/wp1/index.php/elvis-mendes/"]}]},{"@type":"BreadcrumbList","@id":"https://ervadaninha.pt/wp1/index.php/elvis-mendes/#breadcrumb","itemListElement":[{"@type":"ListItem","position":1,"name":"Home","item":"https://ervadaninha.pt/wp1/"},{"@type":"ListItem","position":2,"name":"A idade da borboleta de Elvis Mendes"}]},{"@type":"WebSite","@id":"https://ervadaninha.pt/wp1/#website","url":"https://ervadaninha.pt/wp1/","name":"Erva Daninha","description":"Erva Daninha","publisher":{"@id":"https://ervadaninha.pt/wp1/#organization"},"potentialAction":[{"@type":"SearchAction","target":{"@type":"EntryPoint","urlTemplate":"https://ervadaninha.pt/wp1/?s={search_term_string}"},"query-input":"required name=search_term_string"}],"inLanguage":"pt-PT"},{"@type":"Organization","@id":"https://ervadaninha.pt/wp1/#organization","name":"Erva Daninha","url":"https://ervadaninha.pt/wp1/","logo":{"@type":"ImageObject","inLanguage":"pt-PT","@id":"https://ervadaninha.pt/wp1/#/schema/logo/image/","url":"https://ervadaninha.pt/wp1/wp-content/uploads/2023/09/cropped-ervadaninha_preto_s.png","contentUrl":"https://ervadaninha.pt/wp1/wp-content/uploads/2023/09/cropped-ervadaninha_preto_s.png","width":100,"height":49,"caption":"Erva Daninha"},"image":{"@id":"https://ervadaninha.pt/wp1/#/schema/logo/image/"}}]}</script>
<!-- / Yoast SEO plugin. -->

3 Mai 25 | 17h | 30’ | M3 | Clube Erva Daninha | Ensaio de Circo criação e interpretação ELVIS MENDES +info: https://www.instagram.com/elvis_mendes_/
