{"id":3547,"date":"2025-03-07T10:33:04","date_gmt":"2025-03-07T10:33:04","guid":{"rendered":"https:\/\/ervadaninha.pt\/wp1\/?page_id=3547"},"modified":"2025-09-25T09:22:27","modified_gmt":"2025-09-25T09:22:27","slug":"cream","status":"publish","type":"page","link":"https:\/\/ervadaninha.pt\/wp1\/index.php\/cream\/","title":{"rendered":"CREAM de INAC"},"content":{"rendered":"\n<p>1 Mar 25 | 17h | 40\u2019 | M3 | Clube Circo Contempor\u00e2neo | Ensaio de Circo <\/p>\n\n\n\n<p>CREAM &#8211; Uma explora\u00e7\u00e3o da rela\u00e7\u00e3o entre o humano e a m\u00e1quina na era da tecnologia moderna. Esta performance de malabarismo oferece uma vis\u00e3o \u00fanica entre a express\u00e3o humana e a precis\u00e3o artificial, retratando a experi\u00eancia de um sujeito gradualmente absorvido por um sistema, levantando quest\u00f5es essenciais sobre o que significa ser humano num mundo dominado pela tecnologia. No cen\u00e1rio de um videogame, ambientada num espa\u00e7o em tons de pastel, a performance incorpora elementos de escape room, com uma s\u00e9rie de puzzles e desafios. Neste universo, o sujeito \u00e9 conduzido at\u00e9 ao final do jogo pela m\u00fasica em tom experimental que \u00e9 reproduzida ao vivo.\u00a0<\/p>\n\n\n\n<figure class=\"wp-block-embed aligncenter is-type-video is-provider-vimeo wp-block-embed-vimeo wp-embed-aspect-16-9 wp-has-aspect-ratio\"><div class=\"wp-block-embed__wrapper\">\n<div class=\"jetpack-video-wrapper\"><iframe loading=\"lazy\" title=\"CREAM de INAC \/ Dire\u00e7\u00e3o JORGE LIX\" src=\"https:\/\/player.vimeo.com\/video\/1063486755?dnt=1&amp;app_id=122963\" width=\"764\" height=\"430\" frameborder=\"0\" allow=\"autoplay; fullscreen; picture-in-picture; clipboard-write; encrypted-media; web-share\" referrerpolicy=\"strict-origin-when-cross-origin\"><\/iframe><\/div>\n<\/div><\/figure>\n\n\n\n<div class=\"wp-block-group is-layout-constrained wp-block-group-is-layout-constrained\"><div class=\"wp-block-group__inner-container\">\n<p>Dire\u00e7\u00e3o JORGE LIX&nbsp;<\/p>\n\n\n\n<p>Int\u00e9rpretes JORGE LIX e ANDR\u00c9 BORGES&nbsp;<\/p>\n\n\n\n<p>Olhar externo VASCO GOMES \/ ERVA DANINHA&nbsp;<\/p>\n\n\n\n<p>M\u00fasica original ANDR\u00c9 BORGES&nbsp;<\/p>\n\n\n\n<p>Conceito cenogr\u00e1fico JORGE LIX&nbsp;<\/p>\n\n\n\n<p>Cenografia e adere\u00e7os ANDR\u00c9 SANTOS<\/p>\n\n\n\n<p>Dire\u00e7\u00e3o t\u00e9cnica ANDR\u00c9 FREITAS&nbsp;<\/p>\n\n\n\n<p>Figurinos BINA&nbsp;<\/p>\n\n\n\n<p>Identidade gr\u00e1fica \/ fotografia e v\u00eddeo&nbsp;JORGE&nbsp;LUCAS<\/p>\n\n\n\n<p>Co-produ\u00e7\u00e3o:\u00a0ERVA DANINHA (FESTIVAL TRENGO), CM SANTA MARIA DA FEIRA (FESTIVAL IMAGINARIUS), ALMA D&#8217;ARAME (XVII ENCONTRO INTERNACIONAL DE MARIONETAS DE MONTEMOR-O-NOVO), TEATRO DA DIDASC\u00c1LIA (FESTIVAL VAUDEVILLE RENDEZ-VOUS)\u00a0<br><br>+info: <a href=\"https:\/\/www.instagram.com\/inac.instituto\/\">https:\/\/www.instagram.com\/inac.instituto\/<\/a> e <a href=\"https:\/\/www.instagram.com\/jorge.lix\/\">https:\/\/www.instagram.com\/jorge.lix\/<\/a><\/p>\n\n\n<\/div><\/div>\n","protected":false},"excerpt":{"rendered":"<p>1 Mar 25 | 17h | 40\u2019 | M3 | Clube Circo Contempor\u00e2neo | Ensaio de Circo CREAM &#8211; Uma explora\u00e7\u00e3o da rela\u00e7\u00e3o entre o humano e a m\u00e1quina na [&hellip;]<\/p>\n","protected":false},"author":1,"featured_media":0,"parent":0,"menu_order":0,"comment_status":"closed","ping_status":"closed","template":"","meta":{"_themeisle_gutenberg_block_has_review":false,"jetpack_post_was_ever_published":false,"footnotes":""},"tags":[],"yoast_head":"<!-- This site is optimized with the Yoast SEO plugin v21.0 - https:\/\/yoast.com\/wordpress\/plugins\/seo\/ -->\n<title>CREAM de INAC - Erva Daninha<\/title>\n<meta name=\"robots\" content=\"index, follow, max-snippet:-1, max-image-preview:large, max-video-preview:-1\" \/>\n<link rel=\"canonical\" href=\"https:\/\/ervadaninha.pt\/wp1\/index.php\/cream\/\" \/>\n<meta property=\"og:locale\" content=\"pt_PT\" \/>\n<meta property=\"og:type\" content=\"article\" \/>\n<meta property=\"og:title\" content=\"CREAM de INAC - Erva Daninha\" \/>\n<meta property=\"og:description\" content=\"1 Mar 25 | 17h | 40\u2019 | M3 | Clube Circo Contempor\u00e2neo | Ensaio de Circo CREAM &#8211; Uma explora\u00e7\u00e3o da rela\u00e7\u00e3o entre o humano e a m\u00e1quina na [&hellip;]\" \/>\n<meta property=\"og:url\" content=\"https:\/\/ervadaninha.pt\/wp1\/index.php\/cream\/\" \/>\n<meta property=\"og:site_name\" content=\"Erva Daninha\" \/>\n<meta property=\"article:modified_time\" content=\"2025-09-25T09:22:27+00:00\" \/>\n<meta name=\"twitter:card\" content=\"summary_large_image\" \/>\n<meta name=\"twitter:label1\" content=\"Tempo estimado de leitura\" \/>\n\t<meta name=\"twitter:data1\" content=\"2 minutos\" \/>\n<script type=\"application\/ld+json\" class=\"yoast-schema-graph\">{\"@context\":\"https:\/\/schema.org\",\"@graph\":[{\"@type\":\"WebPage\",\"@id\":\"https:\/\/ervadaninha.pt\/wp1\/index.php\/cream\/\",\"url\":\"https:\/\/ervadaninha.pt\/wp1\/index.php\/cream\/\",\"name\":\"CREAM de INAC - Erva Daninha\",\"isPartOf\":{\"@id\":\"https:\/\/ervadaninha.pt\/wp1\/#website\"},\"datePublished\":\"2025-03-07T10:33:04+00:00\",\"dateModified\":\"2025-09-25T09:22:27+00:00\",\"breadcrumb\":{\"@id\":\"https:\/\/ervadaninha.pt\/wp1\/index.php\/cream\/#breadcrumb\"},\"inLanguage\":\"pt-PT\",\"potentialAction\":[{\"@type\":\"ReadAction\",\"target\":[\"https:\/\/ervadaninha.pt\/wp1\/index.php\/cream\/\"]}]},{\"@type\":\"BreadcrumbList\",\"@id\":\"https:\/\/ervadaninha.pt\/wp1\/index.php\/cream\/#breadcrumb\",\"itemListElement\":[{\"@type\":\"ListItem\",\"position\":1,\"name\":\"Home\",\"item\":\"https:\/\/ervadaninha.pt\/wp1\/\"},{\"@type\":\"ListItem\",\"position\":2,\"name\":\"CREAM de INAC\"}]},{\"@type\":\"WebSite\",\"@id\":\"https:\/\/ervadaninha.pt\/wp1\/#website\",\"url\":\"https:\/\/ervadaninha.pt\/wp1\/\",\"name\":\"Erva Daninha\",\"description\":\"Erva Daninha\",\"publisher\":{\"@id\":\"https:\/\/ervadaninha.pt\/wp1\/#organization\"},\"potentialAction\":[{\"@type\":\"SearchAction\",\"target\":{\"@type\":\"EntryPoint\",\"urlTemplate\":\"https:\/\/ervadaninha.pt\/wp1\/?s={search_term_string}\"},\"query-input\":\"required name=search_term_string\"}],\"inLanguage\":\"pt-PT\"},{\"@type\":\"Organization\",\"@id\":\"https:\/\/ervadaninha.pt\/wp1\/#organization\",\"name\":\"Erva Daninha\",\"url\":\"https:\/\/ervadaninha.pt\/wp1\/\",\"logo\":{\"@type\":\"ImageObject\",\"inLanguage\":\"pt-PT\",\"@id\":\"https:\/\/ervadaninha.pt\/wp1\/#\/schema\/logo\/image\/\",\"url\":\"https:\/\/ervadaninha.pt\/wp1\/wp-content\/uploads\/2023\/09\/cropped-ervadaninha_preto_s.png\",\"contentUrl\":\"https:\/\/ervadaninha.pt\/wp1\/wp-content\/uploads\/2023\/09\/cropped-ervadaninha_preto_s.png\",\"width\":100,\"height\":49,\"caption\":\"Erva Daninha\"},\"image\":{\"@id\":\"https:\/\/ervadaninha.pt\/wp1\/#\/schema\/logo\/image\/\"}}]}<\/script>\n<!-- \/ Yoast SEO plugin. -->","yoast_head_json":{"title":"CREAM de INAC - Erva Daninha","robots":{"index":"index","follow":"follow","max-snippet":"max-snippet:-1","max-image-preview":"max-image-preview:large","max-video-preview":"max-video-preview:-1"},"canonical":"https:\/\/ervadaninha.pt\/wp1\/index.php\/cream\/","og_locale":"pt_PT","og_type":"article","og_title":"CREAM de INAC - Erva Daninha","og_description":"1 Mar 25 | 17h | 40\u2019 | M3 | Clube Circo Contempor\u00e2neo | Ensaio de Circo CREAM &#8211; Uma explora\u00e7\u00e3o da rela\u00e7\u00e3o entre o humano e a m\u00e1quina na [&hellip;]","og_url":"https:\/\/ervadaninha.pt\/wp1\/index.php\/cream\/","og_site_name":"Erva Daninha","article_modified_time":"2025-09-25T09:22:27+00:00","twitter_card":"summary_large_image","twitter_misc":{"Tempo estimado de leitura":"2 minutos"},"schema":{"@context":"https:\/\/schema.org","@graph":[{"@type":"WebPage","@id":"https:\/\/ervadaninha.pt\/wp1\/index.php\/cream\/","url":"https:\/\/ervadaninha.pt\/wp1\/index.php\/cream\/","name":"CREAM de INAC - Erva Daninha","isPartOf":{"@id":"https:\/\/ervadaninha.pt\/wp1\/#website"},"datePublished":"2025-03-07T10:33:04+00:00","dateModified":"2025-09-25T09:22:27+00:00","breadcrumb":{"@id":"https:\/\/ervadaninha.pt\/wp1\/index.php\/cream\/#breadcrumb"},"inLanguage":"pt-PT","potentialAction":[{"@type":"ReadAction","target":["https:\/\/ervadaninha.pt\/wp1\/index.php\/cream\/"]}]},{"@type":"BreadcrumbList","@id":"https:\/\/ervadaninha.pt\/wp1\/index.php\/cream\/#breadcrumb","itemListElement":[{"@type":"ListItem","position":1,"name":"Home","item":"https:\/\/ervadaninha.pt\/wp1\/"},{"@type":"ListItem","position":2,"name":"CREAM de INAC"}]},{"@type":"WebSite","@id":"https:\/\/ervadaninha.pt\/wp1\/#website","url":"https:\/\/ervadaninha.pt\/wp1\/","name":"Erva Daninha","description":"Erva Daninha","publisher":{"@id":"https:\/\/ervadaninha.pt\/wp1\/#organization"},"potentialAction":[{"@type":"SearchAction","target":{"@type":"EntryPoint","urlTemplate":"https:\/\/ervadaninha.pt\/wp1\/?s={search_term_string}"},"query-input":"required name=search_term_string"}],"inLanguage":"pt-PT"},{"@type":"Organization","@id":"https:\/\/ervadaninha.pt\/wp1\/#organization","name":"Erva Daninha","url":"https:\/\/ervadaninha.pt\/wp1\/","logo":{"@type":"ImageObject","inLanguage":"pt-PT","@id":"https:\/\/ervadaninha.pt\/wp1\/#\/schema\/logo\/image\/","url":"https:\/\/ervadaninha.pt\/wp1\/wp-content\/uploads\/2023\/09\/cropped-ervadaninha_preto_s.png","contentUrl":"https:\/\/ervadaninha.pt\/wp1\/wp-content\/uploads\/2023\/09\/cropped-ervadaninha_preto_s.png","width":100,"height":49,"caption":"Erva Daninha"},"image":{"@id":"https:\/\/ervadaninha.pt\/wp1\/#\/schema\/logo\/image\/"}}]}},"jetpack_sharing_enabled":true,"jetpack_shortlink":"https:\/\/wp.me\/P6f9xd-Vd","_links":{"self":[{"href":"https:\/\/ervadaninha.pt\/wp1\/index.php\/wp-json\/wp\/v2\/pages\/3547"}],"collection":[{"href":"https:\/\/ervadaninha.pt\/wp1\/index.php\/wp-json\/wp\/v2\/pages"}],"about":[{"href":"https:\/\/ervadaninha.pt\/wp1\/index.php\/wp-json\/wp\/v2\/types\/page"}],"author":[{"embeddable":true,"href":"https:\/\/ervadaninha.pt\/wp1\/index.php\/wp-json\/wp\/v2\/users\/1"}],"replies":[{"embeddable":true,"href":"https:\/\/ervadaninha.pt\/wp1\/index.php\/wp-json\/wp\/v2\/comments?post=3547"}],"version-history":[{"count":4,"href":"https:\/\/ervadaninha.pt\/wp1\/index.php\/wp-json\/wp\/v2\/pages\/3547\/revisions"}],"predecessor-version":[{"id":4083,"href":"https:\/\/ervadaninha.pt\/wp1\/index.php\/wp-json\/wp\/v2\/pages\/3547\/revisions\/4083"}],"wp:attachment":[{"href":"https:\/\/ervadaninha.pt\/wp1\/index.php\/wp-json\/wp\/v2\/media?parent=3547"}],"wp:term":[{"taxonomy":"post_tag","embeddable":true,"href":"https:\/\/ervadaninha.pt\/wp1\/index.php\/wp-json\/wp\/v2\/tags?post=3547"}],"curies":[{"name":"wp","href":"https:\/\/api.w.org\/{rel}","templated":true}]}}

<p>1 Mar 25 | 17h | 40’ | M3 | Clube Circo Contemporâneo | Ensaio de Circo </p>



<p>CREAM &#8211; Uma exploração da relação entre o humano e a máquina na era da tecnologia moderna. Esta performance de malabarismo oferece uma visão única entre a expressão humana e a precisão artificial, retratando a experiência de um sujeito gradualmente absorvido por um sistema, levantando questões essenciais sobre o que significa ser humano num mundo dominado pela tecnologia. No cenário de um videogame, ambientada num espaço em tons de pastel, a performance incorpora elementos de escape room, com uma série de puzzles e desafios. Neste universo, o sujeito é conduzido até ao final do jogo pela música em tom experimental que é reproduzida ao vivo. </p>



<figure class="wp-block-embed aligncenter is-type-video is-provider-vimeo wp-block-embed-vimeo wp-embed-aspect-16-9 wp-has-aspect-ratio"><div class="wp-block-embed__wrapper">
<div class="jetpack-video-wrapper"><iframe loading="lazy" title="CREAM de INAC / Direção JORGE LIX" src="https://player.vimeo.com/video/1063486755?dnt=1&amp;app_id=122963" width="764" height="430" frameborder="0" allow="autoplay; fullscreen; picture-in-picture; clipboard-write; encrypted-media; web-share" referrerpolicy="strict-origin-when-cross-origin"></iframe></div>
</div></figure>



<div class="wp-block-group is-layout-constrained wp-block-group-is-layout-constrained"><div class="wp-block-group__inner-container">
<p>Direção JORGE LIX&nbsp;</p>



<p>Intérpretes JORGE LIX e ANDRÉ BORGES&nbsp;</p>



<p>Olhar externo VASCO GOMES / ERVA DANINHA&nbsp;</p>



<p>Música original ANDRÉ BORGES&nbsp;</p>



<p>Conceito cenográfico JORGE LIX&nbsp;</p>



<p>Cenografia e adereços ANDRÉ SANTOS</p>



<p>Direção técnica ANDRÉ FREITAS&nbsp;</p>



<p>Figurinos BINA&nbsp;</p>



<p>Identidade gráfica / fotografia e vídeo&nbsp;JORGE&nbsp;LUCAS</p>



<p>Co-produção: ERVA DANINHA (FESTIVAL TRENGO), CM SANTA MARIA DA FEIRA (FESTIVAL IMAGINARIUS), ALMA D&#8217;ARAME (XVII ENCONTRO INTERNACIONAL DE MARIONETAS DE MONTEMOR-O-NOVO), TEATRO DA DIDASCÁLIA (FESTIVAL VAUDEVILLE RENDEZ-VOUS) <br><br>+info: <a href="https://www.instagram.com/inac.instituto/">https://www.instagram.com/inac.instituto/</a> e <a href="https://www.instagram.com/jorge.lix/">https://www.instagram.com/jorge.lix/</a></p>


</div></div>

<p>1 Mar 25 | 17h | 40’ | M3 | Clube Circo Contemporâneo | Ensaio de Circo CREAM &#8211; Uma exploração da relação entre o humano e a máquina na [&hellip;]</p>

<!-- This site is optimized with the Yoast SEO plugin v21.0 - https://yoast.com/wordpress/plugins/seo/ -->
<title>CREAM de INAC - Erva Daninha</title>
<meta name="robots" content="index, follow, max-snippet:-1, max-image-preview:large, max-video-preview:-1" />
<link rel="canonical" href="https://ervadaninha.pt/wp1/index.php/cream/" />
<meta property="og:locale" content="pt_PT" />
<meta property="og:type" content="article" />
<meta property="og:title" content="CREAM de INAC - Erva Daninha" />
<meta property="og:description" content="1 Mar 25 | 17h | 40’ | M3 | Clube Circo Contemporâneo | Ensaio de Circo CREAM &#8211; Uma exploração da relação entre o humano e a máquina na [&hellip;]" />
<meta property="og:url" content="https://ervadaninha.pt/wp1/index.php/cream/" />
<meta property="og:site_name" content="Erva Daninha" />
<meta property="article:modified_time" content="2025-09-25T09:22:27+00:00" />
<meta name="twitter:card" content="summary_large_image" />
<meta name="twitter:label1" content="Tempo estimado de leitura" />
	<meta name="twitter:data1" content="2 minutos" />
<script type="application/ld+json" class="yoast-schema-graph">{"@context":"https://schema.org","@graph":[{"@type":"WebPage","@id":"https://ervadaninha.pt/wp1/index.php/cream/","url":"https://ervadaninha.pt/wp1/index.php/cream/","name":"CREAM de INAC - Erva Daninha","isPartOf":{"@id":"https://ervadaninha.pt/wp1/#website"},"datePublished":"2025-03-07T10:33:04+00:00","dateModified":"2025-09-25T09:22:27+00:00","breadcrumb":{"@id":"https://ervadaninha.pt/wp1/index.php/cream/#breadcrumb"},"inLanguage":"pt-PT","potentialAction":[{"@type":"ReadAction","target":["https://ervadaninha.pt/wp1/index.php/cream/"]}]},{"@type":"BreadcrumbList","@id":"https://ervadaninha.pt/wp1/index.php/cream/#breadcrumb","itemListElement":[{"@type":"ListItem","position":1,"name":"Home","item":"https://ervadaninha.pt/wp1/"},{"@type":"ListItem","position":2,"name":"CREAM de INAC"}]},{"@type":"WebSite","@id":"https://ervadaninha.pt/wp1/#website","url":"https://ervadaninha.pt/wp1/","name":"Erva Daninha","description":"Erva Daninha","publisher":{"@id":"https://ervadaninha.pt/wp1/#organization"},"potentialAction":[{"@type":"SearchAction","target":{"@type":"EntryPoint","urlTemplate":"https://ervadaninha.pt/wp1/?s={search_term_string}"},"query-input":"required name=search_term_string"}],"inLanguage":"pt-PT"},{"@type":"Organization","@id":"https://ervadaninha.pt/wp1/#organization","name":"Erva Daninha","url":"https://ervadaninha.pt/wp1/","logo":{"@type":"ImageObject","inLanguage":"pt-PT","@id":"https://ervadaninha.pt/wp1/#/schema/logo/image/","url":"https://ervadaninha.pt/wp1/wp-content/uploads/2023/09/cropped-ervadaninha_preto_s.png","contentUrl":"https://ervadaninha.pt/wp1/wp-content/uploads/2023/09/cropped-ervadaninha_preto_s.png","width":100,"height":49,"caption":"Erva Daninha"},"image":{"@id":"https://ervadaninha.pt/wp1/#/schema/logo/image/"}}]}</script>
<!-- / Yoast SEO plugin. -->

1 Mar 25 | 17h | 40’ | M3 | Clube Circo Contemporâneo | Ensaio de Circo CREAM &#8211; Uma exploração da relação entre o humano e a máquina na [&hellip;]
