{"id":3370,"date":"2024-09-30T09:46:39","date_gmt":"2024-09-30T09:46:39","guid":{"rendered":"https:\/\/ervadaninha.pt\/wp1\/?page_id=3370"},"modified":"2025-09-25T10:23:52","modified_gmt":"2025-09-25T10:23:52","slug":"el-demonio-de-laplace","status":"publish","type":"page","link":"https:\/\/ervadaninha.pt\/wp1\/index.php\/el-demonio-de-laplace\/","title":{"rendered":"El Demonio de Laplace  de  Mau Jara e Duvan Jimenez"},"content":{"rendered":"\n<p>22 Set 17h | 40\u2019 | M3 | Clube Circo Contempor\u00e2neo | Ensaio de Circo <\/p>\n\n\n\n<p>Dois indiv\u00edduos enfrentam uma d\u00favida existencial. Ser\u00e1 poss\u00edvel criar possibilidades imprevis\u00edveis e aleat\u00f3rias num espa\u00e7o c\u00eanico? Ou vivemos num universo determinista, onde a capacidade de escolha e a nossa liberdade n\u00e3o passam de uma ilus\u00e3o?<\/p>\n\n\n\n<p><\/p>\n\n\n\n<figure class=\"wp-block-embed is-type-video is-provider-vimeo wp-block-embed-vimeo wp-embed-aspect-16-9 wp-has-aspect-ratio\"><div class=\"wp-block-embed__wrapper\">\n<div class=\"jetpack-video-wrapper\"><iframe loading=\"lazy\" title=\"El Demonio de Laplace de Mau Jara e Duvan Jimenez\" src=\"https:\/\/player.vimeo.com\/video\/1013496585?dnt=1&amp;app_id=122963\" width=\"764\" height=\"430\" frameborder=\"0\" allow=\"autoplay; fullscreen; picture-in-picture; clipboard-write; encrypted-media; web-share\" referrerpolicy=\"strict-origin-when-cross-origin\"><\/iframe><\/div>\n<\/div><\/figure>\n\n\n\n<p>Direc\u00e7\u00e3o Art\u00edstica e Interpreta\u00e7\u00e3o &#8211; <strong>Mau Jara Duvan Jim\u00e9nez<\/strong><\/p>\n\n\n\n<p>Produ\u00e7\u00e3o e Assist\u00eancia T\u00e9cnica &#8211; <strong>Amanda Alvarado<\/strong><\/p>\n\n\n\n<p>Olhar Externo &#8211; <strong>Felipe Ortiz<\/strong><\/p>\n\n\n\n<p>+info: <a href=\"https:\/\/www.instagram.com\/maujara\/\">@maujara<\/a> e <a href=\"https:\/\/www.instagram.com\/duvanjimenez01\/\">@duvanjimenez01<\/a><\/p>\n","protected":false},"excerpt":{"rendered":"<p>22 Set 17h | 40\u2019 | M3 | Clube Circo Contempor\u00e2neo | Ensaio de Circo Dois indiv\u00edduos enfrentam uma d\u00favida existencial. Ser\u00e1 poss\u00edvel criar possibilidades imprevis\u00edveis e aleat\u00f3rias num espa\u00e7o [&hellip;]<\/p>\n","protected":false},"author":1,"featured_media":0,"parent":0,"menu_order":0,"comment_status":"closed","ping_status":"closed","template":"","meta":{"_themeisle_gutenberg_block_has_review":false,"jetpack_post_was_ever_published":false,"footnotes":""},"tags":[],"yoast_head":"<!-- This site is optimized with the Yoast SEO plugin v21.0 - https:\/\/yoast.com\/wordpress\/plugins\/seo\/ -->\n<title>El Demonio de Laplace de Mau Jara e Duvan Jimenez - Erva Daninha<\/title>\n<meta name=\"robots\" content=\"index, follow, max-snippet:-1, max-image-preview:large, max-video-preview:-1\" \/>\n<link rel=\"canonical\" href=\"https:\/\/ervadaninha.pt\/wp1\/index.php\/el-demonio-de-laplace\/\" \/>\n<meta property=\"og:locale\" content=\"pt_PT\" \/>\n<meta property=\"og:type\" content=\"article\" \/>\n<meta property=\"og:title\" content=\"El Demonio de Laplace de Mau Jara e Duvan Jimenez - Erva Daninha\" \/>\n<meta property=\"og:description\" content=\"22 Set 17h | 40\u2019 | M3 | Clube Circo Contempor\u00e2neo | Ensaio de Circo Dois indiv\u00edduos enfrentam uma d\u00favida existencial. Ser\u00e1 poss\u00edvel criar possibilidades imprevis\u00edveis e aleat\u00f3rias num espa\u00e7o [&hellip;]\" \/>\n<meta property=\"og:url\" content=\"https:\/\/ervadaninha.pt\/wp1\/index.php\/el-demonio-de-laplace\/\" \/>\n<meta property=\"og:site_name\" content=\"Erva Daninha\" \/>\n<meta property=\"article:modified_time\" content=\"2025-09-25T10:23:52+00:00\" \/>\n<meta name=\"twitter:card\" content=\"summary_large_image\" \/>\n<meta name=\"twitter:label1\" content=\"Tempo estimado de leitura\" \/>\n\t<meta name=\"twitter:data1\" content=\"1 minuto\" \/>\n<script type=\"application\/ld+json\" class=\"yoast-schema-graph\">{\"@context\":\"https:\/\/schema.org\",\"@graph\":[{\"@type\":\"WebPage\",\"@id\":\"https:\/\/ervadaninha.pt\/wp1\/index.php\/el-demonio-de-laplace\/\",\"url\":\"https:\/\/ervadaninha.pt\/wp1\/index.php\/el-demonio-de-laplace\/\",\"name\":\"El Demonio de Laplace de Mau Jara e Duvan Jimenez - Erva Daninha\",\"isPartOf\":{\"@id\":\"https:\/\/ervadaninha.pt\/wp1\/#website\"},\"datePublished\":\"2024-09-30T09:46:39+00:00\",\"dateModified\":\"2025-09-25T10:23:52+00:00\",\"breadcrumb\":{\"@id\":\"https:\/\/ervadaninha.pt\/wp1\/index.php\/el-demonio-de-laplace\/#breadcrumb\"},\"inLanguage\":\"pt-PT\",\"potentialAction\":[{\"@type\":\"ReadAction\",\"target\":[\"https:\/\/ervadaninha.pt\/wp1\/index.php\/el-demonio-de-laplace\/\"]}]},{\"@type\":\"BreadcrumbList\",\"@id\":\"https:\/\/ervadaninha.pt\/wp1\/index.php\/el-demonio-de-laplace\/#breadcrumb\",\"itemListElement\":[{\"@type\":\"ListItem\",\"position\":1,\"name\":\"Home\",\"item\":\"https:\/\/ervadaninha.pt\/wp1\/\"},{\"@type\":\"ListItem\",\"position\":2,\"name\":\"El Demonio de Laplace de Mau Jara e Duvan Jimenez\"}]},{\"@type\":\"WebSite\",\"@id\":\"https:\/\/ervadaninha.pt\/wp1\/#website\",\"url\":\"https:\/\/ervadaninha.pt\/wp1\/\",\"name\":\"Erva Daninha\",\"description\":\"Erva Daninha\",\"publisher\":{\"@id\":\"https:\/\/ervadaninha.pt\/wp1\/#organization\"},\"potentialAction\":[{\"@type\":\"SearchAction\",\"target\":{\"@type\":\"EntryPoint\",\"urlTemplate\":\"https:\/\/ervadaninha.pt\/wp1\/?s={search_term_string}\"},\"query-input\":\"required name=search_term_string\"}],\"inLanguage\":\"pt-PT\"},{\"@type\":\"Organization\",\"@id\":\"https:\/\/ervadaninha.pt\/wp1\/#organization\",\"name\":\"Erva Daninha\",\"url\":\"https:\/\/ervadaninha.pt\/wp1\/\",\"logo\":{\"@type\":\"ImageObject\",\"inLanguage\":\"pt-PT\",\"@id\":\"https:\/\/ervadaninha.pt\/wp1\/#\/schema\/logo\/image\/\",\"url\":\"https:\/\/ervadaninha.pt\/wp1\/wp-content\/uploads\/2023\/09\/cropped-ervadaninha_preto_s.png\",\"contentUrl\":\"https:\/\/ervadaninha.pt\/wp1\/wp-content\/uploads\/2023\/09\/cropped-ervadaninha_preto_s.png\",\"width\":100,\"height\":49,\"caption\":\"Erva Daninha\"},\"image\":{\"@id\":\"https:\/\/ervadaninha.pt\/wp1\/#\/schema\/logo\/image\/\"}}]}<\/script>\n<!-- \/ Yoast SEO plugin. -->","yoast_head_json":{"title":"El Demonio de Laplace de Mau Jara e Duvan Jimenez - Erva Daninha","robots":{"index":"index","follow":"follow","max-snippet":"max-snippet:-1","max-image-preview":"max-image-preview:large","max-video-preview":"max-video-preview:-1"},"canonical":"https:\/\/ervadaninha.pt\/wp1\/index.php\/el-demonio-de-laplace\/","og_locale":"pt_PT","og_type":"article","og_title":"El Demonio de Laplace de Mau Jara e Duvan Jimenez - Erva Daninha","og_description":"22 Set 17h | 40\u2019 | M3 | Clube Circo Contempor\u00e2neo | Ensaio de Circo Dois indiv\u00edduos enfrentam uma d\u00favida existencial. Ser\u00e1 poss\u00edvel criar possibilidades imprevis\u00edveis e aleat\u00f3rias num espa\u00e7o [&hellip;]","og_url":"https:\/\/ervadaninha.pt\/wp1\/index.php\/el-demonio-de-laplace\/","og_site_name":"Erva Daninha","article_modified_time":"2025-09-25T10:23:52+00:00","twitter_card":"summary_large_image","twitter_misc":{"Tempo estimado de leitura":"1 minuto"},"schema":{"@context":"https:\/\/schema.org","@graph":[{"@type":"WebPage","@id":"https:\/\/ervadaninha.pt\/wp1\/index.php\/el-demonio-de-laplace\/","url":"https:\/\/ervadaninha.pt\/wp1\/index.php\/el-demonio-de-laplace\/","name":"El Demonio de Laplace de Mau Jara e Duvan Jimenez - Erva Daninha","isPartOf":{"@id":"https:\/\/ervadaninha.pt\/wp1\/#website"},"datePublished":"2024-09-30T09:46:39+00:00","dateModified":"2025-09-25T10:23:52+00:00","breadcrumb":{"@id":"https:\/\/ervadaninha.pt\/wp1\/index.php\/el-demonio-de-laplace\/#breadcrumb"},"inLanguage":"pt-PT","potentialAction":[{"@type":"ReadAction","target":["https:\/\/ervadaninha.pt\/wp1\/index.php\/el-demonio-de-laplace\/"]}]},{"@type":"BreadcrumbList","@id":"https:\/\/ervadaninha.pt\/wp1\/index.php\/el-demonio-de-laplace\/#breadcrumb","itemListElement":[{"@type":"ListItem","position":1,"name":"Home","item":"https:\/\/ervadaninha.pt\/wp1\/"},{"@type":"ListItem","position":2,"name":"El Demonio de Laplace de Mau Jara e Duvan Jimenez"}]},{"@type":"WebSite","@id":"https:\/\/ervadaninha.pt\/wp1\/#website","url":"https:\/\/ervadaninha.pt\/wp1\/","name":"Erva Daninha","description":"Erva Daninha","publisher":{"@id":"https:\/\/ervadaninha.pt\/wp1\/#organization"},"potentialAction":[{"@type":"SearchAction","target":{"@type":"EntryPoint","urlTemplate":"https:\/\/ervadaninha.pt\/wp1\/?s={search_term_string}"},"query-input":"required name=search_term_string"}],"inLanguage":"pt-PT"},{"@type":"Organization","@id":"https:\/\/ervadaninha.pt\/wp1\/#organization","name":"Erva Daninha","url":"https:\/\/ervadaninha.pt\/wp1\/","logo":{"@type":"ImageObject","inLanguage":"pt-PT","@id":"https:\/\/ervadaninha.pt\/wp1\/#\/schema\/logo\/image\/","url":"https:\/\/ervadaninha.pt\/wp1\/wp-content\/uploads\/2023\/09\/cropped-ervadaninha_preto_s.png","contentUrl":"https:\/\/ervadaninha.pt\/wp1\/wp-content\/uploads\/2023\/09\/cropped-ervadaninha_preto_s.png","width":100,"height":49,"caption":"Erva Daninha"},"image":{"@id":"https:\/\/ervadaninha.pt\/wp1\/#\/schema\/logo\/image\/"}}]}},"jetpack_sharing_enabled":true,"jetpack_shortlink":"https:\/\/wp.me\/P6f9xd-Sm","_links":{"self":[{"href":"https:\/\/ervadaninha.pt\/wp1\/index.php\/wp-json\/wp\/v2\/pages\/3370"}],"collection":[{"href":"https:\/\/ervadaninha.pt\/wp1\/index.php\/wp-json\/wp\/v2\/pages"}],"about":[{"href":"https:\/\/ervadaninha.pt\/wp1\/index.php\/wp-json\/wp\/v2\/types\/page"}],"author":[{"embeddable":true,"href":"https:\/\/ervadaninha.pt\/wp1\/index.php\/wp-json\/wp\/v2\/users\/1"}],"replies":[{"embeddable":true,"href":"https:\/\/ervadaninha.pt\/wp1\/index.php\/wp-json\/wp\/v2\/comments?post=3370"}],"version-history":[{"count":6,"href":"https:\/\/ervadaninha.pt\/wp1\/index.php\/wp-json\/wp\/v2\/pages\/3370\/revisions"}],"predecessor-version":[{"id":4114,"href":"https:\/\/ervadaninha.pt\/wp1\/index.php\/wp-json\/wp\/v2\/pages\/3370\/revisions\/4114"}],"wp:attachment":[{"href":"https:\/\/ervadaninha.pt\/wp1\/index.php\/wp-json\/wp\/v2\/media?parent=3370"}],"wp:term":[{"taxonomy":"post_tag","embeddable":true,"href":"https:\/\/ervadaninha.pt\/wp1\/index.php\/wp-json\/wp\/v2\/tags?post=3370"}],"curies":[{"name":"wp","href":"https:\/\/api.w.org\/{rel}","templated":true}]}}

<p>22 Set 17h | 40’ | M3 | Clube Circo Contemporâneo | Ensaio de Circo </p>



<p>Dois indivíduos enfrentam uma dúvida existencial. Será possível criar possibilidades imprevisíveis e aleatórias num espaço cênico? Ou vivemos num universo determinista, onde a capacidade de escolha e a nossa liberdade não passam de uma ilusão?</p>



<p></p>



<figure class="wp-block-embed is-type-video is-provider-vimeo wp-block-embed-vimeo wp-embed-aspect-16-9 wp-has-aspect-ratio"><div class="wp-block-embed__wrapper">
<div class="jetpack-video-wrapper"><iframe loading="lazy" title="El Demonio de Laplace de Mau Jara e Duvan Jimenez" src="https://player.vimeo.com/video/1013496585?dnt=1&amp;app_id=122963" width="764" height="430" frameborder="0" allow="autoplay; fullscreen; picture-in-picture; clipboard-write; encrypted-media; web-share" referrerpolicy="strict-origin-when-cross-origin"></iframe></div>
</div></figure>



<p>Direcção Artística e Interpretação &#8211; <strong>Mau Jara Duvan Jiménez</strong></p>



<p>Produção e Assistência Técnica &#8211; <strong>Amanda Alvarado</strong></p>



<p>Olhar Externo &#8211; <strong>Felipe Ortiz</strong></p>



<p>+info: <a href="https://www.instagram.com/maujara/">@maujara</a> e <a href="https://www.instagram.com/duvanjimenez01/">@duvanjimenez01</a></p>

<p>22 Set 17h | 40’ | M3 | Clube Circo Contemporâneo | Ensaio de Circo Dois indivíduos enfrentam uma dúvida existencial. Será possível criar possibilidades imprevisíveis e aleatórias num espaço [&hellip;]</p>

<!-- This site is optimized with the Yoast SEO plugin v21.0 - https://yoast.com/wordpress/plugins/seo/ -->
<title>El Demonio de Laplace de Mau Jara e Duvan Jimenez - Erva Daninha</title>
<meta name="robots" content="index, follow, max-snippet:-1, max-image-preview:large, max-video-preview:-1" />
<link rel="canonical" href="https://ervadaninha.pt/wp1/index.php/el-demonio-de-laplace/" />
<meta property="og:locale" content="pt_PT" />
<meta property="og:type" content="article" />
<meta property="og:title" content="El Demonio de Laplace de Mau Jara e Duvan Jimenez - Erva Daninha" />
<meta property="og:description" content="22 Set 17h | 40’ | M3 | Clube Circo Contemporâneo | Ensaio de Circo Dois indivíduos enfrentam uma dúvida existencial. Será possível criar possibilidades imprevisíveis e aleatórias num espaço [&hellip;]" />
<meta property="og:url" content="https://ervadaninha.pt/wp1/index.php/el-demonio-de-laplace/" />
<meta property="og:site_name" content="Erva Daninha" />
<meta property="article:modified_time" content="2025-09-25T10:23:52+00:00" />
<meta name="twitter:card" content="summary_large_image" />
<meta name="twitter:label1" content="Tempo estimado de leitura" />
	<meta name="twitter:data1" content="1 minuto" />
<script type="application/ld+json" class="yoast-schema-graph">{"@context":"https://schema.org","@graph":[{"@type":"WebPage","@id":"https://ervadaninha.pt/wp1/index.php/el-demonio-de-laplace/","url":"https://ervadaninha.pt/wp1/index.php/el-demonio-de-laplace/","name":"El Demonio de Laplace de Mau Jara e Duvan Jimenez - Erva Daninha","isPartOf":{"@id":"https://ervadaninha.pt/wp1/#website"},"datePublished":"2024-09-30T09:46:39+00:00","dateModified":"2025-09-25T10:23:52+00:00","breadcrumb":{"@id":"https://ervadaninha.pt/wp1/index.php/el-demonio-de-laplace/#breadcrumb"},"inLanguage":"pt-PT","potentialAction":[{"@type":"ReadAction","target":["https://ervadaninha.pt/wp1/index.php/el-demonio-de-laplace/"]}]},{"@type":"BreadcrumbList","@id":"https://ervadaninha.pt/wp1/index.php/el-demonio-de-laplace/#breadcrumb","itemListElement":[{"@type":"ListItem","position":1,"name":"Home","item":"https://ervadaninha.pt/wp1/"},{"@type":"ListItem","position":2,"name":"El Demonio de Laplace de Mau Jara e Duvan Jimenez"}]},{"@type":"WebSite","@id":"https://ervadaninha.pt/wp1/#website","url":"https://ervadaninha.pt/wp1/","name":"Erva Daninha","description":"Erva Daninha","publisher":{"@id":"https://ervadaninha.pt/wp1/#organization"},"potentialAction":[{"@type":"SearchAction","target":{"@type":"EntryPoint","urlTemplate":"https://ervadaninha.pt/wp1/?s={search_term_string}"},"query-input":"required name=search_term_string"}],"inLanguage":"pt-PT"},{"@type":"Organization","@id":"https://ervadaninha.pt/wp1/#organization","name":"Erva Daninha","url":"https://ervadaninha.pt/wp1/","logo":{"@type":"ImageObject","inLanguage":"pt-PT","@id":"https://ervadaninha.pt/wp1/#/schema/logo/image/","url":"https://ervadaninha.pt/wp1/wp-content/uploads/2023/09/cropped-ervadaninha_preto_s.png","contentUrl":"https://ervadaninha.pt/wp1/wp-content/uploads/2023/09/cropped-ervadaninha_preto_s.png","width":100,"height":49,"caption":"Erva Daninha"},"image":{"@id":"https://ervadaninha.pt/wp1/#/schema/logo/image/"}}]}</script>
<!-- / Yoast SEO plugin. -->

22 Set 17h | 40’ | M3 | Clube Circo Contemporâneo | Ensaio de Circo Dois indivíduos enfrentam uma dúvida existencial. Será possível criar possibilidades imprevisíveis e aleatórias num espaço [&hellip;]
