{"id":3102,"date":"2024-07-11T13:55:25","date_gmt":"2024-07-11T13:55:25","guid":{"rendered":"https:\/\/ervadaninha.pt\/wp1\/?page_id=3102"},"modified":"2025-09-25T09:39:13","modified_gmt":"2025-09-25T09:39:13","slug":"forcas-combinadas","status":"publish","type":"page","link":"https:\/\/ervadaninha.pt\/wp1\/index.php\/forcas-combinadas\/","title":{"rendered":"FOR\u00c7AS COMBINADAS"},"content":{"rendered":"\n<div class=\"wp-block-media-text has-media-on-the-right is-stacked-on-mobile is-image-fill\" style=\"grid-template-columns:auto 41%\"><div class=\"wp-block-media-text__content\">\n<p><em>FOR\u00c7AS COMBINADAS*<\/em> de Daniel Seabra<\/p>\n\n\n\n<p>ensaio aberto <a href=\"https:\/\/ervadaninha.pt\/wp1\/index.php\/portfolio\/contactos\/\" target=\"_blank\" rel=\"noreferrer noopener\">CCC<\/a> &#8211; 28 Mar &#8211; 19h &#8211; 2024 <\/p>\n\n\n\n<p>(resid\u00eancia art\u00edstica &#8211; 13\/3 a 28\/3)<\/p>\n\n\n\n<p>*resid\u00eancia art\u00edstica apoiada por: European Festivals Fund for Emerging Artists \u2013 EFFEA, uma iniciativa do European Festivals Association (EFA), co-financiada pela Uni\u00e3o Europeia <\/p>\n\n\n\n<p>*coprodu\u00e7\u00e3o Trengo Festival de Circo 24<\/p>\n\n\n\n<p> <\/p>\n\n\n\n<p>+info: <a href=\"https:\/\/www.instagram.com\/danielseabracircocaotico\/\">@danielseabracircocaotico<\/a><\/p>\n<\/div><figure class=\"wp-block-media-text__media\" style=\"background-image:url(https:\/\/ervadaninha.pt\/wp1\/wp-content\/uploads\/2024\/01\/Foto-Daniel-940x628.jpg);background-position:50% 50%\"><img decoding=\"async\" loading=\"lazy\" width=\"940\" height=\"628\" src=\"https:\/\/ervadaninha.pt\/wp1\/wp-content\/uploads\/2024\/01\/Foto-Daniel-940x628.jpg\" alt=\"\" class=\"wp-image-2930 size-full\" srcset=\"https:\/\/ervadaninha.pt\/wp1\/wp-content\/uploads\/2024\/01\/Foto-Daniel-940x628.jpg 940w, https:\/\/ervadaninha.pt\/wp1\/wp-content\/uploads\/2024\/01\/Foto-Daniel-620x414.jpg 620w, https:\/\/ervadaninha.pt\/wp1\/wp-content\/uploads\/2024\/01\/Foto-Daniel-768x513.jpg 768w, https:\/\/ervadaninha.pt\/wp1\/wp-content\/uploads\/2024\/01\/Foto-Daniel-1536x1026.jpg 1536w, https:\/\/ervadaninha.pt\/wp1\/wp-content\/uploads\/2024\/01\/Foto-Daniel-300x200.jpg 300w, https:\/\/ervadaninha.pt\/wp1\/wp-content\/uploads\/2024\/01\/Foto-Daniel.jpg 1920w\" sizes=\"(max-width: 940px) 100vw, 940px\" \/><\/figure><\/div>\n\n\n\n<figure class=\"wp-block-embed aligncenter is-type-video is-provider-vimeo wp-block-embed-vimeo wp-embed-aspect-16-9 wp-has-aspect-ratio\"><div class=\"wp-block-embed__wrapper\">\n<div class=\"jetpack-video-wrapper\"><iframe loading=\"lazy\" title=\"For\u00e7as Combinadas de Daniel Seabra\" src=\"https:\/\/player.vimeo.com\/video\/936276585?dnt=1&amp;app_id=122963\" width=\"764\" height=\"430\" frameborder=\"0\" allow=\"autoplay; fullscreen; picture-in-picture; clipboard-write\"><\/iframe><\/div>\n<\/div><\/figure>\n","protected":false},"excerpt":{"rendered":"<p>FOR\u00c7AS COMBINADAS* de Daniel Seabra ensaio aberto CCC &#8211; 28 Mar &#8211; 19h &#8211; 2024 (resid\u00eancia art\u00edstica &#8211; 13\/3 a 28\/3) *resid\u00eancia art\u00edstica apoiada por: European Festivals Fund for Emerging [&hellip;]<\/p>\n","protected":false},"author":1,"featured_media":0,"parent":0,"menu_order":0,"comment_status":"closed","ping_status":"closed","template":"","meta":{"_themeisle_gutenberg_block_has_review":false,"jetpack_post_was_ever_published":false,"footnotes":""},"tags":[],"yoast_head":"<!-- This site is optimized with the Yoast SEO plugin v21.0 - https:\/\/yoast.com\/wordpress\/plugins\/seo\/ -->\n<title>FOR\u00c7AS COMBINADAS - Erva Daninha<\/title>\n<meta name=\"robots\" content=\"index, follow, max-snippet:-1, max-image-preview:large, max-video-preview:-1\" \/>\n<link rel=\"canonical\" href=\"https:\/\/ervadaninha.pt\/wp1\/index.php\/forcas-combinadas\/\" \/>\n<meta property=\"og:locale\" content=\"pt_PT\" \/>\n<meta property=\"og:type\" content=\"article\" \/>\n<meta property=\"og:title\" content=\"FOR\u00c7AS COMBINADAS - Erva Daninha\" \/>\n<meta property=\"og:description\" content=\"FOR\u00c7AS COMBINADAS* de Daniel Seabra ensaio aberto CCC &#8211; 28 Mar &#8211; 19h &#8211; 2024 (resid\u00eancia art\u00edstica &#8211; 13\/3 a 28\/3) *resid\u00eancia art\u00edstica apoiada por: European Festivals Fund for Emerging [&hellip;]\" \/>\n<meta property=\"og:url\" content=\"https:\/\/ervadaninha.pt\/wp1\/index.php\/forcas-combinadas\/\" \/>\n<meta property=\"og:site_name\" content=\"Erva Daninha\" \/>\n<meta property=\"article:modified_time\" content=\"2025-09-25T09:39:13+00:00\" \/>\n<meta property=\"og:image\" content=\"https:\/\/ervadaninha.pt\/wp1\/wp-content\/uploads\/2024\/01\/Foto-Daniel-940x628.jpg\" \/>\n<meta name=\"twitter:card\" content=\"summary_large_image\" \/>\n<meta name=\"twitter:label1\" content=\"Tempo estimado de leitura\" \/>\n\t<meta name=\"twitter:data1\" content=\"1 minuto\" \/>\n<script type=\"application\/ld+json\" class=\"yoast-schema-graph\">{\"@context\":\"https:\/\/schema.org\",\"@graph\":[{\"@type\":\"WebPage\",\"@id\":\"https:\/\/ervadaninha.pt\/wp1\/index.php\/forcas-combinadas\/\",\"url\":\"https:\/\/ervadaninha.pt\/wp1\/index.php\/forcas-combinadas\/\",\"name\":\"FOR\u00c7AS COMBINADAS - Erva Daninha\",\"isPartOf\":{\"@id\":\"https:\/\/ervadaninha.pt\/wp1\/#website\"},\"datePublished\":\"2024-07-11T13:55:25+00:00\",\"dateModified\":\"2025-09-25T09:39:13+00:00\",\"breadcrumb\":{\"@id\":\"https:\/\/ervadaninha.pt\/wp1\/index.php\/forcas-combinadas\/#breadcrumb\"},\"inLanguage\":\"pt-PT\",\"potentialAction\":[{\"@type\":\"ReadAction\",\"target\":[\"https:\/\/ervadaninha.pt\/wp1\/index.php\/forcas-combinadas\/\"]}]},{\"@type\":\"BreadcrumbList\",\"@id\":\"https:\/\/ervadaninha.pt\/wp1\/index.php\/forcas-combinadas\/#breadcrumb\",\"itemListElement\":[{\"@type\":\"ListItem\",\"position\":1,\"name\":\"Home\",\"item\":\"https:\/\/ervadaninha.pt\/wp1\/\"},{\"@type\":\"ListItem\",\"position\":2,\"name\":\"FOR\u00c7AS COMBINADAS\"}]},{\"@type\":\"WebSite\",\"@id\":\"https:\/\/ervadaninha.pt\/wp1\/#website\",\"url\":\"https:\/\/ervadaninha.pt\/wp1\/\",\"name\":\"Erva Daninha\",\"description\":\"Erva Daninha\",\"publisher\":{\"@id\":\"https:\/\/ervadaninha.pt\/wp1\/#organization\"},\"potentialAction\":[{\"@type\":\"SearchAction\",\"target\":{\"@type\":\"EntryPoint\",\"urlTemplate\":\"https:\/\/ervadaninha.pt\/wp1\/?s={search_term_string}\"},\"query-input\":\"required name=search_term_string\"}],\"inLanguage\":\"pt-PT\"},{\"@type\":\"Organization\",\"@id\":\"https:\/\/ervadaninha.pt\/wp1\/#organization\",\"name\":\"Erva Daninha\",\"url\":\"https:\/\/ervadaninha.pt\/wp1\/\",\"logo\":{\"@type\":\"ImageObject\",\"inLanguage\":\"pt-PT\",\"@id\":\"https:\/\/ervadaninha.pt\/wp1\/#\/schema\/logo\/image\/\",\"url\":\"https:\/\/ervadaninha.pt\/wp1\/wp-content\/uploads\/2023\/09\/cropped-ervadaninha_preto_s.png\",\"contentUrl\":\"https:\/\/ervadaninha.pt\/wp1\/wp-content\/uploads\/2023\/09\/cropped-ervadaninha_preto_s.png\",\"width\":100,\"height\":49,\"caption\":\"Erva Daninha\"},\"image\":{\"@id\":\"https:\/\/ervadaninha.pt\/wp1\/#\/schema\/logo\/image\/\"}}]}<\/script>\n<!-- \/ Yoast SEO plugin. -->","yoast_head_json":{"title":"FOR\u00c7AS COMBINADAS - Erva Daninha","robots":{"index":"index","follow":"follow","max-snippet":"max-snippet:-1","max-image-preview":"max-image-preview:large","max-video-preview":"max-video-preview:-1"},"canonical":"https:\/\/ervadaninha.pt\/wp1\/index.php\/forcas-combinadas\/","og_locale":"pt_PT","og_type":"article","og_title":"FOR\u00c7AS COMBINADAS - Erva Daninha","og_description":"FOR\u00c7AS COMBINADAS* de Daniel Seabra ensaio aberto CCC &#8211; 28 Mar &#8211; 19h &#8211; 2024 (resid\u00eancia art\u00edstica &#8211; 13\/3 a 28\/3) *resid\u00eancia art\u00edstica apoiada por: European Festivals Fund for Emerging [&hellip;]","og_url":"https:\/\/ervadaninha.pt\/wp1\/index.php\/forcas-combinadas\/","og_site_name":"Erva Daninha","article_modified_time":"2025-09-25T09:39:13+00:00","og_image":[{"url":"https:\/\/ervadaninha.pt\/wp1\/wp-content\/uploads\/2024\/01\/Foto-Daniel-940x628.jpg"}],"twitter_card":"summary_large_image","twitter_misc":{"Tempo estimado de leitura":"1 minuto"},"schema":{"@context":"https:\/\/schema.org","@graph":[{"@type":"WebPage","@id":"https:\/\/ervadaninha.pt\/wp1\/index.php\/forcas-combinadas\/","url":"https:\/\/ervadaninha.pt\/wp1\/index.php\/forcas-combinadas\/","name":"FOR\u00c7AS COMBINADAS - Erva Daninha","isPartOf":{"@id":"https:\/\/ervadaninha.pt\/wp1\/#website"},"datePublished":"2024-07-11T13:55:25+00:00","dateModified":"2025-09-25T09:39:13+00:00","breadcrumb":{"@id":"https:\/\/ervadaninha.pt\/wp1\/index.php\/forcas-combinadas\/#breadcrumb"},"inLanguage":"pt-PT","potentialAction":[{"@type":"ReadAction","target":["https:\/\/ervadaninha.pt\/wp1\/index.php\/forcas-combinadas\/"]}]},{"@type":"BreadcrumbList","@id":"https:\/\/ervadaninha.pt\/wp1\/index.php\/forcas-combinadas\/#breadcrumb","itemListElement":[{"@type":"ListItem","position":1,"name":"Home","item":"https:\/\/ervadaninha.pt\/wp1\/"},{"@type":"ListItem","position":2,"name":"FOR\u00c7AS COMBINADAS"}]},{"@type":"WebSite","@id":"https:\/\/ervadaninha.pt\/wp1\/#website","url":"https:\/\/ervadaninha.pt\/wp1\/","name":"Erva Daninha","description":"Erva Daninha","publisher":{"@id":"https:\/\/ervadaninha.pt\/wp1\/#organization"},"potentialAction":[{"@type":"SearchAction","target":{"@type":"EntryPoint","urlTemplate":"https:\/\/ervadaninha.pt\/wp1\/?s={search_term_string}"},"query-input":"required name=search_term_string"}],"inLanguage":"pt-PT"},{"@type":"Organization","@id":"https:\/\/ervadaninha.pt\/wp1\/#organization","name":"Erva Daninha","url":"https:\/\/ervadaninha.pt\/wp1\/","logo":{"@type":"ImageObject","inLanguage":"pt-PT","@id":"https:\/\/ervadaninha.pt\/wp1\/#\/schema\/logo\/image\/","url":"https:\/\/ervadaninha.pt\/wp1\/wp-content\/uploads\/2023\/09\/cropped-ervadaninha_preto_s.png","contentUrl":"https:\/\/ervadaninha.pt\/wp1\/wp-content\/uploads\/2023\/09\/cropped-ervadaninha_preto_s.png","width":100,"height":49,"caption":"Erva Daninha"},"image":{"@id":"https:\/\/ervadaninha.pt\/wp1\/#\/schema\/logo\/image\/"}}]}},"jetpack_sharing_enabled":true,"jetpack_shortlink":"https:\/\/wp.me\/P6f9xd-O2","_links":{"self":[{"href":"https:\/\/ervadaninha.pt\/wp1\/index.php\/wp-json\/wp\/v2\/pages\/3102"}],"collection":[{"href":"https:\/\/ervadaninha.pt\/wp1\/index.php\/wp-json\/wp\/v2\/pages"}],"about":[{"href":"https:\/\/ervadaninha.pt\/wp1\/index.php\/wp-json\/wp\/v2\/types\/page"}],"author":[{"embeddable":true,"href":"https:\/\/ervadaninha.pt\/wp1\/index.php\/wp-json\/wp\/v2\/users\/1"}],"replies":[{"embeddable":true,"href":"https:\/\/ervadaninha.pt\/wp1\/index.php\/wp-json\/wp\/v2\/comments?post=3102"}],"version-history":[{"count":2,"href":"https:\/\/ervadaninha.pt\/wp1\/index.php\/wp-json\/wp\/v2\/pages\/3102\/revisions"}],"predecessor-version":[{"id":4089,"href":"https:\/\/ervadaninha.pt\/wp1\/index.php\/wp-json\/wp\/v2\/pages\/3102\/revisions\/4089"}],"wp:attachment":[{"href":"https:\/\/ervadaninha.pt\/wp1\/index.php\/wp-json\/wp\/v2\/media?parent=3102"}],"wp:term":[{"taxonomy":"post_tag","embeddable":true,"href":"https:\/\/ervadaninha.pt\/wp1\/index.php\/wp-json\/wp\/v2\/tags?post=3102"}],"curies":[{"name":"wp","href":"https:\/\/api.w.org\/{rel}","templated":true}]}}

FORÇAS COMBINADAS

<div class="wp-block-media-text has-media-on-the-right is-stacked-on-mobile is-image-fill" style="grid-template-columns:auto 41%"><div class="wp-block-media-text__content">
<p><em>FORÇAS COMBINADAS*</em> de Daniel Seabra</p>



<p>ensaio aberto <a href="https://ervadaninha.pt/wp1/index.php/portfolio/contactos/" target="_blank" rel="noreferrer noopener">CCC</a> &#8211; 28 Mar &#8211; 19h &#8211; 2024 </p>



<p>(residência artística &#8211; 13/3 a 28/3)</p>



<p>*residência artística apoiada por: European Festivals Fund for Emerging Artists – EFFEA, uma iniciativa do European Festivals Association (EFA), co-financiada pela União Europeia </p>



<p>*coprodução Trengo Festival de Circo 24</p>



<p> </p>



<p>+info: <a href="https://www.instagram.com/danielseabracircocaotico/">@danielseabracircocaotico</a></p>
</div><figure class="wp-block-media-text__media" style="background-image:url(https://ervadaninha.pt/wp1/wp-content/uploads/2024/01/Foto-Daniel-940x628.jpg);background-position:50% 50%"><img decoding="async" loading="lazy" width="940" height="628" src="https://ervadaninha.pt/wp1/wp-content/uploads/2024/01/Foto-Daniel-940x628.jpg" alt="" class="wp-image-2930 size-full" srcset="https://ervadaninha.pt/wp1/wp-content/uploads/2024/01/Foto-Daniel-940x628.jpg 940w, https://ervadaninha.pt/wp1/wp-content/uploads/2024/01/Foto-Daniel-620x414.jpg 620w, https://ervadaninha.pt/wp1/wp-content/uploads/2024/01/Foto-Daniel-768x513.jpg 768w, https://ervadaninha.pt/wp1/wp-content/uploads/2024/01/Foto-Daniel-1536x1026.jpg 1536w, https://ervadaninha.pt/wp1/wp-content/uploads/2024/01/Foto-Daniel-300x200.jpg 300w, https://ervadaninha.pt/wp1/wp-content/uploads/2024/01/Foto-Daniel.jpg 1920w" sizes="(max-width: 940px) 100vw, 940px" /></figure></div>



<figure class="wp-block-embed aligncenter is-type-video is-provider-vimeo wp-block-embed-vimeo wp-embed-aspect-16-9 wp-has-aspect-ratio"><div class="wp-block-embed__wrapper">
<div class="jetpack-video-wrapper"><iframe loading="lazy" title="Forças Combinadas de Daniel Seabra" src="https://player.vimeo.com/video/936276585?dnt=1&amp;app_id=122963" width="764" height="430" frameborder="0" allow="autoplay; fullscreen; picture-in-picture; clipboard-write"></iframe></div>
</div></figure>

<p>FORÇAS COMBINADAS* de Daniel Seabra ensaio aberto CCC &#8211; 28 Mar &#8211; 19h &#8211; 2024 (residência artística &#8211; 13/3 a 28/3) *residência artística apoiada por: European Festivals Fund for Emerging [&hellip;]</p>

<!-- This site is optimized with the Yoast SEO plugin v21.0 - https://yoast.com/wordpress/plugins/seo/ -->
<title>FORÇAS COMBINADAS - Erva Daninha</title>
<meta name="robots" content="index, follow, max-snippet:-1, max-image-preview:large, max-video-preview:-1" />
<link rel="canonical" href="https://ervadaninha.pt/wp1/index.php/forcas-combinadas/" />
<meta property="og:locale" content="pt_PT" />
<meta property="og:type" content="article" />
<meta property="og:title" content="FORÇAS COMBINADAS - Erva Daninha" />
<meta property="og:description" content="FORÇAS COMBINADAS* de Daniel Seabra ensaio aberto CCC &#8211; 28 Mar &#8211; 19h &#8211; 2024 (residência artística &#8211; 13/3 a 28/3) *residência artística apoiada por: European Festivals Fund for Emerging [&hellip;]" />
<meta property="og:url" content="https://ervadaninha.pt/wp1/index.php/forcas-combinadas/" />
<meta property="og:site_name" content="Erva Daninha" />
<meta property="article:modified_time" content="2025-09-25T09:39:13+00:00" />
<meta property="og:image" content="https://ervadaninha.pt/wp1/wp-content/uploads/2024/01/Foto-Daniel-940x628.jpg" />
<meta name="twitter:card" content="summary_large_image" />
<meta name="twitter:label1" content="Tempo estimado de leitura" />
	<meta name="twitter:data1" content="1 minuto" />
<script type="application/ld+json" class="yoast-schema-graph">{"@context":"https://schema.org","@graph":[{"@type":"WebPage","@id":"https://ervadaninha.pt/wp1/index.php/forcas-combinadas/","url":"https://ervadaninha.pt/wp1/index.php/forcas-combinadas/","name":"FORÇAS COMBINADAS - Erva Daninha","isPartOf":{"@id":"https://ervadaninha.pt/wp1/#website"},"datePublished":"2024-07-11T13:55:25+00:00","dateModified":"2025-09-25T09:39:13+00:00","breadcrumb":{"@id":"https://ervadaninha.pt/wp1/index.php/forcas-combinadas/#breadcrumb"},"inLanguage":"pt-PT","potentialAction":[{"@type":"ReadAction","target":["https://ervadaninha.pt/wp1/index.php/forcas-combinadas/"]}]},{"@type":"BreadcrumbList","@id":"https://ervadaninha.pt/wp1/index.php/forcas-combinadas/#breadcrumb","itemListElement":[{"@type":"ListItem","position":1,"name":"Home","item":"https://ervadaninha.pt/wp1/"},{"@type":"ListItem","position":2,"name":"FORÇAS COMBINADAS"}]},{"@type":"WebSite","@id":"https://ervadaninha.pt/wp1/#website","url":"https://ervadaninha.pt/wp1/","name":"Erva Daninha","description":"Erva Daninha","publisher":{"@id":"https://ervadaninha.pt/wp1/#organization"},"potentialAction":[{"@type":"SearchAction","target":{"@type":"EntryPoint","urlTemplate":"https://ervadaninha.pt/wp1/?s={search_term_string}"},"query-input":"required name=search_term_string"}],"inLanguage":"pt-PT"},{"@type":"Organization","@id":"https://ervadaninha.pt/wp1/#organization","name":"Erva Daninha","url":"https://ervadaninha.pt/wp1/","logo":{"@type":"ImageObject","inLanguage":"pt-PT","@id":"https://ervadaninha.pt/wp1/#/schema/logo/image/","url":"https://ervadaninha.pt/wp1/wp-content/uploads/2023/09/cropped-ervadaninha_preto_s.png","contentUrl":"https://ervadaninha.pt/wp1/wp-content/uploads/2023/09/cropped-ervadaninha_preto_s.png","width":100,"height":49,"caption":"Erva Daninha"},"image":{"@id":"https://ervadaninha.pt/wp1/#/schema/logo/image/"}}]}</script>
<!-- / Yoast SEO plugin. -->

FORÇAS COMBINADAS - Erva Daninha

FORÇAS COMBINADAS* de Daniel Seabra ensaio aberto CCC &#8211; 28 Mar &#8211; 19h &#8211; 2024 (residência artística &#8211; 13/3 a 28/3) *residência artística apoiada por: European Festivals Fund for Emerging [&hellip;]
