{"id":3096,"date":"2024-07-11T13:45:56","date_gmt":"2024-07-11T13:45:56","guid":{"rendered":"https:\/\/ervadaninha.pt\/wp1\/?page_id=3096"},"modified":"2025-09-25T10:16:46","modified_gmt":"2025-09-25T10:16:46","slug":"docilin","status":"publish","type":"page","link":"https:\/\/ervadaninha.pt\/wp1\/index.php\/docilin\/","title":{"rendered":"Docilin"},"content":{"rendered":"\n<p><strong><em>DOCILIN<\/em><\/strong>  de Pedro Matias&nbsp;  &#8211;   ensaio aberto <a href=\"https:\/\/ervadaninha.pt\/wp1\/index.php\/portfolio\/contactos\/\" target=\"_blank\" rel=\"noreferrer noopener\">CCC<\/a> &#8211; 22 Out &#8211; 17h &#8211; 2023 <\/p>\n\n\n\n<p>Disfuncional, \u00e9 o termo utilizado para nos referirmos a uma pessoa, um processo, entidade, ou sistema, que n\u00e3o funciona de forma adequada, ou que n\u00e3o cumpre a sua fun\u00e7\u00e3o. \u00c9 um compromisso que falha. \u00c9 um estado, ou uma forma de estar, que se mant\u00e9m. Uma desresponsabiliza\u00e7\u00e3o cont\u00ednua, ao sentido de reabilitar.<\/p>\n\n\n\n<div class=\"wp-block-media-text has-media-on-the-right is-stacked-on-mobile\" style=\"grid-template-columns:auto 61%\"><div class=\"wp-block-media-text__content\">\n<p>DOCILIN, apropria-se do equil\u00edbrios, rola-bola e monociclo-girafa, como forma de express\u00e3o. Trabalhado o equil\u00edbrio no sentido pr\u00e1tico e metaf\u00f3rico,referente ao tema subjacente ao projeto.<\/p>\n\n\n\n<p><\/p>\n\n\n\n<p><\/p>\n<\/div><figure class=\"wp-block-media-text__media\"><img decoding=\"async\" loading=\"lazy\" width=\"940\" height=\"529\" src=\"https:\/\/ervadaninha.pt\/wp1\/wp-content\/uploads\/2023\/10\/Docilin_3-copia-940x529.jpg\" alt=\"\" class=\"wp-image-2787 size-full\" srcset=\"https:\/\/ervadaninha.pt\/wp1\/wp-content\/uploads\/2023\/10\/Docilin_3-copia-940x529.jpg 940w, https:\/\/ervadaninha.pt\/wp1\/wp-content\/uploads\/2023\/10\/Docilin_3-copia-620x349.jpg 620w, https:\/\/ervadaninha.pt\/wp1\/wp-content\/uploads\/2023\/10\/Docilin_3-copia-768x432.jpg 768w, https:\/\/ervadaninha.pt\/wp1\/wp-content\/uploads\/2023\/10\/Docilin_3-copia-1536x864.jpg 1536w, https:\/\/ervadaninha.pt\/wp1\/wp-content\/uploads\/2023\/10\/Docilin_3-copia-2048x1152.jpg 2048w, https:\/\/ervadaninha.pt\/wp1\/wp-content\/uploads\/2023\/10\/Docilin_3-copia-300x169.jpg 300w\" sizes=\"(max-width: 940px) 100vw, 940px\" \/><\/figure><\/div>\n\n\n\n<p class=\"has-medium-font-size\"><strong>Ficha Art\u00edstica:<\/strong><\/p>\n\n\n\n<p class=\"has-medium-font-size\">cria\u00e7\u00e3o e interpreta\u00e7\u00e3o PEDRO MATIAS |                                                                                          apoio \u00e0 cria\u00e7\u00e3o ARIANA SEBASTI\u00c3O |                                                                                             figurinos MARIA CAMPOS |                                                                                                          composi\u00e7\u00e3o sonora RAFAEL MAIA<\/p>\n\n\n\n<p>+info: <a href=\"https:\/\/portfoliopedromatias.wixsite.com\/website\">https:\/\/portfoliopedromatias.wixsite.com\/website<\/a><\/p>\n\n\n\n<figure class=\"wp-block-embed aligncenter is-type-video is-provider-vimeo wp-block-embed-vimeo wp-embed-aspect-16-9 wp-has-aspect-ratio\"><div class=\"wp-block-embed__wrapper\">\n<div class=\"jetpack-video-wrapper\"><iframe loading=\"lazy\" title=\"DOCILIN de Pedro Matias\" src=\"https:\/\/player.vimeo.com\/video\/885692099?dnt=1&amp;app_id=122963\" width=\"764\" height=\"430\" frameborder=\"0\" allow=\"autoplay; fullscreen; picture-in-picture; clipboard-write\"><\/iframe><\/div>\n<\/div><\/figure>\n","protected":false},"excerpt":{"rendered":"<p>DOCILIN de Pedro Matias&nbsp; &#8211; ensaio aberto CCC &#8211; 22 Out &#8211; 17h &#8211; 2023 Disfuncional, \u00e9 o termo utilizado para nos referirmos a uma pessoa, um processo, entidade, ou [&hellip;]<\/p>\n","protected":false},"author":1,"featured_media":0,"parent":0,"menu_order":0,"comment_status":"closed","ping_status":"closed","template":"","meta":{"_themeisle_gutenberg_block_has_review":false,"jetpack_post_was_ever_published":false,"footnotes":""},"tags":[],"yoast_head":"<!-- This site is optimized with the Yoast SEO plugin v21.0 - https:\/\/yoast.com\/wordpress\/plugins\/seo\/ -->\n<title>Docilin - Erva Daninha<\/title>\n<meta name=\"robots\" content=\"index, follow, max-snippet:-1, max-image-preview:large, max-video-preview:-1\" \/>\n<link rel=\"canonical\" href=\"https:\/\/ervadaninha.pt\/wp1\/index.php\/docilin\/\" \/>\n<meta property=\"og:locale\" content=\"pt_PT\" \/>\n<meta property=\"og:type\" content=\"article\" \/>\n<meta property=\"og:title\" content=\"Docilin - Erva Daninha\" \/>\n<meta property=\"og:description\" content=\"DOCILIN de Pedro Matias&nbsp; &#8211; ensaio aberto CCC &#8211; 22 Out &#8211; 17h &#8211; 2023 Disfuncional, \u00e9 o termo utilizado para nos referirmos a uma pessoa, um processo, entidade, ou [&hellip;]\" \/>\n<meta property=\"og:url\" content=\"https:\/\/ervadaninha.pt\/wp1\/index.php\/docilin\/\" \/>\n<meta property=\"og:site_name\" content=\"Erva Daninha\" \/>\n<meta property=\"article:modified_time\" content=\"2025-09-25T10:16:46+00:00\" \/>\n<meta property=\"og:image\" content=\"https:\/\/ervadaninha.pt\/wp1\/wp-content\/uploads\/2023\/10\/Docilin_3-copia-940x529.jpg\" \/>\n<meta name=\"twitter:card\" content=\"summary_large_image\" \/>\n<meta name=\"twitter:label1\" content=\"Tempo estimado de leitura\" \/>\n\t<meta name=\"twitter:data1\" content=\"1 minuto\" \/>\n<script type=\"application\/ld+json\" class=\"yoast-schema-graph\">{\"@context\":\"https:\/\/schema.org\",\"@graph\":[{\"@type\":\"WebPage\",\"@id\":\"https:\/\/ervadaninha.pt\/wp1\/index.php\/docilin\/\",\"url\":\"https:\/\/ervadaninha.pt\/wp1\/index.php\/docilin\/\",\"name\":\"Docilin - Erva Daninha\",\"isPartOf\":{\"@id\":\"https:\/\/ervadaninha.pt\/wp1\/#website\"},\"datePublished\":\"2024-07-11T13:45:56+00:00\",\"dateModified\":\"2025-09-25T10:16:46+00:00\",\"breadcrumb\":{\"@id\":\"https:\/\/ervadaninha.pt\/wp1\/index.php\/docilin\/#breadcrumb\"},\"inLanguage\":\"pt-PT\",\"potentialAction\":[{\"@type\":\"ReadAction\",\"target\":[\"https:\/\/ervadaninha.pt\/wp1\/index.php\/docilin\/\"]}]},{\"@type\":\"BreadcrumbList\",\"@id\":\"https:\/\/ervadaninha.pt\/wp1\/index.php\/docilin\/#breadcrumb\",\"itemListElement\":[{\"@type\":\"ListItem\",\"position\":1,\"name\":\"Home\",\"item\":\"https:\/\/ervadaninha.pt\/wp1\/\"},{\"@type\":\"ListItem\",\"position\":2,\"name\":\"Docilin\"}]},{\"@type\":\"WebSite\",\"@id\":\"https:\/\/ervadaninha.pt\/wp1\/#website\",\"url\":\"https:\/\/ervadaninha.pt\/wp1\/\",\"name\":\"Erva Daninha\",\"description\":\"Erva Daninha\",\"publisher\":{\"@id\":\"https:\/\/ervadaninha.pt\/wp1\/#organization\"},\"potentialAction\":[{\"@type\":\"SearchAction\",\"target\":{\"@type\":\"EntryPoint\",\"urlTemplate\":\"https:\/\/ervadaninha.pt\/wp1\/?s={search_term_string}\"},\"query-input\":\"required name=search_term_string\"}],\"inLanguage\":\"pt-PT\"},{\"@type\":\"Organization\",\"@id\":\"https:\/\/ervadaninha.pt\/wp1\/#organization\",\"name\":\"Erva Daninha\",\"url\":\"https:\/\/ervadaninha.pt\/wp1\/\",\"logo\":{\"@type\":\"ImageObject\",\"inLanguage\":\"pt-PT\",\"@id\":\"https:\/\/ervadaninha.pt\/wp1\/#\/schema\/logo\/image\/\",\"url\":\"https:\/\/ervadaninha.pt\/wp1\/wp-content\/uploads\/2023\/09\/cropped-ervadaninha_preto_s.png\",\"contentUrl\":\"https:\/\/ervadaninha.pt\/wp1\/wp-content\/uploads\/2023\/09\/cropped-ervadaninha_preto_s.png\",\"width\":100,\"height\":49,\"caption\":\"Erva Daninha\"},\"image\":{\"@id\":\"https:\/\/ervadaninha.pt\/wp1\/#\/schema\/logo\/image\/\"}}]}<\/script>\n<!-- \/ Yoast SEO plugin. -->","yoast_head_json":{"title":"Docilin - Erva Daninha","robots":{"index":"index","follow":"follow","max-snippet":"max-snippet:-1","max-image-preview":"max-image-preview:large","max-video-preview":"max-video-preview:-1"},"canonical":"https:\/\/ervadaninha.pt\/wp1\/index.php\/docilin\/","og_locale":"pt_PT","og_type":"article","og_title":"Docilin - Erva Daninha","og_description":"DOCILIN de Pedro Matias&nbsp; &#8211; ensaio aberto CCC &#8211; 22 Out &#8211; 17h &#8211; 2023 Disfuncional, \u00e9 o termo utilizado para nos referirmos a uma pessoa, um processo, entidade, ou [&hellip;]","og_url":"https:\/\/ervadaninha.pt\/wp1\/index.php\/docilin\/","og_site_name":"Erva Daninha","article_modified_time":"2025-09-25T10:16:46+00:00","og_image":[{"url":"https:\/\/ervadaninha.pt\/wp1\/wp-content\/uploads\/2023\/10\/Docilin_3-copia-940x529.jpg"}],"twitter_card":"summary_large_image","twitter_misc":{"Tempo estimado de leitura":"1 minuto"},"schema":{"@context":"https:\/\/schema.org","@graph":[{"@type":"WebPage","@id":"https:\/\/ervadaninha.pt\/wp1\/index.php\/docilin\/","url":"https:\/\/ervadaninha.pt\/wp1\/index.php\/docilin\/","name":"Docilin - Erva Daninha","isPartOf":{"@id":"https:\/\/ervadaninha.pt\/wp1\/#website"},"datePublished":"2024-07-11T13:45:56+00:00","dateModified":"2025-09-25T10:16:46+00:00","breadcrumb":{"@id":"https:\/\/ervadaninha.pt\/wp1\/index.php\/docilin\/#breadcrumb"},"inLanguage":"pt-PT","potentialAction":[{"@type":"ReadAction","target":["https:\/\/ervadaninha.pt\/wp1\/index.php\/docilin\/"]}]},{"@type":"BreadcrumbList","@id":"https:\/\/ervadaninha.pt\/wp1\/index.php\/docilin\/#breadcrumb","itemListElement":[{"@type":"ListItem","position":1,"name":"Home","item":"https:\/\/ervadaninha.pt\/wp1\/"},{"@type":"ListItem","position":2,"name":"Docilin"}]},{"@type":"WebSite","@id":"https:\/\/ervadaninha.pt\/wp1\/#website","url":"https:\/\/ervadaninha.pt\/wp1\/","name":"Erva Daninha","description":"Erva Daninha","publisher":{"@id":"https:\/\/ervadaninha.pt\/wp1\/#organization"},"potentialAction":[{"@type":"SearchAction","target":{"@type":"EntryPoint","urlTemplate":"https:\/\/ervadaninha.pt\/wp1\/?s={search_term_string}"},"query-input":"required name=search_term_string"}],"inLanguage":"pt-PT"},{"@type":"Organization","@id":"https:\/\/ervadaninha.pt\/wp1\/#organization","name":"Erva Daninha","url":"https:\/\/ervadaninha.pt\/wp1\/","logo":{"@type":"ImageObject","inLanguage":"pt-PT","@id":"https:\/\/ervadaninha.pt\/wp1\/#\/schema\/logo\/image\/","url":"https:\/\/ervadaninha.pt\/wp1\/wp-content\/uploads\/2023\/09\/cropped-ervadaninha_preto_s.png","contentUrl":"https:\/\/ervadaninha.pt\/wp1\/wp-content\/uploads\/2023\/09\/cropped-ervadaninha_preto_s.png","width":100,"height":49,"caption":"Erva Daninha"},"image":{"@id":"https:\/\/ervadaninha.pt\/wp1\/#\/schema\/logo\/image\/"}}]}},"jetpack_sharing_enabled":true,"jetpack_shortlink":"https:\/\/wp.me\/P6f9xd-NW","_links":{"self":[{"href":"https:\/\/ervadaninha.pt\/wp1\/index.php\/wp-json\/wp\/v2\/pages\/3096"}],"collection":[{"href":"https:\/\/ervadaninha.pt\/wp1\/index.php\/wp-json\/wp\/v2\/pages"}],"about":[{"href":"https:\/\/ervadaninha.pt\/wp1\/index.php\/wp-json\/wp\/v2\/types\/page"}],"author":[{"embeddable":true,"href":"https:\/\/ervadaninha.pt\/wp1\/index.php\/wp-json\/wp\/v2\/users\/1"}],"replies":[{"embeddable":true,"href":"https:\/\/ervadaninha.pt\/wp1\/index.php\/wp-json\/wp\/v2\/comments?post=3096"}],"version-history":[{"count":2,"href":"https:\/\/ervadaninha.pt\/wp1\/index.php\/wp-json\/wp\/v2\/pages\/3096\/revisions"}],"predecessor-version":[{"id":4111,"href":"https:\/\/ervadaninha.pt\/wp1\/index.php\/wp-json\/wp\/v2\/pages\/3096\/revisions\/4111"}],"wp:attachment":[{"href":"https:\/\/ervadaninha.pt\/wp1\/index.php\/wp-json\/wp\/v2\/media?parent=3096"}],"wp:term":[{"taxonomy":"post_tag","embeddable":true,"href":"https:\/\/ervadaninha.pt\/wp1\/index.php\/wp-json\/wp\/v2\/tags?post=3096"}],"curies":[{"name":"wp","href":"https:\/\/api.w.org\/{rel}","templated":true}]}}

<p><strong><em>DOCILIN</em></strong>  de Pedro Matias&nbsp;  &#8211;   ensaio aberto <a href="https://ervadaninha.pt/wp1/index.php/portfolio/contactos/" target="_blank" rel="noreferrer noopener">CCC</a> &#8211; 22 Out &#8211; 17h &#8211; 2023 </p>



<p>Disfuncional, é o termo utilizado para nos referirmos a uma pessoa, um processo, entidade, ou sistema, que não funciona de forma adequada, ou que não cumpre a sua função. É um compromisso que falha. É um estado, ou uma forma de estar, que se mantém. Uma desresponsabilização contínua, ao sentido de reabilitar.</p>



<div class="wp-block-media-text has-media-on-the-right is-stacked-on-mobile" style="grid-template-columns:auto 61%"><div class="wp-block-media-text__content">
<p>DOCILIN, apropria-se do equilíbrios, rola-bola e monociclo-girafa, como forma de expressão. Trabalhado o equilíbrio no sentido prático e metafórico,referente ao tema subjacente ao projeto.</p>



<p></p>



<p></p>
</div><figure class="wp-block-media-text__media"><img decoding="async" loading="lazy" width="940" height="529" src="https://ervadaninha.pt/wp1/wp-content/uploads/2023/10/Docilin_3-copia-940x529.jpg" alt="" class="wp-image-2787 size-full" srcset="https://ervadaninha.pt/wp1/wp-content/uploads/2023/10/Docilin_3-copia-940x529.jpg 940w, https://ervadaninha.pt/wp1/wp-content/uploads/2023/10/Docilin_3-copia-620x349.jpg 620w, https://ervadaninha.pt/wp1/wp-content/uploads/2023/10/Docilin_3-copia-768x432.jpg 768w, https://ervadaninha.pt/wp1/wp-content/uploads/2023/10/Docilin_3-copia-1536x864.jpg 1536w, https://ervadaninha.pt/wp1/wp-content/uploads/2023/10/Docilin_3-copia-2048x1152.jpg 2048w, https://ervadaninha.pt/wp1/wp-content/uploads/2023/10/Docilin_3-copia-300x169.jpg 300w" sizes="(max-width: 940px) 100vw, 940px" /></figure></div>



<p class="has-medium-font-size"><strong>Ficha Artística:</strong></p>



<p class="has-medium-font-size">criação e interpretação PEDRO MATIAS |                                                                                          apoio à criação ARIANA SEBASTIÃO |                                                                                             figurinos MARIA CAMPOS |                                                                                                          composição sonora RAFAEL MAIA</p>



<p>+info: <a href="https://portfoliopedromatias.wixsite.com/website">https://portfoliopedromatias.wixsite.com/website</a></p>



<figure class="wp-block-embed aligncenter is-type-video is-provider-vimeo wp-block-embed-vimeo wp-embed-aspect-16-9 wp-has-aspect-ratio"><div class="wp-block-embed__wrapper">
<div class="jetpack-video-wrapper"><iframe loading="lazy" title="DOCILIN de Pedro Matias" src="https://player.vimeo.com/video/885692099?dnt=1&amp;app_id=122963" width="764" height="430" frameborder="0" allow="autoplay; fullscreen; picture-in-picture; clipboard-write"></iframe></div>
</div></figure>

<p>DOCILIN de Pedro Matias&nbsp; &#8211; ensaio aberto CCC &#8211; 22 Out &#8211; 17h &#8211; 2023 Disfuncional, é o termo utilizado para nos referirmos a uma pessoa, um processo, entidade, ou [&hellip;]</p>

<!-- This site is optimized with the Yoast SEO plugin v21.0 - https://yoast.com/wordpress/plugins/seo/ -->
<title>Docilin - Erva Daninha</title>
<meta name="robots" content="index, follow, max-snippet:-1, max-image-preview:large, max-video-preview:-1" />
<link rel="canonical" href="https://ervadaninha.pt/wp1/index.php/docilin/" />
<meta property="og:locale" content="pt_PT" />
<meta property="og:type" content="article" />
<meta property="og:title" content="Docilin - Erva Daninha" />
<meta property="og:description" content="DOCILIN de Pedro Matias&nbsp; &#8211; ensaio aberto CCC &#8211; 22 Out &#8211; 17h &#8211; 2023 Disfuncional, é o termo utilizado para nos referirmos a uma pessoa, um processo, entidade, ou [&hellip;]" />
<meta property="og:url" content="https://ervadaninha.pt/wp1/index.php/docilin/" />
<meta property="og:site_name" content="Erva Daninha" />
<meta property="article:modified_time" content="2025-09-25T10:16:46+00:00" />
<meta property="og:image" content="https://ervadaninha.pt/wp1/wp-content/uploads/2023/10/Docilin_3-copia-940x529.jpg" />
<meta name="twitter:card" content="summary_large_image" />
<meta name="twitter:label1" content="Tempo estimado de leitura" />
	<meta name="twitter:data1" content="1 minuto" />
<script type="application/ld+json" class="yoast-schema-graph">{"@context":"https://schema.org","@graph":[{"@type":"WebPage","@id":"https://ervadaninha.pt/wp1/index.php/docilin/","url":"https://ervadaninha.pt/wp1/index.php/docilin/","name":"Docilin - Erva Daninha","isPartOf":{"@id":"https://ervadaninha.pt/wp1/#website"},"datePublished":"2024-07-11T13:45:56+00:00","dateModified":"2025-09-25T10:16:46+00:00","breadcrumb":{"@id":"https://ervadaninha.pt/wp1/index.php/docilin/#breadcrumb"},"inLanguage":"pt-PT","potentialAction":[{"@type":"ReadAction","target":["https://ervadaninha.pt/wp1/index.php/docilin/"]}]},{"@type":"BreadcrumbList","@id":"https://ervadaninha.pt/wp1/index.php/docilin/#breadcrumb","itemListElement":[{"@type":"ListItem","position":1,"name":"Home","item":"https://ervadaninha.pt/wp1/"},{"@type":"ListItem","position":2,"name":"Docilin"}]},{"@type":"WebSite","@id":"https://ervadaninha.pt/wp1/#website","url":"https://ervadaninha.pt/wp1/","name":"Erva Daninha","description":"Erva Daninha","publisher":{"@id":"https://ervadaninha.pt/wp1/#organization"},"potentialAction":[{"@type":"SearchAction","target":{"@type":"EntryPoint","urlTemplate":"https://ervadaninha.pt/wp1/?s={search_term_string}"},"query-input":"required name=search_term_string"}],"inLanguage":"pt-PT"},{"@type":"Organization","@id":"https://ervadaninha.pt/wp1/#organization","name":"Erva Daninha","url":"https://ervadaninha.pt/wp1/","logo":{"@type":"ImageObject","inLanguage":"pt-PT","@id":"https://ervadaninha.pt/wp1/#/schema/logo/image/","url":"https://ervadaninha.pt/wp1/wp-content/uploads/2023/09/cropped-ervadaninha_preto_s.png","contentUrl":"https://ervadaninha.pt/wp1/wp-content/uploads/2023/09/cropped-ervadaninha_preto_s.png","width":100,"height":49,"caption":"Erva Daninha"},"image":{"@id":"https://ervadaninha.pt/wp1/#/schema/logo/image/"}}]}</script>
<!-- / Yoast SEO plugin. -->

DOCILIN de Pedro Matias&nbsp; &#8211; ensaio aberto CCC &#8211; 22 Out &#8211; 17h &#8211; 2023 Disfuncional, é o termo utilizado para nos referirmos a uma pessoa, um processo, entidade, ou [&hellip;]
