{"id":2603,"date":"2023-09-01T09:11:11","date_gmt":"2023-09-01T09:11:11","guid":{"rendered":"https:\/\/ervadaninha.pt\/wp1\/?page_id=2603"},"modified":"2025-08-04T10:37:33","modified_gmt":"2025-08-04T10:37:33","slug":"por-um-fio","status":"publish","type":"page","link":"https:\/\/ervadaninha.pt\/wp1\/index.php\/por-um-fio\/","title":{"rendered":"Por um Fio"},"content":{"rendered":"\n<p class=\"wp-embed-aspect-16-9 wp-has-aspect-ratio\">de        Erva Daninha\/ Daniel Seabra<\/p>\n\n\n\n<p class=\"wp-embed-aspect-16-9 wp-has-aspect-ratio\">           <\/p>\n\n\n\n<p class=\"wp-embed-aspect-16-9 wp-has-aspect-ratio\">A que dist\u00e2ncia \u00e9\nposs\u00edvel estar junto, hoje?<\/p>\n\n\n\n<p class=\"wp-embed-aspect-16-9 wp-has-aspect-ratio\">Os artistas de circo n\u00e3o t\u00eam medo de correr riscos e assumir plenamente a responsabilidade da sua imprud\u00eancia e pr\u00e1tica indisciplinada.<\/p>\n\n\n\n<figure class=\"wp-block-embed is-type-video is-provider-vimeo wp-block-embed-vimeo wp-embed-aspect-16-9 wp-has-aspect-ratio\"><div class=\"wp-block-embed__wrapper\">\n<div class=\"jetpack-video-wrapper\"><iframe loading=\"lazy\" title=\"Por Um Fio\" src=\"https:\/\/player.vimeo.com\/video\/448504434?dnt=1&amp;app_id=122963\" width=\"764\" height=\"430\" frameborder=\"0\" allow=\"autoplay; fullscreen; picture-in-picture\"><\/iframe><\/div>\n<\/div><\/figure>\n\n\n\n<p class=\"wp-embed-aspect-16-9 wp-has-aspect-ratio\">Atrav\u00e9s de um espet\u00e1culo de\ncirco, dois int\u00e9rpretes utilizam a acrobacia a\u00e9rea como t\u00e9cnica para procurarem\ncontinuamente o equil\u00edbrio entre dois corpos, usando uma corda solta com duas\npontas a 7 metros de altura. Esta corda, este fio impermanente e inconstante,\naltera a perce\u00e7\u00e3o do espectador sobre os corpos em cena.<\/p>\n\n\n\n<p class=\"wp-embed-aspect-16-9 wp-has-aspect-ratio\">Partimos desta corda que enforca\na necessidade de algo mais do que uma simples conex\u00e3o. Dependemos desta\nliga\u00e7\u00e3o, desta corda que nos suspende e que nos prende. Que nos amarra, mas nos\nsegura. Qualquer a\u00e7\u00e3o desencadeia uma consequ\u00eancia no estado do outro, e \u00e9 esta\ndepend\u00eancia que nos obriga a confiar no outro.<\/p>\n\n\n\n<p class=\"wp-embed-aspect-16-9 wp-has-aspect-ratio\">Com este espet\u00e1culo desenhado\npara espa\u00e7o p\u00fablico pretendemos repensar as potencialidades que podem surgir de\nalgo t\u00e3o simples, humano e vol\u00e1til. O valor da confian\u00e7a e a import\u00e2ncia da\nnossa presen\u00e7a no momento presente atrav\u00e9s desta vertiginosa dan\u00e7a a\u00e9rea entre\ndois corpos.<\/p>\n\n\n\n<figure class=\"wp-block-embed is-type-video is-provider-vimeo wp-block-embed-vimeo wp-embed-aspect-16-9 wp-has-aspect-ratio\"><div class=\"wp-block-embed__wrapper\">\n<div class=\"jetpack-video-wrapper\"><div class=\"embed-vimeo\" style=\"text-align: center;\"><iframe loading=\"lazy\" src=\"https:\/\/player.vimeo.com\/video\/493140748\" width=\"764\" height=\"430\" frameborder=\"0\" webkitallowfullscreen mozallowfullscreen allowfullscreen><\/iframe><\/div><\/div>\n<\/div><\/figure>\n\n\n\n<p class=\"wp-embed-aspect-16-9 wp-has-aspect-ratio\">Conceito de presente est\u00e1 em transforma\u00e7\u00e3o, tamb\u00e9m como consequ\u00eancia de uma sociedade mais tecnol\u00f3gica, gerida por redes sociais. A forma como nos relacionamos, o aqui, o agora e a no\u00e7\u00e3o de real geram uma complexidade nas rela\u00e7\u00f5es interpessoais. Os novos canais tornam a comunica\u00e7\u00e3o mais r\u00e1pida mas mais distante. Estamos em contato mas longe, uma proximidade superficial, menos real, menos presente.<\/p>\n\n\n\n<p class=\"wp-embed-aspect-16-9 wp-has-aspect-ratio\">Toda a rela\u00e7\u00e3o exige a exist\u00eancia\ndo presente, mais do que isso, depende dele. Propomo-nos assim a rever a ideia\nassociada \u00e0 palavra &#8220;rela\u00e7\u00e3o&#8221; pela sociedade atual. Falar sobre o\npresente, sobre a presen\u00e7a, sobre o momento em que nos encontramos e sobre como\napenas ele, tem total influ\u00eancia no momento que se segue. Relembrar os\nconceitos de correla\u00e7\u00e3o e <em>codepend\u00eancia<\/em> e do quanto precisamos uns dos\noutros para viver, voar, existir e ser.<\/p>\n\n\n\n<div class=\"wp-block-group wp-embed-aspect-16-9 wp-has-aspect-ratio is-layout-flow wp-block-group-is-layout-flow\"><div class=\"wp-block-group__inner-container\">\n<div class=\"wp-block-jetpack-tiled-gallery aligncenter is-style-columns\"><div class=\"tiled-gallery__gallery\"><div class=\"tiled-gallery__row\"><div class=\"tiled-gallery__col\" style=\"flex-basis:61.20745%\"><figure class=\"tiled-gallery__item\"><img decoding=\"async\" srcset=\"https:\/\/i1.wp.com\/ervadaninha.pt\/wp1\/wp-content\/uploads\/2020\/09\/20200723_193501-scaled.jpg?strip=info&#038;w=600 600w,https:\/\/i1.wp.com\/ervadaninha.pt\/wp1\/wp-content\/uploads\/2020\/09\/20200723_193501-scaled.jpg?strip=info&#038;w=900 900w,https:\/\/i1.wp.com\/ervadaninha.pt\/wp1\/wp-content\/uploads\/2020\/09\/20200723_193501-scaled.jpg?strip=info&#038;w=1200 1200w,https:\/\/i1.wp.com\/ervadaninha.pt\/wp1\/wp-content\/uploads\/2020\/09\/20200723_193501-scaled.jpg?strip=info&#038;w=1500 1500w,https:\/\/i1.wp.com\/ervadaninha.pt\/wp1\/wp-content\/uploads\/2020\/09\/20200723_193501-scaled.jpg?strip=info&#038;w=1800 1800w,https:\/\/i1.wp.com\/ervadaninha.pt\/wp1\/wp-content\/uploads\/2020\/09\/20200723_193501-scaled.jpg?strip=info&#038;w=2000 2000w\" alt=\"POR UM FIO\" data-height=\"1440\" data-id=\"1552\" data-link=\"https:\/\/ervadaninha.pt\/wp1\/index.php\/portfolio\/espetaculo-satelite\/20200723_193501\/\" data-url=\"https:\/\/ervadaninha.pt\/wp1\/wp-content\/uploads\/2020\/09\/20200723_193501-scaled.jpg\" data-width=\"2560\" src=\"https:\/\/i1.wp.com\/ervadaninha.pt\/wp1\/wp-content\/uploads\/2020\/09\/20200723_193501-scaled.jpg\" data-amp-layout=\"responsive\"\/><\/figure><\/div><div class=\"tiled-gallery__col\" style=\"flex-basis:19.44661%\"><figure class=\"tiled-gallery__item\"><img decoding=\"async\" srcset=\"https:\/\/i2.wp.com\/ervadaninha.pt\/wp1\/wp-content\/uploads\/2020\/09\/20200723_192547-scaled.jpg?strip=info&#038;w=600 600w,https:\/\/i2.wp.com\/ervadaninha.pt\/wp1\/wp-content\/uploads\/2020\/09\/20200723_192547-scaled.jpg?strip=info&#038;w=900 900w,https:\/\/i2.wp.com\/ervadaninha.pt\/wp1\/wp-content\/uploads\/2020\/09\/20200723_192547-scaled.jpg?strip=info&#038;w=1200 1200w,https:\/\/i2.wp.com\/ervadaninha.pt\/wp1\/wp-content\/uploads\/2020\/09\/20200723_192547-scaled.jpg?strip=info&#038;w=1440 1440w\" alt=\"\" data-height=\"2560\" data-id=\"1544\" data-link=\"https:\/\/ervadaninha.pt\/wp1\/index.php\/portfolio\/espetaculo-satelite\/20200723_192547\/\" data-url=\"https:\/\/ervadaninha.pt\/wp1\/wp-content\/uploads\/2020\/09\/20200723_192547-scaled.jpg\" data-width=\"1440\" src=\"https:\/\/i2.wp.com\/ervadaninha.pt\/wp1\/wp-content\/uploads\/2020\/09\/20200723_192547-scaled.jpg\" data-amp-layout=\"responsive\"\/><\/figure><\/div><div class=\"tiled-gallery__col\" style=\"flex-basis:19.34594%\"><figure class=\"tiled-gallery__item\"><img decoding=\"async\" srcset=\"https:\/\/i1.wp.com\/ervadaninha.pt\/wp1\/wp-content\/uploads\/2020\/09\/120032310_352413679450176_2523079557962450183_n.jpg?strip=info&#038;w=600 600w,https:\/\/i1.wp.com\/ervadaninha.pt\/wp1\/wp-content\/uploads\/2020\/09\/120032310_352413679450176_2523079557962450183_n.jpg?strip=info&#038;w=900 900w,https:\/\/i1.wp.com\/ervadaninha.pt\/wp1\/wp-content\/uploads\/2020\/09\/120032310_352413679450176_2523079557962450183_n.jpg?strip=info&#038;w=1146 1146w\" alt=\"\" data-height=\"2048\" data-id=\"1543\" data-link=\"https:\/\/ervadaninha.pt\/wp1\/index.php\/portfolio\/espetaculo-satelite\/120032310_352413679450176_2523079557962450183_n\/\" data-url=\"https:\/\/ervadaninha.pt\/wp1\/wp-content\/uploads\/2020\/09\/120032310_352413679450176_2523079557962450183_n.jpg\" data-width=\"1146\" src=\"https:\/\/i1.wp.com\/ervadaninha.pt\/wp1\/wp-content\/uploads\/2020\/09\/120032310_352413679450176_2523079557962450183_n.jpg\" data-amp-layout=\"responsive\"\/><\/figure><\/div><\/div><\/div><\/div>\n<\/div><\/div>\n\n\n\n<p class=\"wp-embed-aspect-16-9 wp-has-aspect-ratio\">dire\u00e7\u00e3o art\u00edstica DANIEL SEABRA | cocria\u00e7\u00e3o e interpreta\u00e7\u00e3o DANIEL SEABRA e MARGARIDA MONTENY | m\u00fasica original MIGUEL DE | montagem e opera\u00e7\u00e3o t\u00e9cnica LU\u00cdS RIBEIRO | dire\u00e7\u00e3o art\u00edstica erva daninha JULIETA GUIMAR\u00c3ES e VASCO GOMES | produ\u00e7\u00e3o executiva erva daninha TERESA CAMARINHA | resid\u00eancias ERVA DANINHA, TEATRO MUNICIPAL DO PORTO, SALTO | produ\u00e7\u00e3o ERVA DANINHA| coprodu\u00e7\u00e3o TEATRO MUNICIPAL DO PORTO | | apoio R\u00c9PUBLICA PORTUGUESA &#8211; CULTURA \/ DIRE\u00c7\u00c3O GERAL DAS ARTES<\/p>\n","protected":false},"excerpt":{"rendered":"<p>de Erva Daninha\/ Daniel Seabra A que dist\u00e2ncia \u00e9 poss\u00edvel estar junto, hoje? Os artistas de circo n\u00e3o t\u00eam medo de correr riscos e assumir plenamente a responsabilidade da sua [&hellip;]<\/p>\n","protected":false},"author":1,"featured_media":0,"parent":0,"menu_order":0,"comment_status":"closed","ping_status":"closed","template":"","meta":{"_themeisle_gutenberg_block_has_review":false,"jetpack_post_was_ever_published":false,"footnotes":""},"tags":[],"yoast_head":"<!-- This site is optimized with the Yoast SEO plugin v21.0 - https:\/\/yoast.com\/wordpress\/plugins\/seo\/ -->\n<title>Por um Fio - Erva Daninha<\/title>\n<meta name=\"robots\" content=\"index, follow, max-snippet:-1, max-image-preview:large, max-video-preview:-1\" \/>\n<link rel=\"canonical\" href=\"https:\/\/ervadaninha.pt\/wp1\/index.php\/por-um-fio\/\" \/>\n<meta property=\"og:locale\" content=\"pt_PT\" \/>\n<meta property=\"og:type\" content=\"article\" \/>\n<meta property=\"og:title\" content=\"Por um Fio - Erva Daninha\" \/>\n<meta property=\"og:description\" content=\"de Erva Daninha\/ Daniel Seabra A que dist\u00e2ncia \u00e9 poss\u00edvel estar junto, hoje? Os artistas de circo n\u00e3o t\u00eam medo de correr riscos e assumir plenamente a responsabilidade da sua [&hellip;]\" \/>\n<meta property=\"og:url\" content=\"https:\/\/ervadaninha.pt\/wp1\/index.php\/por-um-fio\/\" \/>\n<meta property=\"og:site_name\" content=\"Erva Daninha\" \/>\n<meta property=\"article:modified_time\" content=\"2025-08-04T10:37:33+00:00\" \/>\n<meta property=\"og:image\" content=\"https:\/\/i1.wp.com\/ervadaninha.pt\/wp1\/wp-content\/uploads\/2020\/09\/20200723_193501-scaled.jpg\" \/>\n<meta name=\"twitter:card\" content=\"summary_large_image\" \/>\n<meta name=\"twitter:label1\" content=\"Tempo estimado de leitura\" \/>\n\t<meta name=\"twitter:data1\" content=\"3 minutos\" \/>\n<script type=\"application\/ld+json\" class=\"yoast-schema-graph\">{\"@context\":\"https:\/\/schema.org\",\"@graph\":[{\"@type\":\"WebPage\",\"@id\":\"https:\/\/ervadaninha.pt\/wp1\/index.php\/por-um-fio\/\",\"url\":\"https:\/\/ervadaninha.pt\/wp1\/index.php\/por-um-fio\/\",\"name\":\"Por um Fio - Erva Daninha\",\"isPartOf\":{\"@id\":\"https:\/\/ervadaninha.pt\/wp1\/#website\"},\"datePublished\":\"2023-09-01T09:11:11+00:00\",\"dateModified\":\"2025-08-04T10:37:33+00:00\",\"breadcrumb\":{\"@id\":\"https:\/\/ervadaninha.pt\/wp1\/index.php\/por-um-fio\/#breadcrumb\"},\"inLanguage\":\"pt-PT\",\"potentialAction\":[{\"@type\":\"ReadAction\",\"target\":[\"https:\/\/ervadaninha.pt\/wp1\/index.php\/por-um-fio\/\"]}]},{\"@type\":\"BreadcrumbList\",\"@id\":\"https:\/\/ervadaninha.pt\/wp1\/index.php\/por-um-fio\/#breadcrumb\",\"itemListElement\":[{\"@type\":\"ListItem\",\"position\":1,\"name\":\"Home\",\"item\":\"https:\/\/ervadaninha.pt\/wp1\/\"},{\"@type\":\"ListItem\",\"position\":2,\"name\":\"Por um Fio\"}]},{\"@type\":\"WebSite\",\"@id\":\"https:\/\/ervadaninha.pt\/wp1\/#website\",\"url\":\"https:\/\/ervadaninha.pt\/wp1\/\",\"name\":\"Erva Daninha\",\"description\":\"Erva Daninha\",\"publisher\":{\"@id\":\"https:\/\/ervadaninha.pt\/wp1\/#organization\"},\"potentialAction\":[{\"@type\":\"SearchAction\",\"target\":{\"@type\":\"EntryPoint\",\"urlTemplate\":\"https:\/\/ervadaninha.pt\/wp1\/?s={search_term_string}\"},\"query-input\":\"required name=search_term_string\"}],\"inLanguage\":\"pt-PT\"},{\"@type\":\"Organization\",\"@id\":\"https:\/\/ervadaninha.pt\/wp1\/#organization\",\"name\":\"Erva Daninha\",\"url\":\"https:\/\/ervadaninha.pt\/wp1\/\",\"logo\":{\"@type\":\"ImageObject\",\"inLanguage\":\"pt-PT\",\"@id\":\"https:\/\/ervadaninha.pt\/wp1\/#\/schema\/logo\/image\/\",\"url\":\"https:\/\/ervadaninha.pt\/wp1\/wp-content\/uploads\/2023\/09\/cropped-ervadaninha_preto_s.png\",\"contentUrl\":\"https:\/\/ervadaninha.pt\/wp1\/wp-content\/uploads\/2023\/09\/cropped-ervadaninha_preto_s.png\",\"width\":100,\"height\":49,\"caption\":\"Erva Daninha\"},\"image\":{\"@id\":\"https:\/\/ervadaninha.pt\/wp1\/#\/schema\/logo\/image\/\"}}]}<\/script>\n<!-- \/ Yoast SEO plugin. -->","yoast_head_json":{"title":"Por um Fio - Erva Daninha","robots":{"index":"index","follow":"follow","max-snippet":"max-snippet:-1","max-image-preview":"max-image-preview:large","max-video-preview":"max-video-preview:-1"},"canonical":"https:\/\/ervadaninha.pt\/wp1\/index.php\/por-um-fio\/","og_locale":"pt_PT","og_type":"article","og_title":"Por um Fio - Erva Daninha","og_description":"de Erva Daninha\/ Daniel Seabra A que dist\u00e2ncia \u00e9 poss\u00edvel estar junto, hoje? Os artistas de circo n\u00e3o t\u00eam medo de correr riscos e assumir plenamente a responsabilidade da sua [&hellip;]","og_url":"https:\/\/ervadaninha.pt\/wp1\/index.php\/por-um-fio\/","og_site_name":"Erva Daninha","article_modified_time":"2025-08-04T10:37:33+00:00","og_image":[{"url":"https:\/\/i1.wp.com\/ervadaninha.pt\/wp1\/wp-content\/uploads\/2020\/09\/20200723_193501-scaled.jpg"}],"twitter_card":"summary_large_image","twitter_misc":{"Tempo estimado de leitura":"3 minutos"},"schema":{"@context":"https:\/\/schema.org","@graph":[{"@type":"WebPage","@id":"https:\/\/ervadaninha.pt\/wp1\/index.php\/por-um-fio\/","url":"https:\/\/ervadaninha.pt\/wp1\/index.php\/por-um-fio\/","name":"Por um Fio - Erva Daninha","isPartOf":{"@id":"https:\/\/ervadaninha.pt\/wp1\/#website"},"datePublished":"2023-09-01T09:11:11+00:00","dateModified":"2025-08-04T10:37:33+00:00","breadcrumb":{"@id":"https:\/\/ervadaninha.pt\/wp1\/index.php\/por-um-fio\/#breadcrumb"},"inLanguage":"pt-PT","potentialAction":[{"@type":"ReadAction","target":["https:\/\/ervadaninha.pt\/wp1\/index.php\/por-um-fio\/"]}]},{"@type":"BreadcrumbList","@id":"https:\/\/ervadaninha.pt\/wp1\/index.php\/por-um-fio\/#breadcrumb","itemListElement":[{"@type":"ListItem","position":1,"name":"Home","item":"https:\/\/ervadaninha.pt\/wp1\/"},{"@type":"ListItem","position":2,"name":"Por um Fio"}]},{"@type":"WebSite","@id":"https:\/\/ervadaninha.pt\/wp1\/#website","url":"https:\/\/ervadaninha.pt\/wp1\/","name":"Erva Daninha","description":"Erva Daninha","publisher":{"@id":"https:\/\/ervadaninha.pt\/wp1\/#organization"},"potentialAction":[{"@type":"SearchAction","target":{"@type":"EntryPoint","urlTemplate":"https:\/\/ervadaninha.pt\/wp1\/?s={search_term_string}"},"query-input":"required name=search_term_string"}],"inLanguage":"pt-PT"},{"@type":"Organization","@id":"https:\/\/ervadaninha.pt\/wp1\/#organization","name":"Erva Daninha","url":"https:\/\/ervadaninha.pt\/wp1\/","logo":{"@type":"ImageObject","inLanguage":"pt-PT","@id":"https:\/\/ervadaninha.pt\/wp1\/#\/schema\/logo\/image\/","url":"https:\/\/ervadaninha.pt\/wp1\/wp-content\/uploads\/2023\/09\/cropped-ervadaninha_preto_s.png","contentUrl":"https:\/\/ervadaninha.pt\/wp1\/wp-content\/uploads\/2023\/09\/cropped-ervadaninha_preto_s.png","width":100,"height":49,"caption":"Erva Daninha"},"image":{"@id":"https:\/\/ervadaninha.pt\/wp1\/#\/schema\/logo\/image\/"}}]}},"jetpack_sharing_enabled":true,"jetpack_shortlink":"https:\/\/wp.me\/P6f9xd-FZ","_links":{"self":[{"href":"https:\/\/ervadaninha.pt\/wp1\/index.php\/wp-json\/wp\/v2\/pages\/2603"}],"collection":[{"href":"https:\/\/ervadaninha.pt\/wp1\/index.php\/wp-json\/wp\/v2\/pages"}],"about":[{"href":"https:\/\/ervadaninha.pt\/wp1\/index.php\/wp-json\/wp\/v2\/types\/page"}],"author":[{"embeddable":true,"href":"https:\/\/ervadaninha.pt\/wp1\/index.php\/wp-json\/wp\/v2\/users\/1"}],"replies":[{"embeddable":true,"href":"https:\/\/ervadaninha.pt\/wp1\/index.php\/wp-json\/wp\/v2\/comments?post=2603"}],"version-history":[{"count":3,"href":"https:\/\/ervadaninha.pt\/wp1\/index.php\/wp-json\/wp\/v2\/pages\/2603\/revisions"}],"predecessor-version":[{"id":3799,"href":"https:\/\/ervadaninha.pt\/wp1\/index.php\/wp-json\/wp\/v2\/pages\/2603\/revisions\/3799"}],"wp:attachment":[{"href":"https:\/\/ervadaninha.pt\/wp1\/index.php\/wp-json\/wp\/v2\/media?parent=2603"}],"wp:term":[{"taxonomy":"post_tag","embeddable":true,"href":"https:\/\/ervadaninha.pt\/wp1\/index.php\/wp-json\/wp\/v2\/tags?post=2603"}],"curies":[{"name":"wp","href":"https:\/\/api.w.org\/{rel}","templated":true}]}}