{"id":154,"date":"2015-05-24T19:03:55","date_gmt":"2015-05-24T19:03:55","guid":{"rendered":"http:\/\/ervadaninha.pt\/wp1\/?page_id=154"},"modified":"2023-11-17T16:56:33","modified_gmt":"2023-11-17T16:56:33","slug":"companhia","status":"publish","type":"page","link":"https:\/\/ervadaninha.pt\/wp1\/index.php\/companhia\/","title":{"rendered":"Companhia"},"content":{"rendered":"<p style=\"font-weight: 400;\">A Erva Daninha tem como miss\u00e3o o desenvolvimento do circo contempor\u00e2neo explorando o di\u00e1logo entre diferentes express\u00f5es das artes performativas. Procura linguagens, est\u00e9ticas e dramaturgias atuais do circo atrav\u00e9s de projetos de programa\u00e7\u00e3o, media\u00e7\u00e3o e cria\u00e7\u00e3o pr\u00f3pria. A Erva Daninha surge em 2005 e \u00e9 formalmente constitu\u00edda em janeiro de 2006 no Porto. Integra o coletivo que funda a F\u00e1brica da Rua da Alegria em 2005, um espa\u00e7o gentilmente cedido pela ESMAE\/IPP que habita at\u00e9 meados de 2015. Nesse ano torna-se companhia residente no Teatro Municipal do Porto atrav\u00e9s do programa Teatro em Campo Aberto, onde usufrui de espa\u00e7os pr\u00f3prios at\u00e9 2022. Em 2023, cria o Clube de Circo Contempor\u00e2neo, um espa\u00e7o de resid\u00eancias de circo na cidade do Porto.<\/p>\n<div class=\"jetpack-video-wrapper\">\n<div class=\"embed-vimeo\" style=\"text-align: center;\"><iframe loading=\"lazy\" src=\"https:\/\/player.vimeo.com\/video\/496076662\" width=\"764\" height=\"430\" frameborder=\"0\" webkitallowfullscreen mozallowfullscreen allowfullscreen><\/iframe><\/div>\n<\/div>\n<p style=\"font-weight: 400;\">A cria\u00e7\u00e3o art\u00edstica \u00e9 um dos eixos da Companhia contando com mais de 27 produ\u00e7\u00f5es para palco, espa\u00e7o alternativo e espa\u00e7o p\u00fablico. Os espet\u00e1culos da Companhia partem de tem\u00e1ticas sociais e pol\u00edticas desenvolvidas sob um ponto de vista dramat\u00fargico pr\u00f3prio. Um trabalho coreogr\u00e1fico que cruza as t\u00e9cnicas de circo com situa\u00e7\u00f5es, a\u00e7\u00f5es e objetos do quotidiano. Procura a inspira\u00e7\u00e3o na vida tentando reproduzi-la de forma extraordin\u00e1ria, mas procurando sempre manter uma narrativa, ainda que abstrata. \u00a0A programa\u00e7\u00e3o \u00e9 outro eixo da Erva Daninha. Em 2013, programa e produz \u201cCorrente Alterna \u2013 mostra de cria\u00e7\u00f5es inc\u00f3gnitas\u201d no TeCA e espa\u00e7o p\u00fablico envolvente, para o Teatro Nacional S\u00e3o Jo\u00e3o. Desde 2015, programa os artistas de circo nas \u201cQuintas de Leitura\u201d para o Teatro Municipal do Porto. Cria em 2016 o Trengo Festival de Circo, que se apresenta anualmente no Porto com apoio da \u00c1gora, Teatro Municipal do Porto e do Coliseu do Porto Ageas. O apoio sustentado da Rep\u00fablica Portuguesa \u2013 Cultura\/Dire\u00e7\u00e3o Geral das Artes a partir de 2018 juntamente com a coprodu\u00e7\u00e3o do Teatro Municipal do Porto permitem a cria\u00e7\u00e3o da Mostra Estufa, um foco de programa\u00e7\u00e3o anual dedicado a cria\u00e7\u00f5es emergentes.<\/p>\n<p><a href=\"https:\/\/ervadaninha.pt\/wp1\/wp-content\/uploads\/2015\/05\/pl_16.jpg\"><img decoding=\"async\" loading=\"lazy\" class=\"aligncenter wp-image-278 size-large\" src=\"https:\/\/ervadaninha.pt\/wp1\/wp-content\/uploads\/2015\/05\/pl_16-940x627.jpg\" alt=\"pl_16\" width=\"764\" height=\"510\" srcset=\"https:\/\/ervadaninha.pt\/wp1\/wp-content\/uploads\/2015\/05\/pl_16-940x627.jpg 940w, https:\/\/ervadaninha.pt\/wp1\/wp-content\/uploads\/2015\/05\/pl_16-620x413.jpg 620w, https:\/\/ervadaninha.pt\/wp1\/wp-content\/uploads\/2015\/05\/pl_16-300x200.jpg 300w, https:\/\/ervadaninha.pt\/wp1\/wp-content\/uploads\/2015\/05\/pl_16.jpg 960w\" sizes=\"(max-width: 764px) 100vw, 764px\" \/><\/a><\/p>\n<p style=\"text-align: center;\"><a href=\"https:\/\/ervadaninha.pt\/wp1\/index.php\/bios\/\">Bios\/ Link<\/a><\/p>\n<p style=\"font-weight: 400;\">A Companhia dedica-se tamb\u00e9m \u00e0 media\u00e7\u00e3o atrav\u00e9s da forma\u00e7\u00e3o e outras atividades. Entre 2011 e 2017, realiza semanalmente Treinos Abertos de Circo, aulas de malabarismo e aulas de a\u00e9reos. Em 2016, participa no projeto \u201cViver Viriato\u201d e em 2017 no projeto de interven\u00e7\u00e3o \u201cCasa\u201d com crian\u00e7as e jovens do Lar Santo Ant\u00f3nio em Viseu com financiamento do Munic\u00edpio. Em 2019, desenvolve o projeto de interven\u00e7\u00e3o \u201cEsqueci!\u201d com os jovens do centro educativo Santo Ant\u00f3nio no Porto. Em 2021, participa no projeto comunit\u00e1rio \u201cAldear\u201d com apoio de Norte 2020 e Portugal 2020. Em 2022\/2023, a Erva Daninha \u00e9 parceira no projeto Circo El\u00e9trico, vencedor do EEGrants\/Gulbenkian. Atualmente \u00e9 promotor do projeto Q-Circo apoiado pela Funda\u00e7\u00e3o Calouste Gulbenkian e pela Funda\u00e7\u00e3o \u201cla Caixa\u201d atrav\u00e9s da iniciativa PARTIS &amp; Arts For Change. At\u00e9 2025 a Erva Daninha, o Centro Social Soutelo e a Solsal \u2013 Funda\u00e7\u00e3o Salesianos escrevem este projeto em conjunto com os jovens do Centro de Reabilita\u00e7\u00e3o da Areosa em Gondomar e o Centro Educativo Santo Ant\u00f3nio no Porto.<\/p>\n<p style=\"font-weight: 400;\">A Companhia Erva Daninha \u00e9 estrutura financiada pela Rep\u00fablica Portuguesa \u2013 Cultura \/ Dire\u00e7\u00e3o-Geral das Artes atrav\u00e9s do programa de apoio sustentado quadrienal \u00e0 programa\u00e7\u00e3o no ciclo 2023 \u2013 2026. Anteriormente conta com o apoio sustentado bienal \u00e0 cria\u00e7\u00e3o de circo entre 2018 e 2022.<\/p>\n","protected":false},"excerpt":{"rendered":"<p>A Erva Daninha tem como miss\u00e3o o desenvolvimento do circo contempor\u00e2neo explorando o di\u00e1logo entre diferentes express\u00f5es das artes performativas. Procura linguagens, est\u00e9ticas e dramaturgias atuais do circo atrav\u00e9s de [&hellip;]<\/p>\n","protected":false},"author":1,"featured_media":0,"parent":0,"menu_order":0,"comment_status":"closed","ping_status":"closed","template":"","meta":{"_themeisle_gutenberg_block_has_review":false,"jetpack_post_was_ever_published":false,"footnotes":""},"tags":[],"yoast_head":"<!-- This site is optimized with the Yoast SEO plugin v21.0 - https:\/\/yoast.com\/wordpress\/plugins\/seo\/ -->\n<title>Companhia - Erva Daninha<\/title>\n<meta name=\"robots\" content=\"index, follow, max-snippet:-1, max-image-preview:large, max-video-preview:-1\" \/>\n<link rel=\"canonical\" href=\"https:\/\/ervadaninha.pt\/wp1\/index.php\/companhia\/\" \/>\n<meta property=\"og:locale\" content=\"pt_PT\" \/>\n<meta property=\"og:type\" content=\"article\" \/>\n<meta property=\"og:title\" content=\"Companhia - Erva Daninha\" \/>\n<meta property=\"og:description\" content=\"A Erva Daninha tem como miss\u00e3o o desenvolvimento do circo contempor\u00e2neo explorando o di\u00e1logo entre diferentes express\u00f5es das artes performativas. Procura linguagens, est\u00e9ticas e dramaturgias atuais do circo atrav\u00e9s de [&hellip;]\" \/>\n<meta property=\"og:url\" content=\"https:\/\/ervadaninha.pt\/wp1\/index.php\/companhia\/\" \/>\n<meta property=\"og:site_name\" content=\"Erva Daninha\" \/>\n<meta property=\"article:modified_time\" content=\"2023-11-17T16:56:33+00:00\" \/>\n<meta property=\"og:image\" content=\"http:\/\/ervadaninha.pt\/wp1\/wp-content\/uploads\/2015\/05\/pl_16-940x627.jpg\" \/>\n<meta name=\"twitter:card\" content=\"summary_large_image\" \/>\n<meta name=\"twitter:label1\" content=\"Tempo estimado de leitura\" \/>\n\t<meta name=\"twitter:data1\" content=\"4 minutos\" \/>\n<script type=\"application\/ld+json\" class=\"yoast-schema-graph\">{\"@context\":\"https:\/\/schema.org\",\"@graph\":[{\"@type\":\"WebPage\",\"@id\":\"https:\/\/ervadaninha.pt\/wp1\/index.php\/companhia\/\",\"url\":\"https:\/\/ervadaninha.pt\/wp1\/index.php\/companhia\/\",\"name\":\"Companhia - Erva Daninha\",\"isPartOf\":{\"@id\":\"https:\/\/ervadaninha.pt\/wp1\/#website\"},\"datePublished\":\"2015-05-24T19:03:55+00:00\",\"dateModified\":\"2023-11-17T16:56:33+00:00\",\"breadcrumb\":{\"@id\":\"https:\/\/ervadaninha.pt\/wp1\/index.php\/companhia\/#breadcrumb\"},\"inLanguage\":\"pt-PT\",\"potentialAction\":[{\"@type\":\"ReadAction\",\"target\":[\"https:\/\/ervadaninha.pt\/wp1\/index.php\/companhia\/\"]}]},{\"@type\":\"BreadcrumbList\",\"@id\":\"https:\/\/ervadaninha.pt\/wp1\/index.php\/companhia\/#breadcrumb\",\"itemListElement\":[{\"@type\":\"ListItem\",\"position\":1,\"name\":\"Home\",\"item\":\"https:\/\/ervadaninha.pt\/wp1\/\"},{\"@type\":\"ListItem\",\"position\":2,\"name\":\"Companhia\"}]},{\"@type\":\"WebSite\",\"@id\":\"https:\/\/ervadaninha.pt\/wp1\/#website\",\"url\":\"https:\/\/ervadaninha.pt\/wp1\/\",\"name\":\"Erva Daninha\",\"description\":\"Erva Daninha\",\"publisher\":{\"@id\":\"https:\/\/ervadaninha.pt\/wp1\/#organization\"},\"potentialAction\":[{\"@type\":\"SearchAction\",\"target\":{\"@type\":\"EntryPoint\",\"urlTemplate\":\"https:\/\/ervadaninha.pt\/wp1\/?s={search_term_string}\"},\"query-input\":\"required name=search_term_string\"}],\"inLanguage\":\"pt-PT\"},{\"@type\":\"Organization\",\"@id\":\"https:\/\/ervadaninha.pt\/wp1\/#organization\",\"name\":\"Erva Daninha\",\"url\":\"https:\/\/ervadaninha.pt\/wp1\/\",\"logo\":{\"@type\":\"ImageObject\",\"inLanguage\":\"pt-PT\",\"@id\":\"https:\/\/ervadaninha.pt\/wp1\/#\/schema\/logo\/image\/\",\"url\":\"https:\/\/ervadaninha.pt\/wp1\/wp-content\/uploads\/2023\/09\/cropped-ervadaninha_preto_s.png\",\"contentUrl\":\"https:\/\/ervadaninha.pt\/wp1\/wp-content\/uploads\/2023\/09\/cropped-ervadaninha_preto_s.png\",\"width\":100,\"height\":49,\"caption\":\"Erva Daninha\"},\"image\":{\"@id\":\"https:\/\/ervadaninha.pt\/wp1\/#\/schema\/logo\/image\/\"}}]}<\/script>\n<!-- \/ Yoast SEO plugin. -->","yoast_head_json":{"title":"Companhia - Erva Daninha","robots":{"index":"index","follow":"follow","max-snippet":"max-snippet:-1","max-image-preview":"max-image-preview:large","max-video-preview":"max-video-preview:-1"},"canonical":"https:\/\/ervadaninha.pt\/wp1\/index.php\/companhia\/","og_locale":"pt_PT","og_type":"article","og_title":"Companhia - Erva Daninha","og_description":"A Erva Daninha tem como miss\u00e3o o desenvolvimento do circo contempor\u00e2neo explorando o di\u00e1logo entre diferentes express\u00f5es das artes performativas. Procura linguagens, est\u00e9ticas e dramaturgias atuais do circo atrav\u00e9s de [&hellip;]","og_url":"https:\/\/ervadaninha.pt\/wp1\/index.php\/companhia\/","og_site_name":"Erva Daninha","article_modified_time":"2023-11-17T16:56:33+00:00","og_image":[{"url":"http:\/\/ervadaninha.pt\/wp1\/wp-content\/uploads\/2015\/05\/pl_16-940x627.jpg"}],"twitter_card":"summary_large_image","twitter_misc":{"Tempo estimado de leitura":"4 minutos"},"schema":{"@context":"https:\/\/schema.org","@graph":[{"@type":"WebPage","@id":"https:\/\/ervadaninha.pt\/wp1\/index.php\/companhia\/","url":"https:\/\/ervadaninha.pt\/wp1\/index.php\/companhia\/","name":"Companhia - Erva Daninha","isPartOf":{"@id":"https:\/\/ervadaninha.pt\/wp1\/#website"},"datePublished":"2015-05-24T19:03:55+00:00","dateModified":"2023-11-17T16:56:33+00:00","breadcrumb":{"@id":"https:\/\/ervadaninha.pt\/wp1\/index.php\/companhia\/#breadcrumb"},"inLanguage":"pt-PT","potentialAction":[{"@type":"ReadAction","target":["https:\/\/ervadaninha.pt\/wp1\/index.php\/companhia\/"]}]},{"@type":"BreadcrumbList","@id":"https:\/\/ervadaninha.pt\/wp1\/index.php\/companhia\/#breadcrumb","itemListElement":[{"@type":"ListItem","position":1,"name":"Home","item":"https:\/\/ervadaninha.pt\/wp1\/"},{"@type":"ListItem","position":2,"name":"Companhia"}]},{"@type":"WebSite","@id":"https:\/\/ervadaninha.pt\/wp1\/#website","url":"https:\/\/ervadaninha.pt\/wp1\/","name":"Erva Daninha","description":"Erva Daninha","publisher":{"@id":"https:\/\/ervadaninha.pt\/wp1\/#organization"},"potentialAction":[{"@type":"SearchAction","target":{"@type":"EntryPoint","urlTemplate":"https:\/\/ervadaninha.pt\/wp1\/?s={search_term_string}"},"query-input":"required name=search_term_string"}],"inLanguage":"pt-PT"},{"@type":"Organization","@id":"https:\/\/ervadaninha.pt\/wp1\/#organization","name":"Erva Daninha","url":"https:\/\/ervadaninha.pt\/wp1\/","logo":{"@type":"ImageObject","inLanguage":"pt-PT","@id":"https:\/\/ervadaninha.pt\/wp1\/#\/schema\/logo\/image\/","url":"https:\/\/ervadaninha.pt\/wp1\/wp-content\/uploads\/2023\/09\/cropped-ervadaninha_preto_s.png","contentUrl":"https:\/\/ervadaninha.pt\/wp1\/wp-content\/uploads\/2023\/09\/cropped-ervadaninha_preto_s.png","width":100,"height":49,"caption":"Erva Daninha"},"image":{"@id":"https:\/\/ervadaninha.pt\/wp1\/#\/schema\/logo\/image\/"}}]}},"jetpack_sharing_enabled":false,"jetpack_shortlink":"https:\/\/wp.me\/P6f9xd-2u","_links":{"self":[{"href":"https:\/\/ervadaninha.pt\/wp1\/index.php\/wp-json\/wp\/v2\/pages\/154"}],"collection":[{"href":"https:\/\/ervadaninha.pt\/wp1\/index.php\/wp-json\/wp\/v2\/pages"}],"about":[{"href":"https:\/\/ervadaninha.pt\/wp1\/index.php\/wp-json\/wp\/v2\/types\/page"}],"author":[{"embeddable":true,"href":"https:\/\/ervadaninha.pt\/wp1\/index.php\/wp-json\/wp\/v2\/users\/1"}],"replies":[{"embeddable":true,"href":"https:\/\/ervadaninha.pt\/wp1\/index.php\/wp-json\/wp\/v2\/comments?post=154"}],"version-history":[{"count":20,"href":"https:\/\/ervadaninha.pt\/wp1\/index.php\/wp-json\/wp\/v2\/pages\/154\/revisions"}],"predecessor-version":[{"id":2855,"href":"https:\/\/ervadaninha.pt\/wp1\/index.php\/wp-json\/wp\/v2\/pages\/154\/revisions\/2855"}],"wp:attachment":[{"href":"https:\/\/ervadaninha.pt\/wp1\/index.php\/wp-json\/wp\/v2\/media?parent=154"}],"wp:term":[{"taxonomy":"post_tag","embeddable":true,"href":"https:\/\/ervadaninha.pt\/wp1\/index.php\/wp-json\/wp\/v2\/tags?post=154"}],"curies":[{"name":"wp","href":"https:\/\/api.w.org\/{rel}","templated":true}]}}

<p style="font-weight: 400;">A Erva Daninha tem como missão o desenvolvimento do circo contemporâneo explorando o diálogo entre diferentes expressões das artes performativas. Procura linguagens, estéticas e dramaturgias atuais do circo através de projetos de programação, mediação e criação própria. A Erva Daninha surge em 2005 e é formalmente constituída em janeiro de 2006 no Porto. Integra o coletivo que funda a Fábrica da Rua da Alegria em 2005, um espaço gentilmente cedido pela ESMAE/IPP que habita até meados de 2015. Nesse ano torna-se companhia residente no Teatro Municipal do Porto através do programa Teatro em Campo Aberto, onde usufrui de espaços próprios até 2022. Em 2023, cria o Clube de Circo Contemporâneo, um espaço de residências de circo na cidade do Porto.</p>
<div class="jetpack-video-wrapper">
<div class="embed-vimeo" style="text-align: center;"><iframe loading="lazy" src="https://player.vimeo.com/video/496076662" width="764" height="430" frameborder="0" webkitallowfullscreen mozallowfullscreen allowfullscreen></iframe></div>
</div>
<p style="font-weight: 400;">A criação artística é um dos eixos da Companhia contando com mais de 27 produções para palco, espaço alternativo e espaço público. Os espetáculos da Companhia partem de temáticas sociais e políticas desenvolvidas sob um ponto de vista dramatúrgico próprio. Um trabalho coreográfico que cruza as técnicas de circo com situações, ações e objetos do quotidiano. Procura a inspiração na vida tentando reproduzi-la de forma extraordinária, mas procurando sempre manter uma narrativa, ainda que abstrata.  A programação é outro eixo da Erva Daninha. Em 2013, programa e produz “Corrente Alterna – mostra de criações incógnitas” no TeCA e espaço público envolvente, para o Teatro Nacional São João. Desde 2015, programa os artistas de circo nas “Quintas de Leitura” para o Teatro Municipal do Porto. Cria em 2016 o Trengo Festival de Circo, que se apresenta anualmente no Porto com apoio da Ágora, Teatro Municipal do Porto e do Coliseu do Porto Ageas. O apoio sustentado da República Portuguesa – Cultura/Direção Geral das Artes a partir de 2018 juntamente com a coprodução do Teatro Municipal do Porto permitem a criação da Mostra Estufa, um foco de programação anual dedicado a criações emergentes.</p>
<p><a href="https://ervadaninha.pt/wp1/wp-content/uploads/2015/05/pl_16.jpg"><img decoding="async" loading="lazy" class="aligncenter wp-image-278 size-large" src="https://ervadaninha.pt/wp1/wp-content/uploads/2015/05/pl_16-940x627.jpg" alt="pl_16" width="764" height="510" srcset="https://ervadaninha.pt/wp1/wp-content/uploads/2015/05/pl_16-940x627.jpg 940w, https://ervadaninha.pt/wp1/wp-content/uploads/2015/05/pl_16-620x413.jpg 620w, https://ervadaninha.pt/wp1/wp-content/uploads/2015/05/pl_16-300x200.jpg 300w, https://ervadaninha.pt/wp1/wp-content/uploads/2015/05/pl_16.jpg 960w" sizes="(max-width: 764px) 100vw, 764px" /></a></p>
<p style="text-align: center;"><a href="https://ervadaninha.pt/wp1/index.php/bios/">Bios/ Link</a></p>
<p style="font-weight: 400;">A Companhia dedica-se também à mediação através da formação e outras atividades. Entre 2011 e 2017, realiza semanalmente Treinos Abertos de Circo, aulas de malabarismo e aulas de aéreos. Em 2016, participa no projeto “Viver Viriato” e em 2017 no projeto de intervenção “Casa” com crianças e jovens do Lar Santo António em Viseu com financiamento do Município. Em 2019, desenvolve o projeto de intervenção “Esqueci!” com os jovens do centro educativo Santo António no Porto. Em 2021, participa no projeto comunitário “Aldear” com apoio de Norte 2020 e Portugal 2020. Em 2022/2023, a Erva Daninha é parceira no projeto Circo Elétrico, vencedor do EEGrants/Gulbenkian. Atualmente é promotor do projeto Q-Circo apoiado pela Fundação Calouste Gulbenkian e pela Fundação “la Caixa” através da iniciativa PARTIS &amp; Arts For Change. Até 2025 a Erva Daninha, o Centro Social Soutelo e a Solsal – Fundação Salesianos escrevem este projeto em conjunto com os jovens do Centro de Reabilitação da Areosa em Gondomar e o Centro Educativo Santo António no Porto.</p>
<p style="font-weight: 400;">A Companhia Erva Daninha é estrutura financiada pela República Portuguesa – Cultura / Direção-Geral das Artes através do programa de apoio sustentado quadrienal à programação no ciclo 2023 – 2026. Anteriormente conta com o apoio sustentado bienal à criação de circo entre 2018 e 2022.</p>

<p>A Erva Daninha tem como missão o desenvolvimento do circo contemporâneo explorando o diálogo entre diferentes expressões das artes performativas. Procura linguagens, estéticas e dramaturgias atuais do circo através de [&hellip;]</p>

<!-- This site is optimized with the Yoast SEO plugin v21.0 - https://yoast.com/wordpress/plugins/seo/ -->
<title>Companhia - Erva Daninha</title>
<meta name="robots" content="index, follow, max-snippet:-1, max-image-preview:large, max-video-preview:-1" />
<link rel="canonical" href="https://ervadaninha.pt/wp1/index.php/companhia/" />
<meta property="og:locale" content="pt_PT" />
<meta property="og:type" content="article" />
<meta property="og:title" content="Companhia - Erva Daninha" />
<meta property="og:description" content="A Erva Daninha tem como missão o desenvolvimento do circo contemporâneo explorando o diálogo entre diferentes expressões das artes performativas. Procura linguagens, estéticas e dramaturgias atuais do circo através de [&hellip;]" />
<meta property="og:url" content="https://ervadaninha.pt/wp1/index.php/companhia/" />
<meta property="og:site_name" content="Erva Daninha" />
<meta property="article:modified_time" content="2023-11-17T16:56:33+00:00" />
<meta property="og:image" content="http://ervadaninha.pt/wp1/wp-content/uploads/2015/05/pl_16-940x627.jpg" />
<meta name="twitter:card" content="summary_large_image" />
<meta name="twitter:label1" content="Tempo estimado de leitura" />
	<meta name="twitter:data1" content="4 minutos" />
<script type="application/ld+json" class="yoast-schema-graph">{"@context":"https://schema.org","@graph":[{"@type":"WebPage","@id":"https://ervadaninha.pt/wp1/index.php/companhia/","url":"https://ervadaninha.pt/wp1/index.php/companhia/","name":"Companhia - Erva Daninha","isPartOf":{"@id":"https://ervadaninha.pt/wp1/#website"},"datePublished":"2015-05-24T19:03:55+00:00","dateModified":"2023-11-17T16:56:33+00:00","breadcrumb":{"@id":"https://ervadaninha.pt/wp1/index.php/companhia/#breadcrumb"},"inLanguage":"pt-PT","potentialAction":[{"@type":"ReadAction","target":["https://ervadaninha.pt/wp1/index.php/companhia/"]}]},{"@type":"BreadcrumbList","@id":"https://ervadaninha.pt/wp1/index.php/companhia/#breadcrumb","itemListElement":[{"@type":"ListItem","position":1,"name":"Home","item":"https://ervadaninha.pt/wp1/"},{"@type":"ListItem","position":2,"name":"Companhia"}]},{"@type":"WebSite","@id":"https://ervadaninha.pt/wp1/#website","url":"https://ervadaninha.pt/wp1/","name":"Erva Daninha","description":"Erva Daninha","publisher":{"@id":"https://ervadaninha.pt/wp1/#organization"},"potentialAction":[{"@type":"SearchAction","target":{"@type":"EntryPoint","urlTemplate":"https://ervadaninha.pt/wp1/?s={search_term_string}"},"query-input":"required name=search_term_string"}],"inLanguage":"pt-PT"},{"@type":"Organization","@id":"https://ervadaninha.pt/wp1/#organization","name":"Erva Daninha","url":"https://ervadaninha.pt/wp1/","logo":{"@type":"ImageObject","inLanguage":"pt-PT","@id":"https://ervadaninha.pt/wp1/#/schema/logo/image/","url":"https://ervadaninha.pt/wp1/wp-content/uploads/2023/09/cropped-ervadaninha_preto_s.png","contentUrl":"https://ervadaninha.pt/wp1/wp-content/uploads/2023/09/cropped-ervadaninha_preto_s.png","width":100,"height":49,"caption":"Erva Daninha"},"image":{"@id":"https://ervadaninha.pt/wp1/#/schema/logo/image/"}}]}</script>
<!-- / Yoast SEO plugin. -->

A Erva Daninha tem como missão o desenvolvimento do circo contemporâneo explorando o diálogo entre diferentes expressões das artes performativas. Procura linguagens, estéticas e dramaturgias atuais do circo através de [&hellip;]
