{"id":1098,"date":"2018-12-11T16:03:58","date_gmt":"2018-12-11T16:03:58","guid":{"rendered":"http:\/\/ervadaninha.pt\/wp1\/?page_id=1098"},"modified":"2019-10-10T18:11:34","modified_gmt":"2019-10-10T18:11:34","slug":"vao","status":"publish","type":"page","link":"https:\/\/ervadaninha.pt\/wp1\/index.php\/vao\/","title":{"rendered":"V\u00c3O"},"content":{"rendered":"<ul>\n<li><strong>Coprodu\u00e7\u00e3o\u00a02018\/19 &#8211; Bolsa Cria\u00e7\u00e3o Rede 5\u00a0<\/strong>\n<div class=\"jetpack-video-wrapper\">\n<div class=\"embed-vimeo\" style=\"text-align: center;\"><iframe loading=\"lazy\" src=\"https:\/\/player.vimeo.com\/video\/365256723\" width=\"764\" height=\"430\" frameborder=\"0\" webkitallowfullscreen mozallowfullscreen allowfullscreen><\/iframe><\/div>\n<\/div>\n<ul>\n<li style=\"list-style-type: none;\"><\/li>\n<li style=\"list-style-type: none;\">Um percurso, um ciclo sem fim, sem in\u00edcio. Como vencer o \u201cV\u00c3O\u201d? Esta dist\u00e2ncia entre n\u00f3s, entre mim e eu pr\u00f3prio.<span style=\"color: #999999;\"><i>\u00a0 \u00a0 <\/i><\/span><\/li>\n<li style=\"list-style-type: none;\"><\/li>\n<li style=\"list-style-type: none;\"><span style=\"color: #999999;\"><i>A course, an endless cycle, no beginning. How to beat the &#8220;VAIN&#8221;? This distance between us, between me and myself.<\/i><\/span>\n<figure id=\"attachment_1191\" aria-describedby=\"caption-attachment-1191\" style=\"width: 3585px\" class=\"wp-caption alignright\"><img decoding=\"async\" loading=\"lazy\" class=\"wp-image-1191 size-full\" src=\"https:\/\/ervadaninha.pt\/wp1\/wp-content\/uploads\/2018\/12\/PSX_20191002_124023.jpg\" alt=\"\" width=\"3585\" height=\"1352\" srcset=\"https:\/\/ervadaninha.pt\/wp1\/wp-content\/uploads\/2018\/12\/PSX_20191002_124023.jpg 3585w, https:\/\/ervadaninha.pt\/wp1\/wp-content\/uploads\/2018\/12\/PSX_20191002_124023-620x234.jpg 620w, https:\/\/ervadaninha.pt\/wp1\/wp-content\/uploads\/2018\/12\/PSX_20191002_124023-768x290.jpg 768w, https:\/\/ervadaninha.pt\/wp1\/wp-content\/uploads\/2018\/12\/PSX_20191002_124023-940x354.jpg 940w, https:\/\/ervadaninha.pt\/wp1\/wp-content\/uploads\/2018\/12\/PSX_20191002_124023-300x113.jpg 300w\" sizes=\"(max-width: 3585px) 100vw, 3585px\" \/><figcaption id=\"caption-attachment-1191\" class=\"wp-caption-text\">\u00a9 Susana Chic\u00f3<\/figcaption><\/figure>\n<p>Encontramo-nos num espa\u00e7o entre o nada e o vazio, entre os extremos de um v\u00e3o que temos de superar. Encontramo-nos entre o que somos e o que projetamos ser. Partindo da simplicidade de uma estrada, o trabalho de pesquisa foca na ideia de percurso | erro | repeti\u00e7\u00e3o + a constante do equil\u00edbrio ou a procura dele. \u201cV\u00c3O\u201d inspira-se na sua pr\u00f3pria hist\u00f3ria. Uma longa caminhada onde, embora tendo f\u00e9 no livre arb\u00edtrio, somos engolidos pelas circunst\u00e2ncias das nossas vidas e dos outros. A apropria\u00e7\u00e3o da realidade para a cena em si transforma o projeto no desafio constante de sairmos da sala de ensaios, do palco, do circo e chegar apenas \u00e0 nota certa que afina e desafina.<\/p>\n<p><span style=\"color: #999999;\"><i>We find ourselves in a space between nothing and emptiness, between the extremes of a gap that we have to overcome. We stand between who we are and what we project to be. Starting from the simplicity of a road, the research work focuses on the idea of \u200b\u200ba route | mistake | repetition + the equilibrium constant or the search for it. \u201cVAIN\u201d is inspired by its own story. A long walk where, while having faith in free will, we are swallowed by the circumstances of our lives and others. The appropriation of reality for the scene itself turns the project into the constant challenge of leaving the rehearsal room, the stage, the circus and getting only the right note that tunes and untunes.<\/i><\/span><\/p>\n<div class=\"page\" title=\"Page 2\">\n<div class=\"layoutArea\">\n<div class=\"column\">\n<p style=\"text-align: left;\"><div id=\"metaslider-id-1168\" style=\"max-width: 600px; margin: 0 auto;\" class=\"ml-slider-3-36-0 metaslider metaslider-nivo metaslider-1168 ml-slider ms-theme-default\" role=\"region\" aria-roledescription=\"Slideshow\" aria-label=\"Slideshow\">\n    <div id=\"metaslider_container_1168\">\n        <div class='slider-wrapper theme-default'><div class='ribbon'><\/div><div id='metaslider_1168' class='nivoSlider'><img width=\"2000\" height=\"1278\" src=\"https:\/\/ervadaninha.pt\/wp1\/wp-content\/uploads\/2019\/10\/VAO_SusanaChico_H9.jpg\" class=\"slider-1168 slide-1184\" alt=\"\" decoding=\"async\" data-caption=\"\" data-thumb=\"\" title=\"\" rel=\"\" loading=\"lazy\" srcset=\"https:\/\/ervadaninha.pt\/wp1\/wp-content\/uploads\/2019\/10\/VAO_SusanaChico_H9.jpg 2000w, https:\/\/ervadaninha.pt\/wp1\/wp-content\/uploads\/2019\/10\/VAO_SusanaChico_H9-620x396.jpg 620w, https:\/\/ervadaninha.pt\/wp1\/wp-content\/uploads\/2019\/10\/VAO_SusanaChico_H9-768x491.jpg 768w, https:\/\/ervadaninha.pt\/wp1\/wp-content\/uploads\/2019\/10\/VAO_SusanaChico_H9-940x601.jpg 940w, https:\/\/ervadaninha.pt\/wp1\/wp-content\/uploads\/2019\/10\/VAO_SusanaChico_H9-300x192.jpg 300w\" sizes=\"(max-width: 2000px) 100vw, 2000px\" \/><img width=\"2000\" height=\"1333\" src=\"https:\/\/ervadaninha.pt\/wp1\/wp-content\/uploads\/2019\/10\/VAO_SusanaChico_H4.jpg\" class=\"slider-1168 slide-1183\" alt=\"\" decoding=\"async\" data-caption=\"\" data-thumb=\"\" title=\"\" rel=\"\" loading=\"lazy\" srcset=\"https:\/\/ervadaninha.pt\/wp1\/wp-content\/uploads\/2019\/10\/VAO_SusanaChico_H4.jpg 2000w, https:\/\/ervadaninha.pt\/wp1\/wp-content\/uploads\/2019\/10\/VAO_SusanaChico_H4-620x413.jpg 620w, https:\/\/ervadaninha.pt\/wp1\/wp-content\/uploads\/2019\/10\/VAO_SusanaChico_H4-768x512.jpg 768w, https:\/\/ervadaninha.pt\/wp1\/wp-content\/uploads\/2019\/10\/VAO_SusanaChico_H4-940x627.jpg 940w, https:\/\/ervadaninha.pt\/wp1\/wp-content\/uploads\/2019\/10\/VAO_SusanaChico_H4-300x200.jpg 300w\" sizes=\"(max-width: 2000px) 100vw, 2000px\" \/><img width=\"2500\" height=\"1613\" src=\"https:\/\/ervadaninha.pt\/wp1\/wp-content\/uploads\/2019\/10\/VAO_SusanaChico_H7-1.jpg\" class=\"slider-1168 slide-1181\" alt=\"\" decoding=\"async\" data-caption=\"\" data-thumb=\"\" title=\"\" rel=\"\" loading=\"lazy\" srcset=\"https:\/\/ervadaninha.pt\/wp1\/wp-content\/uploads\/2019\/10\/VAO_SusanaChico_H7-1.jpg 2500w, https:\/\/ervadaninha.pt\/wp1\/wp-content\/uploads\/2019\/10\/VAO_SusanaChico_H7-1-620x400.jpg 620w, https:\/\/ervadaninha.pt\/wp1\/wp-content\/uploads\/2019\/10\/VAO_SusanaChico_H7-1-768x496.jpg 768w, https:\/\/ervadaninha.pt\/wp1\/wp-content\/uploads\/2019\/10\/VAO_SusanaChico_H7-1-940x606.jpg 940w, https:\/\/ervadaninha.pt\/wp1\/wp-content\/uploads\/2019\/10\/VAO_SusanaChico_H7-1-300x194.jpg 300w\" sizes=\"(max-width: 2500px) 100vw, 2500px\" \/><img width=\"2000\" height=\"1333\" src=\"https:\/\/ervadaninha.pt\/wp1\/wp-content\/uploads\/2019\/10\/VAO_SusanaChico_H8-1.jpg\" class=\"slider-1168 slide-1179\" alt=\"\" decoding=\"async\" data-caption=\"\" data-thumb=\"\" title=\"\" rel=\"\" loading=\"lazy\" srcset=\"https:\/\/ervadaninha.pt\/wp1\/wp-content\/uploads\/2019\/10\/VAO_SusanaChico_H8-1.jpg 2000w, https:\/\/ervadaninha.pt\/wp1\/wp-content\/uploads\/2019\/10\/VAO_SusanaChico_H8-1-620x413.jpg 620w, https:\/\/ervadaninha.pt\/wp1\/wp-content\/uploads\/2019\/10\/VAO_SusanaChico_H8-1-768x512.jpg 768w, https:\/\/ervadaninha.pt\/wp1\/wp-content\/uploads\/2019\/10\/VAO_SusanaChico_H8-1-940x627.jpg 940w, https:\/\/ervadaninha.pt\/wp1\/wp-content\/uploads\/2019\/10\/VAO_SusanaChico_H8-1-300x200.jpg 300w\" sizes=\"(max-width: 2000px) 100vw, 2000px\" \/><img width=\"2000\" height=\"1333\" src=\"https:\/\/ervadaninha.pt\/wp1\/wp-content\/uploads\/2019\/10\/VAO_SusanaChico_H3-1.jpg\" class=\"slider-1168 slide-1178\" alt=\"\" decoding=\"async\" data-caption=\"\" data-thumb=\"\" title=\"\" rel=\"\" loading=\"lazy\" srcset=\"https:\/\/ervadaninha.pt\/wp1\/wp-content\/uploads\/2019\/10\/VAO_SusanaChico_H3-1.jpg 2000w, https:\/\/ervadaninha.pt\/wp1\/wp-content\/uploads\/2019\/10\/VAO_SusanaChico_H3-1-620x413.jpg 620w, https:\/\/ervadaninha.pt\/wp1\/wp-content\/uploads\/2019\/10\/VAO_SusanaChico_H3-1-768x512.jpg 768w, https:\/\/ervadaninha.pt\/wp1\/wp-content\/uploads\/2019\/10\/VAO_SusanaChico_H3-1-940x627.jpg 940w, https:\/\/ervadaninha.pt\/wp1\/wp-content\/uploads\/2019\/10\/VAO_SusanaChico_H3-1-300x200.jpg 300w\" sizes=\"(max-width: 2000px) 100vw, 2000px\" \/><img width=\"3000\" height=\"1966\" src=\"https:\/\/ervadaninha.pt\/wp1\/wp-content\/uploads\/2019\/10\/VAO_SusanaChico_H6-2.jpg\" class=\"slider-1168 slide-1177\" alt=\"\" decoding=\"async\" data-caption=\"\" data-thumb=\"\" title=\"\" rel=\"\" loading=\"lazy\" srcset=\"https:\/\/ervadaninha.pt\/wp1\/wp-content\/uploads\/2019\/10\/VAO_SusanaChico_H6-2.jpg 3000w, https:\/\/ervadaninha.pt\/wp1\/wp-content\/uploads\/2019\/10\/VAO_SusanaChico_H6-2-620x406.jpg 620w, https:\/\/ervadaninha.pt\/wp1\/wp-content\/uploads\/2019\/10\/VAO_SusanaChico_H6-2-768x503.jpg 768w, https:\/\/ervadaninha.pt\/wp1\/wp-content\/uploads\/2019\/10\/VAO_SusanaChico_H6-2-940x616.jpg 940w, https:\/\/ervadaninha.pt\/wp1\/wp-content\/uploads\/2019\/10\/VAO_SusanaChico_H6-2-300x197.jpg 300w\" sizes=\"(max-width: 3000px) 100vw, 3000px\" \/><\/div><\/div>\n        \n    <\/div>\n<\/div><\/p>\n<p style=\"text-align: center;\">\u00a9 Susana Chic\u00f3<\/p>\n<p>Uma investiga\u00e7\u00e3o sobre o percurso, o trajeto e a transforma\u00e7\u00e3o do corpo nas adversidades do caminho. Uma estrada congestionada de informa\u00e7\u00e3o, ilus\u00e3o e tempestades interiores. Um espet\u00e1culo de circo contempor\u00e2neo que atrav\u00e9s da acrobacia e manipula\u00e7\u00e3o de objetos, desafia o espetador num ambiente intenso e imprevis\u00edvel.<\/p>\n<p><span style=\"color: #999999;\"><i>An investigation of the route, the path and the transformation of the body in the adversities of the way. A road congested with information, illusion and inner storms. A contemporary circus show that, through acrobatics and object manipulation, challenges the viewer in an intense and unpredictable environment.<\/i><\/span><\/p>\n<\/div>\n<\/div>\n<\/div>\n<div id=\"metaslider-id-1185\" style=\"max-width: 400px; margin: 0 auto;\" class=\"ml-slider-3-36-0 metaslider metaslider-nivo metaslider-1185 ml-slider ms-theme-default\" role=\"region\" aria-roledescription=\"Slideshow\" aria-label=\"Slideshow\">\n    <div id=\"metaslider_container_1185\">\n        <div class='slider-wrapper theme-default'><div class='ribbon'><\/div><div id='metaslider_1185' class='nivoSlider'><img width=\"1409\" height=\"2000\" src=\"https:\/\/ervadaninha.pt\/wp1\/wp-content\/uploads\/2019\/10\/VAO_SusanaChico_V1.jpg\" class=\"slider-1185 slide-1186\" alt=\"\" decoding=\"async\" data-caption=\"\" data-thumb=\"\" title=\"\" rel=\"\" loading=\"lazy\" srcset=\"https:\/\/ervadaninha.pt\/wp1\/wp-content\/uploads\/2019\/10\/VAO_SusanaChico_V1.jpg 1409w, https:\/\/ervadaninha.pt\/wp1\/wp-content\/uploads\/2019\/10\/VAO_SusanaChico_V1-620x880.jpg 620w, https:\/\/ervadaninha.pt\/wp1\/wp-content\/uploads\/2019\/10\/VAO_SusanaChico_V1-768x1090.jpg 768w, https:\/\/ervadaninha.pt\/wp1\/wp-content\/uploads\/2019\/10\/VAO_SusanaChico_V1-940x1334.jpg 940w, https:\/\/ervadaninha.pt\/wp1\/wp-content\/uploads\/2019\/10\/VAO_SusanaChico_V1-211x300.jpg 211w\" sizes=\"(max-width: 1409px) 100vw, 1409px\" \/><img width=\"1265\" height=\"2000\" src=\"https:\/\/ervadaninha.pt\/wp1\/wp-content\/uploads\/2019\/10\/VAO_SusanaChico_V4.jpg\" class=\"slider-1185 slide-1187\" alt=\"\" decoding=\"async\" data-caption=\"\" data-thumb=\"\" title=\"\" rel=\"\" loading=\"lazy\" srcset=\"https:\/\/ervadaninha.pt\/wp1\/wp-content\/uploads\/2019\/10\/VAO_SusanaChico_V4.jpg 1265w, https:\/\/ervadaninha.pt\/wp1\/wp-content\/uploads\/2019\/10\/VAO_SusanaChico_V4-620x980.jpg 620w, https:\/\/ervadaninha.pt\/wp1\/wp-content\/uploads\/2019\/10\/VAO_SusanaChico_V4-768x1214.jpg 768w, https:\/\/ervadaninha.pt\/wp1\/wp-content\/uploads\/2019\/10\/VAO_SusanaChico_V4-940x1486.jpg 940w, https:\/\/ervadaninha.pt\/wp1\/wp-content\/uploads\/2019\/10\/VAO_SusanaChico_V4-190x300.jpg 190w\" sizes=\"(max-width: 1265px) 100vw, 1265px\" \/><img width=\"1333\" height=\"2000\" src=\"https:\/\/ervadaninha.pt\/wp1\/wp-content\/uploads\/2019\/10\/VAO_SusanaChico_V3.jpg\" class=\"slider-1185 slide-1188\" alt=\"\" decoding=\"async\" data-caption=\"\" data-thumb=\"\" title=\"\" rel=\"\" loading=\"lazy\" srcset=\"https:\/\/ervadaninha.pt\/wp1\/wp-content\/uploads\/2019\/10\/VAO_SusanaChico_V3.jpg 1333w, https:\/\/ervadaninha.pt\/wp1\/wp-content\/uploads\/2019\/10\/VAO_SusanaChico_V3-620x930.jpg 620w, https:\/\/ervadaninha.pt\/wp1\/wp-content\/uploads\/2019\/10\/VAO_SusanaChico_V3-768x1152.jpg 768w, https:\/\/ervadaninha.pt\/wp1\/wp-content\/uploads\/2019\/10\/VAO_SusanaChico_V3-940x1410.jpg 940w, https:\/\/ervadaninha.pt\/wp1\/wp-content\/uploads\/2019\/10\/VAO_SusanaChico_V3-200x300.jpg 200w\" sizes=\"(max-width: 1333px) 100vw, 1333px\" \/><img width=\"1394\" height=\"2000\" src=\"https:\/\/ervadaninha.pt\/wp1\/wp-content\/uploads\/2019\/10\/VAO_SusanaChico_V2.jpg\" class=\"slider-1185 slide-1189\" alt=\"\" decoding=\"async\" data-caption=\"\" data-thumb=\"\" title=\"\" rel=\"\" loading=\"lazy\" srcset=\"https:\/\/ervadaninha.pt\/wp1\/wp-content\/uploads\/2019\/10\/VAO_SusanaChico_V2.jpg 1394w, https:\/\/ervadaninha.pt\/wp1\/wp-content\/uploads\/2019\/10\/VAO_SusanaChico_V2-620x890.jpg 620w, https:\/\/ervadaninha.pt\/wp1\/wp-content\/uploads\/2019\/10\/VAO_SusanaChico_V2-768x1102.jpg 768w, https:\/\/ervadaninha.pt\/wp1\/wp-content\/uploads\/2019\/10\/VAO_SusanaChico_V2-940x1349.jpg 940w, https:\/\/ervadaninha.pt\/wp1\/wp-content\/uploads\/2019\/10\/VAO_SusanaChico_V2-209x300.jpg 209w\" sizes=\"(max-width: 1394px) 100vw, 1394px\" \/><\/div><\/div>\n        \n    <\/div>\n<\/div>\n<p style=\"text-align: center;\">\u00a9 Susana Chic\u00f3<\/p>\n<p>Dire\u00e7\u00e3o Art\u00edstica\u00a0<span style=\"color: #999999;\"><em>Artistic Direction\u00a0<\/em><\/span>VASCO GOMES | Assist\u00eancia de dire\u00e7\u00e3o e conce\u00e7\u00e3o pl\u00e1stica\u00a0<span style=\"color: #999999;\"><em>Artistic Direction and plastic design<\/em><\/span>\u00a0JULIETA GUIMAR\u00c3ES | Cocria\u00e7\u00e3o e Interpreta\u00e7\u00e3o\u00a0<em><span style=\"color: #999999;\">Co-Creation and interpretation<\/span><\/em>\u00a0 LEONARDO FERREIRA e VASCO GOMES | Composi\u00e7\u00e3o Sonora\u00a0<span style=\"color: #999999;\"><em>Sound composition\u00a0<\/em><\/span>BALTAZAR MOLINA | Ilumina\u00e7\u00e3o\u00a0<span style=\"color: #999999;\"><em>Lightning<\/em><\/span>\u00a0ROMEU CORREIA GUIMAR\u00c3ES | Fotografia\u00a0<span style=\"color: #999999;\"><em>Photo<\/em><\/span>\u00a0SUSANA CHIC\u00d3 | V\u00eddeo ASHLEIGH GEORGIO<\/p>\n<p><strong>Coprodu\u00e7\u00e3o\u00a0<\/strong><span style=\"color: #999999;\"><em>Coproduction<\/em><\/span>\u00a0\u2013 Bolsa Rede 5 Sentidos: Centro de Arte de Ovar, Centro Cultural Vila Flor, Espa\u00e7o do Tempo, Teatro Acad\u00e9mico Gil Vicente, Teatro Micaelense, Teatro Municipal da Guarda, Teatro Municipal do Porto, Teatro Nacional S\u00e3o Jo\u00e3o, Teatro Viriato, Teatro Virg\u00ednia<\/p>\n<p><strong>Apoio\u00a0<\/strong><span style=\"color: #999999;\"><em>Support<\/em><\/span><strong>\u00a0&#8211;\u00a0<\/strong>Rep\u00fablica Portuguesa &#8211; Cultura\/Dire\u00e7\u00e3o-Geral das Artes<\/li>\n<\/ul>\n<\/li>\n<\/ul>\n","protected":false},"excerpt":{"rendered":"<p>Coprodu\u00e7\u00e3o\u00a02018\/19 &#8211; Bolsa Cria\u00e7\u00e3o Rede 5\u00a0 Um percurso, um ciclo sem fim, sem in\u00edcio. Como vencer o \u201cV\u00c3O\u201d? Esta dist\u00e2ncia entre n\u00f3s, entre mim e eu pr\u00f3prio.\u00a0 \u00a0 A course, [&hellip;]<\/p>\n","protected":false},"author":1,"featured_media":1150,"parent":0,"menu_order":0,"comment_status":"closed","ping_status":"closed","template":"","meta":{"_themeisle_gutenberg_block_has_review":false,"jetpack_post_was_ever_published":false,"footnotes":""},"tags":[33],"yoast_head":"<!-- This site is optimized with the Yoast SEO plugin v21.0 - https:\/\/yoast.com\/wordpress\/plugins\/seo\/ -->\n<title>V\u00c3O - Erva Daninha<\/title>\n<meta name=\"robots\" content=\"index, follow, max-snippet:-1, max-image-preview:large, max-video-preview:-1\" \/>\n<link rel=\"canonical\" href=\"https:\/\/ervadaninha.pt\/wp1\/index.php\/vao\/\" \/>\n<meta property=\"og:locale\" content=\"pt_PT\" \/>\n<meta property=\"og:type\" content=\"article\" \/>\n<meta property=\"og:title\" content=\"V\u00c3O - Erva Daninha\" \/>\n<meta property=\"og:description\" content=\"Coprodu\u00e7\u00e3o\u00a02018\/19 &#8211; Bolsa Cria\u00e7\u00e3o Rede 5\u00a0 Um percurso, um ciclo sem fim, sem in\u00edcio. Como vencer o \u201cV\u00c3O\u201d? Esta dist\u00e2ncia entre n\u00f3s, entre mim e eu pr\u00f3prio.\u00a0 \u00a0 A course, [&hellip;]\" \/>\n<meta property=\"og:url\" content=\"https:\/\/ervadaninha.pt\/wp1\/index.php\/vao\/\" \/>\n<meta property=\"og:site_name\" content=\"Erva Daninha\" \/>\n<meta property=\"article:modified_time\" content=\"2019-10-10T18:11:34+00:00\" \/>\n<meta property=\"og:image\" content=\"https:\/\/ervadaninha.pt\/wp1\/wp-content\/uploads\/2018\/12\/VAO_SusanaChico_postal.jpg\" \/>\n\t<meta property=\"og:image:width\" content=\"2869\" \/>\n\t<meta property=\"og:image:height\" content=\"1989\" \/>\n\t<meta property=\"og:image:type\" content=\"image\/jpeg\" \/>\n<meta name=\"twitter:card\" content=\"summary_large_image\" \/>\n<meta name=\"twitter:label1\" content=\"Tempo estimado de leitura\" \/>\n\t<meta name=\"twitter:data1\" content=\"3 minutos\" \/>\n<script type=\"application\/ld+json\" class=\"yoast-schema-graph\">{\"@context\":\"https:\/\/schema.org\",\"@graph\":[{\"@type\":\"WebPage\",\"@id\":\"https:\/\/ervadaninha.pt\/wp1\/index.php\/vao\/\",\"url\":\"https:\/\/ervadaninha.pt\/wp1\/index.php\/vao\/\",\"name\":\"V\u00c3O - Erva Daninha\",\"isPartOf\":{\"@id\":\"https:\/\/ervadaninha.pt\/wp1\/#website\"},\"datePublished\":\"2018-12-11T16:03:58+00:00\",\"dateModified\":\"2019-10-10T18:11:34+00:00\",\"breadcrumb\":{\"@id\":\"https:\/\/ervadaninha.pt\/wp1\/index.php\/vao\/#breadcrumb\"},\"inLanguage\":\"pt-PT\",\"potentialAction\":[{\"@type\":\"ReadAction\",\"target\":[\"https:\/\/ervadaninha.pt\/wp1\/index.php\/vao\/\"]}]},{\"@type\":\"BreadcrumbList\",\"@id\":\"https:\/\/ervadaninha.pt\/wp1\/index.php\/vao\/#breadcrumb\",\"itemListElement\":[{\"@type\":\"ListItem\",\"position\":1,\"name\":\"Home\",\"item\":\"https:\/\/ervadaninha.pt\/wp1\/\"},{\"@type\":\"ListItem\",\"position\":2,\"name\":\"V\u00c3O\"}]},{\"@type\":\"WebSite\",\"@id\":\"https:\/\/ervadaninha.pt\/wp1\/#website\",\"url\":\"https:\/\/ervadaninha.pt\/wp1\/\",\"name\":\"Erva Daninha\",\"description\":\"Erva Daninha\",\"publisher\":{\"@id\":\"https:\/\/ervadaninha.pt\/wp1\/#organization\"},\"potentialAction\":[{\"@type\":\"SearchAction\",\"target\":{\"@type\":\"EntryPoint\",\"urlTemplate\":\"https:\/\/ervadaninha.pt\/wp1\/?s={search_term_string}\"},\"query-input\":\"required name=search_term_string\"}],\"inLanguage\":\"pt-PT\"},{\"@type\":\"Organization\",\"@id\":\"https:\/\/ervadaninha.pt\/wp1\/#organization\",\"name\":\"Erva Daninha\",\"url\":\"https:\/\/ervadaninha.pt\/wp1\/\",\"logo\":{\"@type\":\"ImageObject\",\"inLanguage\":\"pt-PT\",\"@id\":\"https:\/\/ervadaninha.pt\/wp1\/#\/schema\/logo\/image\/\",\"url\":\"https:\/\/ervadaninha.pt\/wp1\/wp-content\/uploads\/2023\/09\/cropped-ervadaninha_preto_s.png\",\"contentUrl\":\"https:\/\/ervadaninha.pt\/wp1\/wp-content\/uploads\/2023\/09\/cropped-ervadaninha_preto_s.png\",\"width\":100,\"height\":49,\"caption\":\"Erva Daninha\"},\"image\":{\"@id\":\"https:\/\/ervadaninha.pt\/wp1\/#\/schema\/logo\/image\/\"}}]}<\/script>\n<!-- \/ Yoast SEO plugin. -->","yoast_head_json":{"title":"V\u00c3O - Erva Daninha","robots":{"index":"index","follow":"follow","max-snippet":"max-snippet:-1","max-image-preview":"max-image-preview:large","max-video-preview":"max-video-preview:-1"},"canonical":"https:\/\/ervadaninha.pt\/wp1\/index.php\/vao\/","og_locale":"pt_PT","og_type":"article","og_title":"V\u00c3O - Erva Daninha","og_description":"Coprodu\u00e7\u00e3o\u00a02018\/19 &#8211; Bolsa Cria\u00e7\u00e3o Rede 5\u00a0 Um percurso, um ciclo sem fim, sem in\u00edcio. Como vencer o \u201cV\u00c3O\u201d? Esta dist\u00e2ncia entre n\u00f3s, entre mim e eu pr\u00f3prio.\u00a0 \u00a0 A course, [&hellip;]","og_url":"https:\/\/ervadaninha.pt\/wp1\/index.php\/vao\/","og_site_name":"Erva Daninha","article_modified_time":"2019-10-10T18:11:34+00:00","og_image":[{"width":2869,"height":1989,"url":"https:\/\/ervadaninha.pt\/wp1\/wp-content\/uploads\/2018\/12\/VAO_SusanaChico_postal.jpg","type":"image\/jpeg"}],"twitter_card":"summary_large_image","twitter_misc":{"Tempo estimado de leitura":"3 minutos"},"schema":{"@context":"https:\/\/schema.org","@graph":[{"@type":"WebPage","@id":"https:\/\/ervadaninha.pt\/wp1\/index.php\/vao\/","url":"https:\/\/ervadaninha.pt\/wp1\/index.php\/vao\/","name":"V\u00c3O - Erva Daninha","isPartOf":{"@id":"https:\/\/ervadaninha.pt\/wp1\/#website"},"datePublished":"2018-12-11T16:03:58+00:00","dateModified":"2019-10-10T18:11:34+00:00","breadcrumb":{"@id":"https:\/\/ervadaninha.pt\/wp1\/index.php\/vao\/#breadcrumb"},"inLanguage":"pt-PT","potentialAction":[{"@type":"ReadAction","target":["https:\/\/ervadaninha.pt\/wp1\/index.php\/vao\/"]}]},{"@type":"BreadcrumbList","@id":"https:\/\/ervadaninha.pt\/wp1\/index.php\/vao\/#breadcrumb","itemListElement":[{"@type":"ListItem","position":1,"name":"Home","item":"https:\/\/ervadaninha.pt\/wp1\/"},{"@type":"ListItem","position":2,"name":"V\u00c3O"}]},{"@type":"WebSite","@id":"https:\/\/ervadaninha.pt\/wp1\/#website","url":"https:\/\/ervadaninha.pt\/wp1\/","name":"Erva Daninha","description":"Erva Daninha","publisher":{"@id":"https:\/\/ervadaninha.pt\/wp1\/#organization"},"potentialAction":[{"@type":"SearchAction","target":{"@type":"EntryPoint","urlTemplate":"https:\/\/ervadaninha.pt\/wp1\/?s={search_term_string}"},"query-input":"required name=search_term_string"}],"inLanguage":"pt-PT"},{"@type":"Organization","@id":"https:\/\/ervadaninha.pt\/wp1\/#organization","name":"Erva Daninha","url":"https:\/\/ervadaninha.pt\/wp1\/","logo":{"@type":"ImageObject","inLanguage":"pt-PT","@id":"https:\/\/ervadaninha.pt\/wp1\/#\/schema\/logo\/image\/","url":"https:\/\/ervadaninha.pt\/wp1\/wp-content\/uploads\/2023\/09\/cropped-ervadaninha_preto_s.png","contentUrl":"https:\/\/ervadaninha.pt\/wp1\/wp-content\/uploads\/2023\/09\/cropped-ervadaninha_preto_s.png","width":100,"height":49,"caption":"Erva Daninha"},"image":{"@id":"https:\/\/ervadaninha.pt\/wp1\/#\/schema\/logo\/image\/"}}]}},"jetpack_sharing_enabled":false,"jetpack_shortlink":"https:\/\/wp.me\/P6f9xd-hI","_links":{"self":[{"href":"https:\/\/ervadaninha.pt\/wp1\/index.php\/wp-json\/wp\/v2\/pages\/1098"}],"collection":[{"href":"https:\/\/ervadaninha.pt\/wp1\/index.php\/wp-json\/wp\/v2\/pages"}],"about":[{"href":"https:\/\/ervadaninha.pt\/wp1\/index.php\/wp-json\/wp\/v2\/types\/page"}],"author":[{"embeddable":true,"href":"https:\/\/ervadaninha.pt\/wp1\/index.php\/wp-json\/wp\/v2\/users\/1"}],"replies":[{"embeddable":true,"href":"https:\/\/ervadaninha.pt\/wp1\/index.php\/wp-json\/wp\/v2\/comments?post=1098"}],"version-history":[{"count":24,"href":"https:\/\/ervadaninha.pt\/wp1\/index.php\/wp-json\/wp\/v2\/pages\/1098\/revisions"}],"predecessor-version":[{"id":1212,"href":"https:\/\/ervadaninha.pt\/wp1\/index.php\/wp-json\/wp\/v2\/pages\/1098\/revisions\/1212"}],"wp:featuredmedia":[{"embeddable":true,"href":"https:\/\/ervadaninha.pt\/wp1\/index.php\/wp-json\/wp\/v2\/media\/1150"}],"wp:attachment":[{"href":"https:\/\/ervadaninha.pt\/wp1\/index.php\/wp-json\/wp\/v2\/media?parent=1098"}],"wp:term":[{"taxonomy":"post_tag","embeddable":true,"href":"https:\/\/ervadaninha.pt\/wp1\/index.php\/wp-json\/wp\/v2\/tags?post=1098"}],"curies":[{"name":"wp","href":"https:\/\/api.w.org\/{rel}","templated":true}]}}